000
CXUS55 KEAX 310736
CF6MKC
PRELIMINARY LOCAL CLIMATOLOGICAL DATA (WS FORM: F-6)

                                          STATION:   Downtown Kansas City MO
                                          MONTH:     JULY
                                          YEAR:      2014
                                          LATITUDE:   39  7 N
                                          LONGITUDE:  94 36 W

  TEMPERATURE IN F:       :PCPN:    SNOW:  WIND      :SUNSHINE: SKY     :PK WND
================================================================================
1   2   3   4   5  6A  6B    7    8   9   10  11  12  13   14  15   16   17  18
                                     12Z  AVG MX 2MIN
DY MAX MIN AVG DEP HDD CDD  WTR  SNW DPTH SPD SPD DIR MIN PSBL S-S WX    SPD DR
================================================================================

 1  85  68  77  -3   0  12 0.01    M    M  8.2 17 270   M    M   1        27 270
 2  75  61  68 -12   0   3    T    M    M  7.0 22 320   M    M   4        29 310
 3  82  57  70 -10   0   5 0.00    M    M  3.1 10  10   M    M   0        16  30
 4  83  64  74  -6   0   9 0.00    M    M  6.1 15 190   M    M   0        21 120
 5  86  72  79  -1   0  14 0.10    M    M 11.1 21 200   M    M   3 38     29 210
 6  90  74  82   1   0  17    T    M    M 13.5 28 200   M    M   3        37 210
 7  93  68  81   0   0  16 1.56    M    M  8.5 33  10   M    M   1 138    49 360
 8  84  69  77  -4   0  12 0.01    M    M  7.0 16 320   M    M   1        21 330
 9  85  66  76  -5   0  11 0.00    M    M  4.7 13  70   M    M   0        15 130
10  85  71  78  -3   0  13 0.00    M    M  8.8 16 110   M    M   2        22 130
11  91  70  81   0   0  16 0.00    M    M  9.8 18 210   M    M   2        23 220
12  95  79  87   6   0  22 0.00    M    M 12.1 21 210   M    M   0        26 210
13  88  72  80  -1   0  15 0.42    M    M  6.1 15 210   M    M   4 13     21 210
14  80  63  72  -9   0   7 0.17    M    M  6.4 20 350   M    M   3 1      26 350
15  76  58  67 -14   0   2 0.00    M    M  6.1 16 360   M    M   2        21  30
16  79  58  69 -12   0   4 0.00    M    M  3.3 10  40   M    M   3        16 340
17  78  60  69 -12   0   4 0.00    M    M  4.9 12 160   M    M   5        18 130
18  80  63  72  -9   0   7 0.00    M    M  5.2 13 120   M    M   3        21 140
19  82  64  73  -8   0   8 0.00    M    M  6.8 15 190   M    M   2        19 190
20  85  66  76  -5   0  11 0.00    M    M 10.1 18 180   M    M   0        23 170
21  94  74  84   3   0  19 0.00    M    M 11.2 20 200   M    M   0        25 210
22  99  78  89   8   0  24 0.00    M    M  8.6 16  20   M    M   0 8      20  20
23  89  73  81   0   0  16 0.00    M    M 10.3 18  30   M    M   2        23  20
24  84  67  76  -5   0  11 0.00    M    M  8.6 17 130   M    M   0        23 130
25  98  73  86   5   0  21 0.00    M    M 14.8 25 200   M    M   0        32 200
26  92  82  87   6   0  22 0.02    M    M  9.3 20 210   M    M   0 3      25 220
27  89  70  80  -1   0  15 0.00    M    M  8.4 20 320   M    M   1 8      28 350
28  82  63  73  -8   0   8 0.00    M    M  6.1 14  10   M    M   2        17  20
29  84  63  74  -7   0   9 0.00    M    M  4.1 13  20   M    M   1        18  10
30  82  67  75  -6   0  10 0.00    M    M  3.8 10  80   M    M   3        14  80
================================================================================
SM 2575 2033         0 363  2.29    M    234.0          M       48
================================================================================
AV 85.8 67.8                               7.8 FASTST   M    M   2    MAX(MPH)
                                 MISC ---->  # 33  10               # 49  360
================================================================================
NOTES:
# LAST OF SEVERAL OCCURRENCES

COLUMN 17 PEAK WIND IN M.P.H.

PRELIMINARY LOCAL CLIMATOLOGICAL DATA (WS FORM: F-6) , PAGE 2

                                          STATION:  Downtown Kansas City MO
                                          MONTH:    JULY
                                          YEAR:     2014
                                          LATITUDE:   39  7 N
                                          LONGITUDE:  94 36 W

[TEMPERATURE DATA]      [PRECIPITATION DATA]       SYMBOLS USED IN COLUMN 16

AVERAGE MONTHLY: 76.8   TOTAL FOR MONTH:   2.29    1 = FOG OR MIST
DPTR FM NORMAL:  -4.0   DPTR FM NORMAL:   -1.57    2 = FOG REDUCING VISIBILITY
HIGHEST:    99 ON 22    GRTST 24HR  1.57 ON  7- 8      TO 1/4 MILE OR LESS
LOWEST:     57 ON  3                               3 = THUNDER
                        SNOW, ICE PELLETS, HAIL    4 = ICE PELLETS
                        TOTAL MONTH:    M          5 = HAIL
                        GRTST 24HR    M  ON   M    6 = FREEZING RAIN OR DRIZZLE
                        GRTST DEPTH:  M  ON   M    7 = DUSTSTORM OR SANDSTORM:
                                                       VSBY 1/2 MILE OR LESS
                                                   8 = SMOKE OR HAZE
[NO. OF DAYS WITH]      [WEATHER - DAYS WITH]      9 = BLOWING SNOW
                                                   X = TORNADO
MAX 32 OR BELOW:   0    0.01 INCH OR MORE:   7
MAX 90 OR ABOVE:   8    0.10 INCH OR MORE:   4
MIN 32 OR BELOW:   0    0.50 INCH OR MORE:   1
MIN  0 OR BELOW:   0    1.00 INCH OR MORE:   1

[HDD (BASE 65) ]
TOTAL THIS MO.     0    CLEAR  (SCALE 0-3)  24
DPTR FM NORMAL     0    PTCLDY (SCALE 4-7)   6
TOTAL FM JUL 1     0    CLOUDY (SCALE 8-10)  0
DPTR FM NORMAL     0

[CDD (BASE 65) ]
TOTAL THIS MO.   363
DPTR FM NORMAL  -112    [PRESSURE DATA]
TOTAL FM JAN 1   947    HIGHEST SLP  0.00 ON M
DPTR FM NORMAL   -16    LOWEST  SLP  0.00 ON M

[REMARKS]
