000
CXUS53 KMKX 240900
CF6MKE
PRELIMINARY LOCAL CLIMATOLOGICAL DATA (WS FORM: F-6)

                                          STATION:   MILWAUKEE WI
                                          MONTH:     MARCH
                                          YEAR:      2017
                                          LATITUDE:   42 57 N
                                          LONGITUDE:  87 54 W

  TEMPERATURE IN F:       :PCPN:    SNOW:  WIND      :SUNSHINE: SKY     :PK WND
================================================================================
1   2   3   4   5  6A  6B    7    8   9   10  11  12  13   14  15   16   17  18
                                     12Z  AVG MX 2MIN
DY MAX MIN AVG DEP HDD CDD  WTR  SNW DPTH SPD SPD DIR MIN PSBL S-S WX    SPD DR
================================================================================

 1  42  27  35   5  30   0 0.26  2.3    0 14.4 22 310   M    M   9 12     30 320
 2  33  23  28  -2  37   0    T    T    1  9.6 20 300   M    M   6        26 310
 3  30  16  23  -8  42   0 0.00  0.0    T  7.9 18 310   M    M   4        26 300
 4  35  27  31   0  34   0    T    T    0 14.6 24 140   M    M   8        31 140
 5  53  34  44  13  21   0    T  0.0    0 11.5 25 150   M    M   8        32 150
 6  65  50  58  26   7   0    T  0.0    0 15.0 28 190   M    M  10        37 200
 7  65  41  53  21  12   0 0.22  0.0    0 21.4 33 240   M    M   6 38     44 240
 8  49  36  43  11  22   0 0.00  0.0    0 22.0 44 250   M    M   2        58 260
 9  40  32  36   3  29   0 0.00  0.0    0  6.5 18 330   M    M   9        24 320
10  32  19  26  -7  39   0 0.00  0.0    0 13.8 23 340   M    M   5        29 340
11  29  14  22 -11  43   0 0.00  0.0    0  9.2 17 340   M    M   5        27 340
12  30  17  24 -10  41   0 0.18  2.0    0  7.9 14 100   M    M   6 1      17 100
13  30  23  27  -7  38   0 0.59  8.7    4 13.6 25  10   M    M  10 1289   34  10
14  26  16  21 -13  44   0 0.01  0.5    9 11.9 22  20   M    M   6 8      29 350
15  33  16  25 -10  40   0 0.00  0.0    7 10.0 20 320   M    M   1        26 320
16  37  22  30  -5  35   0 0.00  0.0    6  7.6 14 140   M    M   3        16 200
17  41  34  38   3  27   0 0.20  0.1    4  8.3 15 160   M    M  10 148    19 270
18  43  36  40   4  25   0 0.01    T    2 11.8 21 310   M    M   9        26 320
19  46  35  41   5  24   0 0.00  0.0    T  9.6 22 130   M    M   8        24 140
20  56  40  48  12  17   0 0.00  0.0    0  9.5 21  40   M    M   7        28  40
21  49  29  39   2  26   0    T    T    0 12.6 22  30   M    M   6        30  20
22  34  24  29  -8  36   0 0.00  0.0    0  7.7 21  30   M    M   6        28  30
23  45  26  36  -1  29   0 0.16  0.0    0 12.3 28 150   M    M   8 13     33 140
================================================================================
SM  943  637       698   0  1.63    13.6 268.7          M      152
================================================================================
AV 41.0 27.7                              11.7 FASTST   M    M   7    MAX(MPH)
                                 MISC ---->  # 44 250               # 58  260
================================================================================
NOTES:
# LAST OF SEVERAL OCCURRENCES

COLUMN 17 PEAK WIND IN M.P.H.

PRELIMINARY LOCAL CLIMATOLOGICAL DATA (WS FORM: F-6) , PAGE 2

                                          STATION:  MILWAUKEE WI
                                          MONTH:    MARCH
                                          YEAR:     2017
                                          LATITUDE:   42 57 N
                                          LONGITUDE:  87 54 W

[TEMPERATURE DATA]      [PRECIPITATION DATA]       SYMBOLS USED IN COLUMN 16

AVERAGE MONTHLY: 34.4   TOTAL FOR MONTH:   1.63    1 = FOG OR MIST
DPTR FM NORMAL:   0.7   DPTR FM NORMAL:    0.07    2 = FOG REDUCING VISIBILITY
HIGHEST:    65 ON  7, 6 GRTST 24HR  0.59 ON 13-13      TO 1/4 MILE OR LESS
LOWEST:     14 ON 11                               3 = THUNDER
                        SNOW, ICE PELLETS, HAIL    4 = ICE PELLETS
                        TOTAL MONTH:  13.6 INCHES  5 = HAIL
                        GRTST 24HR   8.7 ON   M    6 = FREEZING RAIN OR DRIZZLE
                        GRTST DEPTH:   9 ON 14     7 = DUSTSTORM OR SANDSTORM:
                                                       VSBY 1/2 MILE OR LESS
                                                   8 = SMOKE OR HAZE
[NO. OF DAYS WITH]      [WEATHER - DAYS WITH]      9 = BLOWING SNOW
                                                   X = TORNADO
MAX 32 OR BELOW:   6    0.01 INCH OR MORE:   8
MAX 90 OR ABOVE:   0    0.10 INCH OR MORE:   6
MIN 32 OR BELOW:  15    0.50 INCH OR MORE:   1
MIN  0 OR BELOW:   0    1.00 INCH OR MORE:   0

[HDD (BASE 65) ]
TOTAL THIS MO.   698    CLEAR  (SCALE 0-3)   3
DPTR FM NORMAL   -23    PTCLDY (SCALE 4-7)  14
TOTAL FM JUL 1  4697    CLOUDY (SCALE 8-10)  6
DPTR FM NORMAL -1004

[CDD (BASE 65) ]
TOTAL THIS MO.     0
DPTR FM NORMAL     0    [PRESSURE DATA]
TOTAL FM JAN 1     0    HIGHEST SLP M ON M
DPTR FM NORMAL     0    LOWEST  SLP 29.28 ON  6

[REMARKS]
