000
CXUS52 KMLB 291307
CF6MLB
PRELIMINARY LOCAL CLIMATOLOGICAL DATA (WS FORM: F-6)

                                          STATION:   MELBOURNE
                                          MONTH:     DECEMBER
                                          YEAR:      2014
                                          LATITUDE:   28  6 N
                                          LONGITUDE:  80 39 W

  TEMPERATURE IN F:       :PCPN:    SNOW:  WIND      :SUNSHINE: SKY     :PK WND
================================================================================
1   2   3   4   5  6A  6B    7    8   9   10  11  12  13   14  15   16   17  18
                                     12Z  AVG MX 2MIN
DY MAX MIN AVG DEP HDD CDD  WTR  SNW DPTH SPD SPD DIR MIN PSBL S-S WX    SPD DR
================================================================================

 1  80  67  74   8   0   9 0.00  0.0    0 10.1 17 100   M    M   4        23  90
 2  80  68  74   8   0   9 0.04  0.0    0  8.5 21  90   M    M   6        28 110
 3  80  66  73   7   0   8 0.00  0.0    0  8.6 16  50   M    M   3        20  50
 4  80  66  73   8   0   8 0.04  0.0    0  9.6 21  10   M    M   5 1      26  10
 5  80  70  75  10   0  10 0.18  0.0    0  9.2 21 120   M    M   8 18     26 110
 6  79  64  72   7   0   7 0.03  0.0    0  4.2 14 120   M    M   7 1      19 110
 7  73  58  66   1   0   1    T  0.0    0 10.1 18  10   M    M   7 1      24  10
 8  70  61  66   2   0   1 0.70  0.0    0  7.0 20 350   M    M  10 18     27 340
 9  67  50  59  -5   6   0 0.03  0.0    0 10.9 18 340   M    M   2 1      23 320
10  65  43  54 -10  11   0 0.00  0.0    0  7.2 16 300   M    M   0        25 300
11  65  41  53 -11  12   0 0.00  0.0    0  6.7 17 290   M    M   0 1      21 280
12  63  46  55  -9  10   0 0.00  0.0    0  6.9 12 300   M    M   0        13 300
13  69  45  57  -7   8   0 0.00  0.0    0  6.9 17 360   M    M   0        19 360
14  73  42  58  -5   7   0 0.00  0.0    0  3.5 10 280   M    M   0        15 310
15  73  42  58  -5   7   0 0.00  0.0    0  2.9  9  70   M    M   0 18     11 250
16  76  43  60  -3   5   0 0.00  0.0    0  6.0 15 220   M    M   0        18 260
17  77  55  66   3   0   1 0.00  0.0    0  5.2 14 250   M    M   1 1      19 250
18  71  45  58  -5   7   0 0.00  0.0    0  4.6 10  30   M    M   0 8      13  30
19  72  50  61  -1   4   0 0.00  0.0    0  3.9  9  40   M    M   0 18     12  40
20  77  54  66   4   0   1 0.00  0.0    0  4.1 12  90   M    M   1 1      13  90
21  80  60  70   8   0   5    T  0.0    0  5.5 14 140   M    M   4        17 150
22  83  66  75  13   0  10 0.11  0.0    0  6.9 16 170   M    M   2 1      21 170
23  81  66  74  12   0   9 0.00  0.0    0  9.2 20 140   M    M   3 128    26 130
24  85  68  77  15   0  12 0.24  0.0    0 12.2 30 290   M    M   2 18     38 300
25  68  56  62   1   3   0 0.01  0.0    0  7.5 20 300   M    M   6 1      24 290
26  72  53  63   2   2   0    T  0.0    0  5.2  9 360   M    M   7        11  10
27  79  63  71  10   0   6 0.00  0.0    0  4.4  8  90   M    M   5 1      11 100
28  84  67  76  15   0  11 0.00  0.0    0  5.4 14 210   M    M   3 128    18 220
================================================================================
SM 2102 1575        82 108  1.38     0.0 192.4          M       86
================================================================================
AV 75.1 56.2                               6.9 FASTST   M    M   3    MAX(MPH)
                                 MISC ---->  # 30 290               # 38  300
================================================================================
NOTES:
# LAST OF SEVERAL OCCURRENCES

COLUMN 17 PEAK WIND IN M.P.H.

PRELIMINARY LOCAL CLIMATOLOGICAL DATA (WS FORM: F-6) , PAGE 2

                                          STATION:  MELBOURNE
                                          MONTH:    DECEMBER
                                          YEAR:     2014
                                          LATITUDE:   28  6 N
                                          LONGITUDE:  80 39 W

[TEMPERATURE DATA]      [PRECIPITATION DATA]       SYMBOLS USED IN COLUMN 16

AVERAGE MONTHLY: 65.7   TOTAL FOR MONTH:   1.38    1 = FOG OR MIST
DPTR FM NORMAL:   2.3   DPTR FM NORMAL:   -0.98    2 = FOG REDUCING VISIBILITY
HIGHEST:    85 ON 24    GRTST 24HR  0.70 ON  8- 8      TO 1/4 MILE OR LESS
LOWEST:     41 ON 11                               3 = THUNDER
                        SNOW, ICE PELLETS, HAIL    4 = ICE PELLETS
                        TOTAL MONTH:   0.0 INCH    5 = HAIL
                        GRTST 24HR     0.0         6 = FREEZING RAIN OR DRIZZLE
                        GRTST DEPTH:   0           7 = DUSTSTORM OR SANDSTORM:
                                                       VSBY 1/2 MILE OR LESS
                                                   8 = SMOKE OR HAZE
[NO. OF DAYS WITH]      [WEATHER - DAYS WITH]      9 = BLOWING SNOW
                                                   X = TORNADO
MAX 32 OR BELOW:   0    0.01 INCH OR MORE:   9
MAX 90 OR ABOVE:   0    0.10 INCH OR MORE:   4
MIN 32 OR BELOW:   0    0.50 INCH OR MORE:   1
MIN  0 OR BELOW:   0    1.00 INCH OR MORE:   0

[HDD (BASE 65) ]
TOTAL THIS MO.    82    CLEAR  (SCALE 0-3)  15
DPTR FM NORMAL   -38    PTCLDY (SCALE 4-7)  12
TOTAL FM JUL 1   147    CLOUDY (SCALE 8-10)  1
DPTR FM NORMAL   -15

[CDD (BASE 65) ]
TOTAL THIS MO.   108
DPTR FM NORMAL    39    [PRESSURE DATA]
TOTAL FM JAN 1  3551    HIGHEST SLP M ON M
DPTR FM NORMAL   287    LOWEST  SLP 29.80 ON 24

[REMARKS]
