000
CXUS51 KCAR 180600
CF6MLT
PRELIMINARY LOCAL CLIMATOLOGICAL DATA (WS FORM: F-6)

                                          STATION:   MILLINOCKET ME
                                          MONTH:     DECEMBER
                                          YEAR:      2017
                                          LATITUDE:   45 39 N
                                          LONGITUDE:  68 41 W

  TEMPERATURE IN F:       :PCPN:    SNOW:  WIND      :SUNSHINE: SKY     :PK WND
================================================================================
1   2   3   4   5  6A  6B    7    8   9   10  11  12  13   14  15   16   17  18
                                     12Z  AVG MX 2MIN
DY MAX MIN AVG DEP HDD CDD  WTR  SNW DPTH SPD SPD DIR MIN PSBL S-S WX    SPD DR
================================================================================

 1  41  34  38  10  27   0 0.02    M    M  3.4 14 300   M    M   9 1      20 290
 2  34  29  32   4  33   0 0.00    M    M  1.5  7 100   M    M  10         8  90
 3  33  28  31   3  34   0 0.00    M    M  2.5 10 330   M    M  10        13 330
 4  37  21  29   2  36   0 0.00    M    M  2.4 10 360   M    M   5 1      14  20
 5  44  23  34   7  31   0 0.49    M    M  4.6 10 120   M    M   8 1      14 140
 6  50  24  37  11  28   0 0.69    M    M  5.4 18 280   M    M   5 1      29 260
 7  36  23  30   4  35   0 0.00    M    M  3.4 13 260   M    M   6 8      20 260
 8  34  20  27   1  38   0 0.00    M    M  2.4 16 250   M    M   4 1      25 250
 9  33  19  26   1  39   0 0.17    M    M  2.3  9 350   M    M   4 1      13 350
10  32  13  23  -2  42   0 0.01    M    M  5.5 18 280   M    M   7 18     32 260
11  23   7  15  -9  50   0    T    M    M  3.2 10 260   M    M   7 18     16 250
12  30   0  15  -9  50   0 0.41    M    M  5.0 12  40   M    M   9 126    18  50
13  33  11  22  -1  43   0 0.14    M    M 11.6 23 300   M    M   8 1268   37 310
14  13   6  10 -13  55   0 0.00    M    M  9.1 17 270   M    M   2        29 280
15  20   1  11 -12  54   0 0.00    M    M  4.2 15 270   M    M   2        25 260
16  20   4  12 -10  53   0 0.00    M    M  5.0 15 280   M    M   6 18     24 270
17  17   3  10 -12  55   0 0.00    M    M 10.1 20 300   M    M   0        31 300
================================================================================
SM  530  266       703   0  1.93    M     81.6          M      102
================================================================================
AV 31.2 15.7                               4.8 FASTST   M    M   6    MAX(MPH)
                                 MISC ---->  # 23 300               # 37  310
================================================================================
NOTES:
# LAST OF SEVERAL OCCURRENCES

COLUMN 17 PEAK WIND IN M.P.H.

PRELIMINARY LOCAL CLIMATOLOGICAL DATA (WS FORM: F-6) , PAGE 2

                                          STATION:  MILLINOCKET ME
                                          MONTH:    DECEMBER
                                          YEAR:     2017
                                          LATITUDE:   45 39 N
                                          LONGITUDE:  68 41 W

[TEMPERATURE DATA]      [PRECIPITATION DATA]       SYMBOLS USED IN COLUMN 16

AVERAGE MONTHLY: 23.4   TOTAL FOR MONTH:   1.93    1 = FOG OR MIST
DPTR FM NORMAL:  -1.7   DPTR FM NORMAL:   -0.38    2 = FOG REDUCING VISIBILITY
HIGHEST:    50 ON  6    GRTST 24HR  0.69 ON  6- 6      TO 1/4 MILE OR LESS
LOWEST:      0 ON 12                               3 = THUNDER
                        SNOW, ICE PELLETS, HAIL    4 = ICE PELLETS
                        TOTAL MONTH:    M          5 = HAIL
                        GRTST 24HR    M  ON   M    6 = FREEZING RAIN OR DRIZZLE
                        GRTST DEPTH:  M  ON   M    7 = DUSTSTORM OR SANDSTORM:
                                                       VSBY 1/2 MILE OR LESS
                                                   8 = SMOKE OR HAZE
[NO. OF DAYS WITH]      [WEATHER - DAYS WITH]      9 = BLOWING SNOW
                                                   X = TORNADO
MAX 32 OR BELOW:   7    0.01 INCH OR MORE:   7
MAX 90 OR ABOVE:   0    0.10 INCH OR MORE:   5
MIN 32 OR BELOW:  16    0.50 INCH OR MORE:   1
MIN  0 OR BELOW:   1    1.00 INCH OR MORE:   0

[HDD (BASE 65) ]
TOTAL THIS MO.   703    CLEAR  (SCALE 0-3)   3
DPTR FM NORMAL    24    PTCLDY (SCALE 4-7)  10
TOTAL FM JUL 1  2240    CLOUDY (SCALE 8-10)  4
DPTR FM NORMAL  -282

[CDD (BASE 65) ]
TOTAL THIS MO.     0
DPTR FM NORMAL     0    [PRESSURE DATA]
TOTAL FM JAN 1   263    HIGHEST SLP M ON M
DPTR FM NORMAL    -5    LOWEST  SLP 28.84 ON 13

[REMARKS]
