000
CXUS56 KPQR 251230
CF6MMV
PRELIMINARY LOCAL CLIMATOLOGICAL DATA (WS FORM: F-6)

                                          STATION:   MCMINNVILLE OR
                                          MONTH:     JULY
                                          YEAR:      2014
                                          LATITUDE:   45 11 N
                                          LONGITUDE: 123  8 W

  TEMPERATURE IN F:       :PCPN:    SNOW:  WIND      :SUNSHINE: SKY     :PK WND
================================================================================
1   2   3   4   5  6A  6B    7    8   9   10  11  12  13   14  15   16   17  18
                                     12Z  AVG MX 2MIN
DY MAX MIN AVG DEP HDD CDD  WTR  SNW DPTH SPD SPD DIR MIN PSBL S-S WX    SPD DR
================================================================================

 1  98  62  80  17   0  15 0.00  0.0    0  9.4 20 220   M    M   0        25 220
 2  84  58  71   7   0   6 0.00  0.0    0  8.1 17 230   M    M   0        22 240
 3  76  57  67   3   0   2 0.00  0.0    0  3.3 16  10   M    M   8        19  10
 4  82  55  69   5   0   4 0.00  0.0    0  5.5 14 220   M    M   1        28 250
 5  88  57  73   9   0   8 0.00  0.0    0  4.4 10 220   M    M   0        24 160
 6  91  58  75  11   0  10 0.00  0.0    0  4.1 10  10   M    M   0        22 360
 7  92  60  76  11   0  11 0.00  0.0    0  5.8 16  10   M    M   0        21  20
 8  92  59  76  11   0  11 0.00  0.0    0  8.5 22  30   M    M   0        27  10
 9  88  56  72   7   0   7 0.00  0.0    0  5.2 14  20   M    M   0 8      16  10
10  91  51  71   6   0   6 0.00  0.0    0  4.0 12  20   M    M   0        16  40
11  90  55  73   7   0   8 0.00  0.0    0  4.0 13 220   M    M   0        17 160
12  96  58  77  11   0  12 0.00  0.0    0  6.4 21 230   M    M   0        23 230
13  71  57  64  -2   1   0 0.02  0.0    0  7.7 18 220   M    M   2 3      23 230
14  90  59  75   9   0  10 0.00  0.0    0  4.4 13 230   M    M   3        17 170
15  98  55  77  11   0  12 0.00  0.0    0  6.4 20  30   M    M   0        27  30
16  94  58  76  10   0  11 0.00    M    M  6.0 18 220   M    M   0        23 220
17  87  53  70   3   0   5 0.00    M    M  4.8 15 320   M    M   0        19 320
18  85  49  67   0   0   2 0.00  0.0    0  4.0 15  10   M    M   0        19  10
19  91  57  74   7   0   9 0.00  0.0    0  6.5 20 280   M    M   2        24 280
20  76  60  68   1   0   3    T  0.0    0  5.8 15  20   M    M   8 1      18  50
21  81  53  67   0   0   2 0.00  0.0    0  5.5 13 220   M    M   4        16 300
22  78  58  68   1   0   3 0.03  0.0    0  5.5 14 220   M    M   8 1      18 120
23  69  57  63  -4   2   0 0.30  0.0    0  9.8 20 260   M    M   8 1      26 270
24  72  56  64  -3   1   0 0.03  0.0    0  7.4 20 190   M    M   8 1      37 180
================================================================================
SM 2060 1358         4 157  0.38     0.0 142.5          M       52
================================================================================
AV 85.8 56.6                               5.9 FASTST   M    M   2    MAX(MPH)
                                 MISC ---->  # 22  30               # 37  180
================================================================================
NOTES:
# LAST OF SEVERAL OCCURRENCES

COLUMN 17 PEAK WIND IN M.P.H.

PRELIMINARY LOCAL CLIMATOLOGICAL DATA (WS FORM: F-6) , PAGE 2

                                          STATION:  MCMINNVILLE OR
                                          MONTH:    JULY
                                          YEAR:     2014
                                          LATITUDE:   45 11 N
                                          LONGITUDE: 123  8 W

[TEMPERATURE DATA]      [PRECIPITATION DATA]       SYMBOLS USED IN COLUMN 16

AVERAGE MONTHLY: 71.2   TOTAL FOR MONTH:   0.38    1 = FOG OR MIST
DPTR FM NORMAL:   5.6   DPTR FM NORMAL:   -0.06    2 = FOG REDUCING VISIBILITY
HIGHEST:    98 ON 15, 1 GRTST 24HR  0.32 ON 23-24      TO 1/4 MILE OR LESS
LOWEST:     49 ON 18                               3 = THUNDER
                        SNOW, ICE PELLETS, HAIL    4 = ICE PELLETS
                        TOTAL MONTH:   0.0 INCH    5 = HAIL
                        GRTST 24HR     0.0         6 = FREEZING RAIN OR DRIZZLE
                        GRTST DEPTH:   0           7 = DUSTSTORM OR SANDSTORM:
                                                       VSBY 1/2 MILE OR LESS
                                                   8 = SMOKE OR HAZE
[NO. OF DAYS WITH]      [WEATHER - DAYS WITH]      9 = BLOWING SNOW
                                                   X = TORNADO
MAX 32 OR BELOW:   0    0.01 INCH OR MORE:   4
MAX 90 OR ABOVE:  11    0.10 INCH OR MORE:   1
MIN 32 OR BELOW:   0    0.50 INCH OR MORE:   0
MIN  0 OR BELOW:   0    1.00 INCH OR MORE:   0

[HDD (BASE 65) ]
TOTAL THIS MO.     4    CLEAR  (SCALE 0-3)  17
DPTR FM NORMAL   -34    PTCLDY (SCALE 4-7)   7
TOTAL FM JUL 1     4    CLOUDY (SCALE 8-10)  0
DPTR FM NORMAL   -34

[CDD (BASE 65) ]
TOTAL THIS MO.   157
DPTR FM NORMAL   101    [PRESSURE DATA]
TOTAL FM JAN 1   187    HIGHEST SLP M ON M
DPTR FM NORMAL   109    LOWEST  SLP 29.68 ON  1

[REMARKS]
