000
CXUS53 KBIS 180830
CF6MOT
PRELIMINARY LOCAL CLIMATOLOGICAL DATA (WS FORM: F-6)

                                          STATION:   MINOT ND
                                          MONTH:     DECEMBER
                                          YEAR:      2017
                                          LATITUDE:   48 15 N
                                          LONGITUDE: 101 16 W

  TEMPERATURE IN F:       :PCPN:    SNOW:  WIND      :SUNSHINE: SKY     :PK WND
================================================================================
1   2   3   4   5  6A  6B    7    8   9   10  11  12  13   14  15   16   17  18
                                     12Z  AVG MX 2MIN
DY MAX MIN AVG DEP HDD CDD  WTR  SNW DPTH SPD SPD DIR MIN PSBL S-S WX    SPD DR
================================================================================

 1  47  24  36  16  29   0 0.00    M    M  6.2 15 230   M    M   4        18 270
 2  52  29  41  21  24   0 0.00    M    M 11.2 17 230   M    M   0        20 220
 3  39  23  31  12  34   0 0.00    M    M  6.1 13  50   M    M   5        16  60
 4  30  13  22   3  43   0    T    M    M 22.0 36 290   M    M   4 1      44 290
 5  24  10  17  -2  48   0    T    M    M 15.5 28 280   M    M   6 1      34 280
 6  19   7  13  -5  52   0    T    M    M 16.7 26 310   M    M   4        32 310
 7  33   7  20   2  45   0 0.00    M    M 14.6 25 280   M    M   4        30 280
 8  37  21  29  12  36   0 0.00    M    M 19.2 31 290   M    M   1        40 290
 9  44  17  31  14  34   0 0.00    M    M 16.0 30 290   M    M   1        39 270
10  48  31  40  23  25   0    T    M    M 15.5 40 300   M    M   5        50 290
11  41  21  31  15  34   0    T    M    M 14.7 38 290   M    M   7        46 280
12  51  29  40  24  25   0 0.00    M    M 16.3 36 290   M    M   2        45 290
13  41  31  36  20  29   0 0.00    M    M 19.0 31 290   M    M   8        39 300
14  36  30  33  17  32   0    T    M    M 15.8 28 290   M    M  10 18     33 280
15  44  29  37  22  28   0    T    M    M  8.9 18 290   M    M   9        23 290
16  41  25  33  18  32   0 0.00    M    M 12.9 20 280   M    M   4        24 280
17  41  21  31  16  34   0 0.00    M    M 11.5 18 180   M    M   2        24 180
================================================================================
SM  668  368       584   0    T     M    242.1          M       76
================================================================================
AV 39.3 21.7                              14.2 FASTST   M    M   4    MAX(MPH)
                                 MISC ---->  # 40 300               # 50  290
================================================================================
NOTES:
# LAST OF SEVERAL OCCURRENCES

COLUMN 17 PEAK WIND IN M.P.H.

PRELIMINARY LOCAL CLIMATOLOGICAL DATA (WS FORM: F-6) , PAGE 2

                                          STATION:  MINOT ND
                                          MONTH:    DECEMBER
                                          YEAR:     2017
                                          LATITUDE:   48 15 N
                                          LONGITUDE: 101 16 W

[TEMPERATURE DATA]      [PRECIPITATION DATA]       SYMBOLS USED IN COLUMN 16

AVERAGE MONTHLY: 30.5   TOTAL FOR MONTH:      T    1 = FOG OR MIST
DPTR FM NORMAL:  13.2   DPTR FM NORMAL:   -0.20    2 = FOG REDUCING VISIBILITY
HIGHEST:    52 ON  2    GRTST 24HR    T  ON 15-15      TO 1/4 MILE OR LESS
LOWEST:      7 ON  7, 6                            3 = THUNDER
                        SNOW, ICE PELLETS, HAIL    4 = ICE PELLETS
                        TOTAL MONTH:    M          5 = HAIL
                        GRTST 24HR    M  ON   M    6 = FREEZING RAIN OR DRIZZLE
                        GRTST DEPTH:  M  ON   M    7 = DUSTSTORM OR SANDSTORM:
                                                       VSBY 1/2 MILE OR LESS
                                                   8 = SMOKE OR HAZE
[NO. OF DAYS WITH]      [WEATHER - DAYS WITH]      9 = BLOWING SNOW
                                                   X = TORNADO
MAX 32 OR BELOW:   3    0.01 INCH OR MORE:   0
MAX 90 OR ABOVE:   0    0.10 INCH OR MORE:   0
MIN 32 OR BELOW:  17    0.50 INCH OR MORE:   0
MIN  0 OR BELOW:   0    1.00 INCH OR MORE:   0

[HDD (BASE 65) ]
TOTAL THIS MO.   584    CLEAR  (SCALE 0-3)   5
DPTR FM NORMAL  -229    PTCLDY (SCALE 4-7)  10
TOTAL FM JUL 1  2462    CLOUDY (SCALE 8-10)  2
DPTR FM NORMAL  -409

[CDD (BASE 65) ]
TOTAL THIS MO.     0
DPTR FM NORMAL     0    [PRESSURE DATA]
TOTAL FM JAN 1   580    HIGHEST SLP M ON M
DPTR FM NORMAL   135    LOWEST  SLP 29.57 ON M

[REMARKS]
