000
CXUS53 KMPX 280835
CF6MPX
PRELIMINARY LOCAL CLIMATOLOGICAL DATA (WS FORM: F-6)

                                          STATION:   CHANHASSEN MN
                                          MONTH:     AUGUST
                                          YEAR:      2014
                                          LATITUDE:   44 50 N
                                          LONGITUDE:  93 34 W

  TEMPERATURE IN F:       :PCPN:    SNOW:  WIND      :SUNSHINE: SKY     :PK WND
================================================================================
1   2   3   4   5  6A  6B    7    8   9   10  11  12  13   14  15   16   17  18
                                     12Z  AVG MX 2MIN
DY MAX MIN AVG DEP HDD CDD  WTR  SNW DPTH SPD SPD DIR MIN PSBL S-S WX    SPD DR
================================================================================

 1  82  58  70  -2   0   5 0.00  0.0    0   M   M   M   M    M   M         M  M
 2  84  60  72   0   0   7 0.02  0.0    0   M   M   M   M    M   M         M  M
 3  84  61  73   1   0   8 0.00  0.0    0   M   M   M   M    M   M         M  M
 4  78  66  72   1   0   7 0.00  0.0    0   M   M   M   M    M   M         M  M
 5  80  60  70  -1   0   5 0.00  0.0    0   M   M   M   M    M   M         M  M
 6  81  56  69  -2   0   4 0.00  0.0    0   M   M   M   M    M   M         M  M
 7  81  59  70  -1   0   5 0.00  0.0    0   M   M   M   M    M   M         M  M
 8  81  61  71   0   0   6 0.00  0.0    0   M   M   M   M    M   M         M  M
 9  77  63  70  -1   0   5 0.02  0.0    0   M   M   M   M    M   M         M  M
10  81  66  74   3   0   9 0.08  0.0    0   M   M   M   M    M   M         M  M
11  77  62  70  -1   0   5 0.06  0.0    0   M   M   M   M    M   M         M  M
12  78  57  68  -3   0   3 0.00  0.0    0   M   M   M   M    M   M         M  M
13  81  63  72   1   0   7 0.00  0.0    0   M   M   M   M    M   M         M  M
14  79  58  69  -2   0   4 0.00  0.0    0   M   M   M   M    M   M         M  M
15  83  63  73   3   0   8 0.00  0.0    0   M   M   M   M    M   M         M  M
16  83  64  74   4   0   9 0.00  0.0    0   M   M   M   M    M   M         M  M
17  80  67  74   4   0   9 0.75  0.0    0   M   M   M   M    M   M         M  M
18  84  64  74   4   0   9 0.08  0.0    0   M   M   M   M    M   M         M  M
19  79  63  71   1   0   6 0.00  0.0    0   M   M   M   M    M   M         M  M
20  82  61  72   2   0   7 0.00  0.0    0   M   M   M   M    M   M         M  M
21  84  69  77   7   0  12 0.17  0.0    0   M   M   M   M    M   M         M  M
22  76  68  72   3   0   7 0.00  0.0    0   M   M   M   M    M   M         M  M
23  75  67  71   2   0   6 0.00  0.0    0   M   M   M   M    M   M         M  M
24  85  68  77   8   0  12 0.08  0.0    0   M   M   M   M    M   M         M  M
25  75  62  69   0   0   4 0.00  0.0    0   M   M   M   M    M   M         M  M
26  72  54  63  -5   2   0    T  0.0    0   M   M   M   M    M   M         M  M
27  75  58  67  -1   0   2 0.00  0.0    0   M   M   M   M    M   M         M  M
================================================================================
SM 2157 1678         2 171  1.26     0.0     M          M        M
================================================================================
AV 79.9 62.1                                 M FASTST   M    M   4    MAX(MPH)
                                 MISC ---->     M   M                  M    M
================================================================================
NOTES:
# LAST OF SEVERAL OCCURRENCES

COLUMN 17 PEAK WIND IN M.P.H.

PRELIMINARY LOCAL CLIMATOLOGICAL DATA (WS FORM: F-6) , PAGE 2

                                          STATION:  CHANHASSEN MN
                                          MONTH:    AUGUST
                                          YEAR:     2014
                                          LATITUDE:   44 50 N
                                          LONGITUDE:  93 34 W

[TEMPERATURE DATA]      [PRECIPITATION DATA]       SYMBOLS USED IN COLUMN 16

AVERAGE MONTHLY: 71.0   TOTAL FOR MONTH:   1.26    1 = FOG OR MIST
DPTR FM NORMAL:   0.7   DPTR FM NORMAL:   -2.34    2 = FOG REDUCING VISIBILITY
HIGHEST:    85 ON 24    GRTST 24HR  0.75 ON 17-17      TO 1/4 MILE OR LESS
LOWEST:     54 ON 26                               3 = THUNDER
                        SNOW, ICE PELLETS, HAIL    4 = ICE PELLETS
                        TOTAL MONTH:   0.0 INCH    5 = HAIL
                        GRTST 24HR     0.0         6 = FREEZING RAIN OR DRIZZLE
                        GRTST DEPTH:   0           7 = DUSTSTORM OR SANDSTORM:
                                                       VSBY 1/2 MILE OR LESS
                                                   8 = SMOKE OR HAZE
[NO. OF DAYS WITH]      [WEATHER - DAYS WITH]      9 = BLOWING SNOW
                                                   X = TORNADO
MAX 32 OR BELOW:   0    0.01 INCH OR MORE:   8
MAX 90 OR ABOVE:   0    0.10 INCH OR MORE:   2
MIN 32 OR BELOW:   0    0.50 INCH OR MORE:   1
MIN  0 OR BELOW:   0    1.00 INCH OR MORE:   0

[HDD (BASE 65) ]
TOTAL THIS MO.     2    CLEAR  (SCALE 0-3)   0
DPTR FM NORMAL    -2    PTCLDY (SCALE 4-7)   0
TOTAL FM JUL 1    15    CLOUDY (SCALE 8-10)  0
DPTR FM NORMAL     3

[CDD (BASE 65) ]
TOTAL THIS MO.   171
DPTR FM NORMAL    17    [PRESSURE DATA]
TOTAL FM JAN 1   462    HIGHEST SLP M ON M
DPTR FM NORMAL   -77    LOWEST  SLP M ON M

[REMARKS]
