000
CXUS53 KMPX 011000
CF6MPX
PRELIMINARY LOCAL CLIMATOLOGICAL DATA (WS FORM: F-6)

                                          STATION:   CHANHASSEN MN
                                          MONTH:     FEBRUARY
                                          YEAR:      2015
                                          LATITUDE:   44 50 N
                                          LONGITUDE:  93 34 W

  TEMPERATURE IN F:       :PCPN:    SNOW:  WIND      :SUNSHINE: SKY     :PK WND
================================================================================
1   2   3   4   5  6A  6B    7    8   9   10  11  12  13   14  15   16   17  18
                                     12Z  AVG MX 2MIN
DY MAX MIN AVG DEP HDD CDD  WTR  SNW DPTH SPD SPD DIR MIN PSBL S-S WX    SPD DR
================================================================================

 1  21   3  12  -4  53   0    T  0.1    T   M   M   M   M    M   M         M  M
 2  14  -3   6 -10  59   0 0.00  0.0    T   M   M   M   M    M   M         M  M
 3  16   3  10  -6  55   0 0.07  2.2    T   M   M   M   M    M   M         M  M
 4  13  -6   4 -12  61   0    T  0.2    2   M   M   M   M    M   M         M  M
 5  19 -11   4 -12  61   0 0.00  0.0    2   M   M   M   M    M   M         M  M
 6  30  10  20   4  45   0 0.00  0.0    1   M   M   M   M    M   M         M  M
 7  35  19  27  10  38   0 0.00  0.0    T   M   M   M   M    M   M         M  M
 8  31  22  27  10  38   0 0.00  0.0    T   M   M   M   M    M   M         M  M
 9  32  19  26   9  39   0 0.00  0.0    T   M   M   M   M    M   M         M  M
10  30  20  25   7  40   0 0.16  0.7    T   M   M   M   M    M   M         M  M
11  30   0  15  -3  50   0    T    T    1   M   M   M   M    M   M         M  M
12   8  -5   2 -16  63   0 0.00  0.0    1   M   M   M   M    M   M         M  M
13  29   6  18   0  47   0    T    T    T   M   M   M   M    M   M         M  M
14  11  -4   4 -15  61   0 0.00  0.0    T   M   M   M   M    M   M         M  M
15   8  -1   4 -15  61   0    T    T    T   M   M   M   M    M   M         M  M
16  20   7  14  -5  51   0 0.01  0.3    T   M   M   M   M    M   M         M  M
17  10  -4   3 -17  62   0    T    T    T   M   M   M   M    M   M         M  M
18   1 -11  -5 -25  70   0 0.00  0.0    T   M   M   M   M    M   M         M  M
19   9 -13  -2 -22  67   0 0.00  0.0    T   M   M   M   M    M   M         M  M
20  24   7  16  -5  49   0 0.06  0.7    1   M   M   M   M    M   M         M  M
21  23  -2  11 -10  54   0    T    T    1   M   M   M   M    M   M         M  M
22  -1 -10  -5 -27  70   0 0.00  0.0    1   M   M   M   M    M   M         M  M
23  22 -14   4 -18  61   0 0.00  0.0    1   M   M   M   M    M   M         M  M
24  31  12  22   0  43   0    T    T    1   M   M   M   M    M   M         M  M
25  14   2   8 -15  57   0 0.05  0.6    T   M   M   M   M    M   M         M  M
26   8  -6   1 -22  64   0 0.00  0.0    1   M   M   M   M    M   M         M  M
27  13  -9   2 -22  63   0 0.00  0.0    T   M   M   M   M    M   M         M  M
28  20  -4   8 -16  57   0    T    T    T   M   M   M   M    M   M         M  M
================================================================================
SM  521   27      1539   0  0.35     4.8     M          M        M
================================================================================
AV 18.6  1.0                                 M FASTST   M    M   4    MAX(MPH)
                                 MISC ---->     M   M                  M    M
================================================================================
NOTES:
# LAST OF SEVERAL OCCURRENCES

COLUMN 17 PEAK WIND IN M.P.H.

PRELIMINARY LOCAL CLIMATOLOGICAL DATA (WS FORM: F-6) , PAGE 2

                                          STATION:  CHANHASSEN MN
                                          MONTH:    FEBRUARY
                                          YEAR:     2015
                                          LATITUDE:   44 50 N
                                          LONGITUDE:  93 34 W

[TEMPERATURE DATA]      [PRECIPITATION DATA]       SYMBOLS USED IN COLUMN 16

AVERAGE MONTHLY:  9.8   TOTAL FOR MONTH:   0.35    1 = FOG OR MIST
DPTR FM NORMAL:  -9.3   DPTR FM NORMAL:   -0.59    2 = FOG REDUCING VISIBILITY
HIGHEST:    35 ON  7    GRTST 24HR  0.16 ON 10-10      TO 1/4 MILE OR LESS
LOWEST:    -14 ON 23                               3 = THUNDER
                        SNOW, ICE PELLETS, HAIL    4 = ICE PELLETS
                        TOTAL MONTH:   4.8 INCHES  5 = HAIL
                        GRTST 24HR   2.2 ON   M    6 = FREEZING RAIN OR DRIZZLE
                        GRTST DEPTH:   2 ON  5, 4  7 = DUSTSTORM OR SANDSTORM:
                                                       VSBY 1/2 MILE OR LESS
                                                   8 = SMOKE OR HAZE
[NO. OF DAYS WITH]      [WEATHER - DAYS WITH]      9 = BLOWING SNOW
                                                   X = TORNADO
MAX 32 OR BELOW:  27    0.01 INCH OR MORE:   5
MAX 90 OR ABOVE:   0    0.10 INCH OR MORE:   1
MIN 32 OR BELOW:  28    0.50 INCH OR MORE:   0
MIN  0 OR BELOW:  16    1.00 INCH OR MORE:   0

[HDD (BASE 65) ]
TOTAL THIS MO.  1539    CLEAR  (SCALE 0-3)   0
DPTR FM NORMAL   255    PTCLDY (SCALE 4-7)   0
TOTAL FM JUL 1  6258    CLOUDY (SCALE 8-10)  0
DPTR FM NORMAL   243

[CDD (BASE 65) ]
TOTAL THIS MO.     0
DPTR FM NORMAL     0    [PRESSURE DATA]
TOTAL FM JAN 1     0    HIGHEST SLP M ON M
DPTR FM NORMAL     0    LOWEST  SLP M ON M

[REMARKS]
#FINAL-02-15#
