000
CXUS53 KMQT 272135
CF6MQT
PRELIMINARY LOCAL CLIMATOLOGICAL DATA (WS FORM: F-6)

                                          STATION:   MARQUETTE MI
                                          MONTH:     MARCH
                                          YEAR:      2015
                                          LATITUDE:   46 31 N
                                          LONGITUDE:  87 33 W

  TEMPERATURE IN F:       :PCPN:    SNOW:  WIND      :SUNSHINE: SKY     :PK WND
================================================================================
1   2   3   4   5  6A  6B    7    8   9   10  11  12  13   14  15   16   17  18
                                     12Z  AVG MX 2MIN
DY MAX MIN AVG DEP HDD CDD  WTR  SNW DPTH SPD SPD DIR MIN PSBL S-S WX    SPD DR
================================================================================

 1  23   7  15  -4  50   0    T    T   32   M   M   M   M    M   M        25 225
 2  26   5  16  -3  49   0    T    T   32   M   M   M   M    M   M        28 270
 3  24  14  19  -1  46   0 0.10  2.3   32   M   M   M   M    M   M 9      33 270
 4  15  -7   4 -16  61   0    T    T   33   M   M   M   M    M   M 9      28 270
 5  14 -17  -1 -21  66   0    T    T   33   M   M   M   M    M   M        16 270
 6  31   1  16  -4  49   0 0.00  0.0   33   M   M   M   M    M   M        29 270
 7  29   8  19  -2  46   0    T  0.2   33   M   M   M   M    M   M        24 315
 8  33   4  19  -2  46   0 0.01  0.3   33   M   M   M   M    M   M        25 270
 9  47  13  30   8  35   0 0.00  0.0   33   M   M   M   M    M   M        24 180
10  58  35  47  25  18   0 0.00  0.0   31   M   M   M   M    M   M        31 270
11  42  24  33  11  32   0 0.00  0.0   27   M   M   M   M    M   M        25 315
12  41  28  35  12  30   0 0.00  0.0   27   M   M   M   M    M   M        31 180
13  53  35  44  21  21   0 0.03  0.0   25   M   M   M   M    M   M        25 270
14  35  30  33  10  32   0 0.01    T   22   M   M   M   M    M   M        35 270
15  46  26  36  12  29   0 0.00  0.0   22   M   M   M   M    M   M        31 225
16  47  27  37  13  28   0 0.28  0.0   20   M   M   M   M    M   M        30 360
17  31  20  26   2  39   0 0.00  0.0   19   M   M   M   M    M   M        37 270
18  32  10  21  -4  44   0 0.00  0.0   19   M   M   M   M    M   M        18  45
19  37  13  25   0  40   0    T    T   18   M   M   M   M    M   M        22 225
20  45  31  38  12  27   0 0.04  0.1   18   M   M   M   M    M   M        18 225
21  32  11  22  -4  43   0    T  0.1   17   M   M   M   M    M   M        24 360
22  28   8  18  -8  47   0 0.00  0.0   17   M   M   M   M    M   M        18 360
23  32   7  20  -7  45   0    T    T   17   M   M   M   M    M   M        12  90
24  43  16  30   3  35   0 0.00  0.0   16   M   M   M   M    M   M        24 180
25  34  24  29   1  36   0 0.43  4.5   16   M   M   M   M    M   M        28 270
26  32  14  23  -5  42   0 0.03  0.9   18   M   M   M   M    M   M        32 270
================================================================================
SM  910  387      1036   0  0.93     8.4     M          M        M
================================================================================
AV 35.0 14.9                                 M FASTST   M    M -nan   MAX(MPH)
                                 MISC ---->     M   M               # 37  270
================================================================================
NOTES:
# LAST OF SEVERAL OCCURRENCES

COLUMN 17 PEAK WIND IN M.P.H.

PRELIMINARY LOCAL CLIMATOLOGICAL DATA (WS FORM: F-6) , PAGE 2

                                          STATION:  MARQUETTE MI
                                          MONTH:    MARCH
                                          YEAR:     2015
                                          LATITUDE:   46 31 N
                                          LONGITUDE:  87 33 W

[TEMPERATURE DATA]      [PRECIPITATION DATA]       SYMBOLS USED IN COLUMN 16

AVERAGE MONTHLY: 24.9   TOTAL FOR MONTH:   0.93    1 = FOG OR MIST
DPTR FM NORMAL:   1.7   DPTR FM NORMAL:   -1.60    2 = FOG REDUCING VISIBILITY
HIGHEST:    58 ON 10    GRTST 24HR  0.43 ON 25-25      TO 1/4 MILE OR LESS
LOWEST:    -17 ON  5                               3 = THUNDER
                        SNOW, ICE PELLETS, HAIL    4 = ICE PELLETS
                        TOTAL MONTH:   8.4 INCHES  5 = HAIL
                        GRTST 24HR   4.5 ON 25-25  6 = FREEZING RAIN OR DRIZZLE
                        GRTST DEPTH:  33 ON  9, 8  7 = DUSTSTORM OR SANDSTORM:
                                                       VSBY 1/2 MILE OR LESS
                                                   8 = SMOKE OR HAZE
[NO. OF DAYS WITH]      [WEATHER - DAYS WITH]      9 = BLOWING SNOW
                                                   X = TORNADO
MAX 32 OR BELOW:  13    0.01 INCH OR MORE:   8
MAX 90 OR ABOVE:   0    0.10 INCH OR MORE:   3
MIN 32 OR BELOW:  24    0.50 INCH OR MORE:   0
MIN  0 OR BELOW:   2    1.00 INCH OR MORE:   0

[HDD (BASE 65) ]
TOTAL THIS MO.  1036    CLEAR  (SCALE 0-3)   0
DPTR FM NORMAL   -49    PTCLDY (SCALE 4-7)   0
TOTAL FM JUL 1  8347    CLOUDY (SCALE 8-10)  0
DPTR FM NORMAL   638

[CDD (BASE 65) ]
TOTAL THIS MO.     0
DPTR FM NORMAL     0    [PRESSURE DATA]
TOTAL FM JAN 1     0    HIGHEST SLP M ON M
DPTR FM NORMAL     0    LOWEST  SLP M ON M
