000
CXUS51 KLWX 250620
CF6MRB
PRELIMINARY LOCAL CLIMATOLOGICAL DATA (WS FORM: F-6)

                                          STATION:   MARTINSBURG WV
                                          MONTH:     NOVEMBER
                                          YEAR:      2014
                                          LATITUDE:   39 24 N
                                          LONGITUDE:  77 59 W

  TEMPERATURE IN F:       :PCPN:    SNOW:  WIND      :SUNSHINE: SKY     :PK WND
================================================================================
1   2   3   4   5  6A  6B    7    8   9   10  11  12  13   14  15   16   17  18
                                     12Z  AVG MX 2MIN
DY MAX MIN AVG DEP HDD CDD  WTR  SNW DPTH SPD SPD DIR MIN PSBL S-S WX    SPD DR
================================================================================

 1  50  42  46  -3  19   0    T    M    M 13.0 30 340   M    M  10        41 330
 2  50  41  46  -3  19   0 0.00    M    M 15.6 28 330   M    M   5        39 310
 3  62  33  48   0  17   0 0.00    M    M  5.6 16 260   M    M   2        22 300
 4  74  41  58  10   7   0 0.00    M    M  4.0 12 180   M    M   1        16 220
 5  66  52  59  11   6   0 0.03    M    M  6.0 17 290   M    M   4 1      22 280
 6  67  51  59  11   6   0 0.40    M    M  6.3 28 270   M    M   8 18     32 270
 7  53  34  44  -3  21   0    T    M    M 13.3 30 310   M    M   7        38 300
 8  51  26  39  -8  26   0 0.00    M    M  5.5 14 180   M    M   0        20 180
 9  59  35  47   0  18   0 0.00    M    M  2.3 16 310   M    M   3        22 310
10  64  32  48   2  17   0 0.00    M    M  4.3 16 150   M    M   0 18     21 140
11  69  32  51   5  14   0 0.00    M    M  2.9 12 170   M    M   0 18     16 150
12  61  39  50   4  15   0 0.00    M    M  7.0 23 280   M    M   1 18     30 280
13  42  35  39  -6  26   0    T    M    M  5.6 20 330   M    M   9        26 340
14  40  29  35 -10  30   0 0.00    M    M 11.2 21 290   M    M   3        27 300
15  43  25  34 -10  31   0 0.00    M    M  4.3 13 280   M    M   0 8      17 290
16  42  28  35  -9  30   0 0.18    M    M  2.6  9 170   M    M   9 1      12 160
17  47  33  40  -4  25   0 0.33    M    M  6.4 29 280   M    M   8 18     37 290
18  33  19  26 -18  39   0 0.00    M    M 16.6 31 260   M    M   3        38 270
19  35  15  25 -18  40   0 0.00    M    M  8.1 21 270   M    M   2        29 280
20  50  31  41  -2  24   0 0.00    M    M 11.6 24 290   M    M   5        30 280
21  36  18  27 -15  38   0 0.00    M    M  9.4 24 280   M    M   2        31 290
22  49  13  31 -11  34   0 0.00    M    M  2.1 12 160   M    M   2 8      14 160
23  58  33  46   4  19   0 0.24    M    M  4.6 12 150   M    M   3 18     17 150
24  72  49  61  20   4   0 0.12    M    M  7.9 20 190   M    M   3 1      30 190
================================================================================
SM 1273  786       525   0  1.30    M    176.2          M       90
================================================================================
AV 53.0 32.8                               7.3 FASTST   M    M   4    MAX(MPH)
                                 MISC ---->  # 31 260               # 41  330
================================================================================
NOTES:
# LAST OF SEVERAL OCCURRENCES

COLUMN 17 PEAK WIND IN M.P.H.

PRELIMINARY LOCAL CLIMATOLOGICAL DATA (WS FORM: F-6) , PAGE 2

                                          STATION:  MARTINSBURG WV
                                          MONTH:    NOVEMBER
                                          YEAR:     2014
                                          LATITUDE:   39 24 N
                                          LONGITUDE:  77 59 W

[TEMPERATURE DATA]      [PRECIPITATION DATA]       SYMBOLS USED IN COLUMN 16

AVERAGE MONTHLY: 42.9   TOTAL FOR MONTH:   1.30    1 = FOG OR MIST
DPTR FM NORMAL:  -2.4   DPTR FM NORMAL:   -1.17    2 = FOG REDUCING VISIBILITY
HIGHEST:    74 ON  4    GRTST 24HR  0.51 ON 16-17      TO 1/4 MILE OR LESS
LOWEST:     13 ON 22                               3 = THUNDER
                        SNOW, ICE PELLETS, HAIL    4 = ICE PELLETS
                        TOTAL MONTH:    M          5 = HAIL
                        GRTST 24HR    M  ON   M    6 = FREEZING RAIN OR DRIZZLE
                        GRTST DEPTH:  M  ON   M    7 = DUSTSTORM OR SANDSTORM:
                                                       VSBY 1/2 MILE OR LESS
                                                   8 = SMOKE OR HAZE
[NO. OF DAYS WITH]      [WEATHER - DAYS WITH]      9 = BLOWING SNOW
                                                   X = TORNADO
MAX 32 OR BELOW:   0    0.01 INCH OR MORE:   6
MAX 90 OR ABOVE:   0    0.10 INCH OR MORE:   5
MIN 32 OR BELOW:  11    0.50 INCH OR MORE:   0
MIN  0 OR BELOW:   0    1.00 INCH OR MORE:   0

[HDD (BASE 65) ]
TOTAL THIS MO.   525    CLEAR  (SCALE 0-3)  11
DPTR FM NORMAL    52    PTCLDY (SCALE 4-7)   9
TOTAL FM JUL 1   813    CLOUDY (SCALE 8-10)  4
DPTR FM NORMAL  -106

[CDD (BASE 65) ]
TOTAL THIS MO.     0
DPTR FM NORMAL     0    [PRESSURE DATA]
TOTAL FM JAN 1   958    HIGHEST SLP M ON M
DPTR FM NORMAL    63    LOWEST  SLP 29.56 ON 17

[REMARKS]
