000
CXUS51 KLWX 300620
CF6MRB
PRELIMINARY LOCAL CLIMATOLOGICAL DATA (WS FORM: F-6)

                                          STATION:   MARTINSBURG WV
                                          MONTH:     SEPTEMBER
                                          YEAR:      2014
                                          LATITUDE:   39 24 N
                                          LONGITUDE:  77 59 W

  TEMPERATURE IN F:       :PCPN:    SNOW:  WIND      :SUNSHINE: SKY     :PK WND
================================================================================
1   2   3   4   5  6A  6B    7    8   9   10  11  12  13   14  15   16   17  18
                                     12Z  AVG MX 2MIN
DY MAX MIN AVG DEP HDD CDD  WTR  SNW DPTH SPD SPD DIR MIN PSBL S-S WX    SPD DR
================================================================================

 1  91  71  81  11   0  16 0.01    M    M  3.5 22 270   M    M   6        26 270
 2  92  70  81  11   0  16 0.23    M    M  5.8 38 270   M    M   3 3      51 280
 3  85  68  77   7   0  12 0.00    M    M  2.7 10  90   M    M   1        15 330
 4  89  64  77   7   0  12 0.00    M    M  4.0 15 130   M    M   2 18     19 140
 5  90  68  79  10   0  14 0.32    M    M  2.1 15 350   M    M   1 18     23 150
 6  92  68  80  11   0  15 1.16    M    M  5.4 23 340   M    M   2 1      30 340
 7  78  57  68  -1   0   3 0.00    M    M  5.5 16  20   M    M   1        19 360
 8  77  53  65  -3   0   0 0.00    M    M  2.3 14 110   M    M   5        23 110
 9  73  63  68   0   0   3 0.00    M    M  2.8  8  40   M    M  10 18     11 360
10  80  65  73   5   0   8 0.00    M    M  5.4 14 140   M    M   6 8      25 150
11  85  66  76   9   0  11 0.00    M    M  6.9 17 330   M    M   5        24 320
12  74  59  67   0   0   2 0.00    M    M  5.4 14 310   M    M   2        18 300
13  69  56  63  -3   2   0 0.10    M    M  3.7 14 310   M    M   6 18     18 320
14  69  44  57  -9   8   0 0.00    M    M  2.8  8 360   M    M   1        14 350
15  74  45  60  -6   5   0 0.00    M    M  1.9  8  80   M    M   2 1      10 140
16  76  52  64  -1   1   0 0.01    M    M  5.8 20 320   M    M   6 1      25 320
17  74  45  60  -5   5   0 0.00    M    M  1.4  8 150   M    M   2 18     11 160
18  78  51  65   1   0   0 0.00    M    M  2.4 12 360   M    M   4 18     16 350
19  73  50  62  -2   3   0 0.00    M    M  5.0 12  80   M    M   8        16 130
20  81  60  71   7   0   6 0.00    M    M  6.9 17 140   M    M   4 18     22 140
21  86  53  70   7   0   5    T    M    M  7.0 26 290   M    M   3 18     35 290
22  71  49  60  -3   5   0 0.00    M    M 11.4 24 280   M    M   3        29 320
23  71  41  56  -6   9   0 0.00    M    M  1.7  8 110   M    M   0        13  40
24  68  43  56  -6   9   0 0.05    M    M  4.6 14 100   M    M   4 18     18  90
25  70  58  64   2   1   0 0.36    M    M  8.0 14  10   M    M  10 18     23 360
26  77  52  65   4   0   0 0.00    M    M  3.0 14 360   M    M   4 12     18  20
27  81  47  64   3   1   0 0.00    M    M  1.4 10  50   M    M   0 18     14 350
28  78  48  63   3   2   0 0.00    M    M  1.2  8 160   M    M   1 128    12 140
29  77  59  68   8   0   3 0.00    M    M  1.6  7 170   M    M   2 1       9 210
================================================================================
SM 2279 1625        51 126  2.24    M    121.6          M      104
================================================================================
AV 78.6 56.0                               4.2 FASTST   M    M   4    MAX(MPH)
                                 MISC ---->  # 38 270               # 51  280
================================================================================
NOTES:
# LAST OF SEVERAL OCCURRENCES

COLUMN 17 PEAK WIND IN M.P.H.

PRELIMINARY LOCAL CLIMATOLOGICAL DATA (WS FORM: F-6) , PAGE 2

                                          STATION:  MARTINSBURG WV
                                          MONTH:    SEPTEMBER
                                          YEAR:     2014
                                          LATITUDE:   39 24 N
                                          LONGITUDE:  77 59 W

[TEMPERATURE DATA]      [PRECIPITATION DATA]       SYMBOLS USED IN COLUMN 16

AVERAGE MONTHLY: 67.3   TOTAL FOR MONTH:   2.24    1 = FOG OR MIST
DPTR FM NORMAL:   1.8   DPTR FM NORMAL:   -1.20    2 = FOG REDUCING VISIBILITY
HIGHEST:    92 ON  6, 2 GRTST 24HR  1.16 ON  6- 6      TO 1/4 MILE OR LESS
LOWEST:     41 ON 23                               3 = THUNDER
                        SNOW, ICE PELLETS, HAIL    4 = ICE PELLETS
                        TOTAL MONTH:    M          5 = HAIL
                        GRTST 24HR    M  ON   M    6 = FREEZING RAIN OR DRIZZLE
                        GRTST DEPTH:  M  ON   M    7 = DUSTSTORM OR SANDSTORM:
                                                       VSBY 1/2 MILE OR LESS
                                                   8 = SMOKE OR HAZE
[NO. OF DAYS WITH]      [WEATHER - DAYS WITH]      9 = BLOWING SNOW
                                                   X = TORNADO
MAX 32 OR BELOW:   0    0.01 INCH OR MORE:   8
MAX 90 OR ABOVE:   4    0.10 INCH OR MORE:   5
MIN 32 OR BELOW:   0    0.50 INCH OR MORE:   1
MIN  0 OR BELOW:   0    1.00 INCH OR MORE:   1

[HDD (BASE 65) ]
TOTAL THIS MO.    51    CLEAR  (SCALE 0-3)  15
DPTR FM NORMAL   -28    PTCLDY (SCALE 4-7)  12
TOTAL FM JUL 1    54    CLOUDY (SCALE 8-10)  2
DPTR FM NORMAL   -32

[CDD (BASE 65) ]
TOTAL THIS MO.   126
DPTR FM NORMAL    34    [PRESSURE DATA]
TOTAL FM JAN 1   954    HIGHEST SLP M ON M
DPTR FM NORMAL    70    LOWEST  SLP 29.65 ON 21

[REMARKS]
