808
CXUS51 KLWX 240620
CF6MRB
PRELIMINARY LOCAL CLIMATOLOGICAL DATA (WS FORM: F-6)

                                          STATION:   MARTINSBURG WV
                                          MONTH:     MAY
                                          YEAR:      2016
                                          LATITUDE:   39 24 N
                                          LONGITUDE:  77 59 W

  TEMPERATURE IN F:       :PCPN:    SNOW:  WIND      :SUNSHINE: SKY     :PK WND
================================================================================
1   2   3   4   5  6A  6B    7    8   9   10  11  12  13   14  15   16   17  18
                                     12Z  AVG MX 2MIN
DY MAX MIN AVG DEP HDD CDD  WTR  SNW DPTH SPD SPD DIR MIN PSBL S-S WX    SPD DR
================================================================================

 1  62  51  57   0   8   0 0.71    M    M  6.9 12 150   M    M  10 1      17 170
 2  84  54  69  12   0   4 0.07    M    M  6.3 21 260   M    M   6 18     26 260
 3  71  57  64   6   1   0 0.33    M    M  4.3 14 160   M    M   9 1      19 130
 4  65  53  59   1   6   0 0.33    M    M  4.3 13 300   M    M   9 12     16  90
 5  58  50  54  -4  11   0 0.22    M    M  6.8 14  30   M    M  10 1      17  10
 6  55  49  52  -6  13   0 0.54    M    M  9.0 17 320   M    M  10 1      25 330
 7  65  49  57  -2   8   0 0.01    M    M  2.6  9 340   M    M   9 1      13  70
 8  70  48  59   0   6   0 0.09    M    M  9.3 23 300   M    M   2 1      32 310
 9  60  42  51  -8  14   0 0.02    M    M  3.6 12 230   M    M   6        17 220
10  59  50  55  -4  10   0 0.15    M    M  3.2 10  10   M    M   9 1      13 350
11  59  52  56  -4   9   0 0.17    M    M  2.4  7 360   M    M  10 1       8  40
12  69  56  63   3   2   0 0.00    M    M  3.5 10 140   M    M  10 1      14 190
13  77  51  64   4   1   0 0.11    M    M  6.0 22 280   M    M   6 1      28 280
14  70  46  58  -2   7   0 0.08    M    M 10.0 35 280   M    M   4 1      46 280
15  58  36  47 -14  18   0    T    M    M 13.7 29 280   M    M   6        37 270
16  67  36  52  -9  13   0 0.00    M    M  6.2 16 290   M    M   2        22 270
17  59  48  54  -7  11   0 0.08    M    M  2.3  9 160   M    M   8 1      11 350
18  57  50  54  -8  11   0 0.05    M    M  5.1 12  10   M    M  10 1      15 360
19  73  47  60  -2   5   0 0.00    M    M  2.2 12  30   M    M   6 18     14  30
20  74  42  58  -4   7   0 0.00    M    M  2.9 13 150   M    M   0 1      17 150
21  62  51  57  -5   8   0 0.71    M    M  5.7 10  30   M    M  10 1      14  20
22  55  51  53 -10  12   0 0.72    M    M  6.4 13 340   M    M  10 1      16  10
23  76  52  64   1   1   0 0.09    M    M  3.5 22  30   M    M   6 1      31  40
================================================================================
SM 1505 1121       182   4  4.48    M    126.2          M      168
================================================================================
AV 65.4 48.7                               5.5 FASTST   M    M   7    MAX(MPH)
                                 MISC ---->  # 35 280               # 46  280
================================================================================
NOTES:
# LAST OF SEVERAL OCCURRENCES

COLUMN 17 PEAK WIND IN M.P.H.

PRELIMINARY LOCAL CLIMATOLOGICAL DATA (WS FORM: F-6) , PAGE 2

                                          STATION:  MARTINSBURG WV
                                          MONTH:    MAY
                                          YEAR:     2016
                                          LATITUDE:   39 24 N
                                          LONGITUDE:  77 59 W

[TEMPERATURE DATA]      [PRECIPITATION DATA]       SYMBOLS USED IN COLUMN 16

AVERAGE MONTHLY: 57.1   TOTAL FOR MONTH:   4.48    1 = FOG OR MIST
DPTR FM NORMAL:  -2.9   DPTR FM NORMAL:    1.44    2 = FOG REDUCING VISIBILITY
HIGHEST:    84 ON  2    GRTST 24HR  0.73 ON 21-22      TO 1/4 MILE OR LESS
LOWEST:     36 ON 16,15                            3 = THUNDER
                        SNOW, ICE PELLETS, HAIL    4 = ICE PELLETS
                        TOTAL MONTH:    M          5 = HAIL
                        GRTST 24HR    M  ON   M    6 = FREEZING RAIN OR DRIZZLE
                        GRTST DEPTH:  M  ON   M    7 = DUSTSTORM OR SANDSTORM:
                                                       VSBY 1/2 MILE OR LESS
                                                   8 = SMOKE OR HAZE
[NO. OF DAYS WITH]      [WEATHER - DAYS WITH]      9 = BLOWING SNOW
                                                   X = TORNADO
MAX 32 OR BELOW:   0    0.01 INCH OR MORE:  18
MAX 90 OR ABOVE:   0    0.10 INCH OR MORE:  10
MIN 32 OR BELOW:   0    0.50 INCH OR MORE:   4
MIN  0 OR BELOW:   0    1.00 INCH OR MORE:   0

[HDD (BASE 65) ]
TOTAL THIS MO.   182    CLEAR  (SCALE 0-3)   3
DPTR FM NORMAL    39    PTCLDY (SCALE 4-7)   8
TOTAL FM JUL 1  4473    CLOUDY (SCALE 8-10) 12
DPTR FM NORMAL  -727

[CDD (BASE 65) ]
TOTAL THIS MO.     4
DPTR FM NORMAL   -26    [PRESSURE DATA]
TOTAL FM JAN 1    16    HIGHEST SLP M ON M
DPTR FM NORMAL   -23    LOWEST  SLP 29.62 ON  5

[REMARKS]
