000
CXUS56 KMTR 290900
CF6MRY
PRELIMINARY LOCAL CLIMATOLOGICAL DATA (WS FORM: F-6)
STATION: MONTEREY AIRPORT
MONTH: MARCH
YEAR: 2024
LATITUDE: 36 34 N
LONGITUDE: 121 51 W
TEMPERATURE IN F: :PCPN: SNOW: WIND :SUNSHINE: SKY :PK WND
================================================================================
1 2 3 4 5 6A 6B 7 8 9 10 11 12 13 14 15 16 17 18
12Z AVG MX 2MIN
DY MAX MIN AVG DEP HDD CDD WTR SNW DPTH SPD SPD DIR MIN PSBL S-S WX SPD DR
================================================================================
1 59 51 55 1 10 0 0.42 M M 11.1 23 220 M M 8 18 40 210
2 55 47 51 -3 14 0 0.40 M M 12.1 26 230 M M 9 18 41 220
3 56 46 51 -3 14 0 0.03 M M 7.1 18 300 M M 8 1 26 320
4 58 45 52 -2 13 0 0.04 M M 4.7 10 300 M M 3 1 14 350
5 63 45 54 0 11 0 0.00 M M 5.0 13 260 M M 7 17 240
6 58 50 54 0 11 0 0.20 M M 5.7 17 310 M M 9 1 27 300
7 56 48 52 -2 13 0 T M M 8.9 17 300 M M 7 25 310
8 64 43 54 0 11 0 0.00 M M 5.2 12 340 M M 0 16 340
9 60 48 54 0 11 0 0.00 M M 4.5 12 300 M M 4 16 300
10 59 50 55 1 10 0 0.00 M M 5.6 10 250 M M 6 18 M M
11 58 49 54 0 11 0 0.12 M M 5.7 14 250 M M 8 18 19 270
12 61 50 56 2 9 0 0.01 M M 8.0 17 240 M M 8 18 24 230
13 59 47 53 -1 12 0 0.00 M M 6.1 14 320 M M 1 22 300
14 69 44 57 3 8 0 0.00 M M 8.2 16 70 M M 0 25 50
15 69 48 59 5 6 0 0.00 M M 7.6 16 240 M M 0 20 230
16 66 44 55 1 10 0 0.00 M M 5.5 13 240 M M 1 17 260
17 61 43 52 -2 13 0 0.00 M M 5.1 13 300 M M 0 18 300
18 63 44 54 0 11 0 0.00 M M 5.5 13 330 M M 3 12 16 310
19 60 45 53 -1 12 0 0.00 M M 4.2 13 340 M M 4 1 17 340
20 63 45 54 0 11 0 0.00 M M 5.3 14 310 M M 2 12 20 310
21 65 46 56 2 9 0 0.00 M M 4.9 13 310 M M 1 17 310
22 70 50 60 6 5 0 0.45 M M 8.1 20 260 M M 4 1 30 260
23 58 49 54 0 11 0 0.42 M M 7.3 21 240 M M 7 18 30 240
24 58 48 53 -1 12 0 0.22 M M 11.2 22 290 M M 8 1 34 300
25 58 52 55 1 10 0 0.00 M M 8.6 16 310 M M 9 25 310
26 57 49 53 -1 12 0 0.03 M M 6.9 14 310 M M 6 1 22 330
27 60 45 53 -1 12 0 T M M 7.6 21 240 M M 6 29 240
28 60 47 54 0 11 0 0.10 M M 6.3 16 260 M M 3 1 23 280
================================================================================
SM 1703 1318 303 0 2.44 M 192.0 M 132
================================================================================
AV 60.8 47.1 6.9 FASTST M M 5 MAX(MPH)
MISC ----> 26 230 41 220
================================================================================
NOTES:
# LAST OF SEVERAL OCCURRENCES
COLUMN 17 PEAK WIND IN M.P.H.
PRELIMINARY LOCAL CLIMATOLOGICAL DATA (WS FORM: F-6) , PAGE 2
STATION: MONTEREY AIRPORT
MONTH: MARCH
YEAR: 2024
LATITUDE: 36 34 N
LONGITUDE: 121 51 W
[TEMPERATURE DATA] [PRECIPITATION DATA] SYMBOLS USED IN COLUMN 16
AVERAGE MONTHLY: 53.9 TOTAL FOR MONTH: 2.44 1 = FOG OR MIST
DPTR FM NORMAL: -0.1 DPTR FM NORMAL: -0.13 2 = FOG REDUCING VISIBILITY
HIGHEST: 70 ON 22 GRTST 24HR 0.81 ON 22-23 TO 1/4 MILE OR LESS
LOWEST: 43 ON 17, 8 3 = THUNDER
SNOW, ICE PELLETS, HAIL 4 = ICE PELLETS
TOTAL MONTH: M 5 = HAIL
GRTST 24HR M ON M 6 = FREEZING RAIN OR DRIZZLE
GRTST DEPTH: M ON M 7 = DUSTSTORM OR SANDSTORM:
VSBY 1/2 MILE OR LESS
8 = SMOKE OR HAZE
[NO. OF DAYS WITH] [WEATHER - DAYS WITH] 9 = BLOWING SNOW
X = TORNADO
MAX 32 OR BELOW: 0 0.01 INCH OR MORE: 12
MAX 90 OR ABOVE: 0 0.10 INCH OR MORE: 8
MIN 32 OR BELOW: 0 0.50 INCH OR MORE: 0
MIN 0 OR BELOW: 0 1.00 INCH OR MORE: 0
[HDD (BASE 65) ]
TOTAL THIS MO. 303 CLEAR (SCALE 0-3) 10
DPTR FM NORMAL -5 PTCLDY (SCALE 4-7) 13
TOTAL FM JUL 1 1983 CLOUDY (SCALE 8-10) 5
DPTR FM NORMAL -189
[CDD (BASE 65) ]
TOTAL THIS MO. 0
DPTR FM NORMAL 0 [PRESSURE DATA]
TOTAL FM JAN 1 0 HIGHEST SLP M ON M
DPTR FM NORMAL 0 LOWEST SLP 29.82 ON 15
[REMARKS]