000
CXUS56 KMTR 281000
CF6MRY
PRELIMINARY LOCAL CLIMATOLOGICAL DATA (WS FORM: F-6)

                                          STATION:   MONTEREY AIRPORT
                                          MONTH:     AUGUST
                                          YEAR:      2014
                                          LATITUDE:   36 34 N
                                          LONGITUDE: 121 51 W

  TEMPERATURE IN F:       :PCPN:    SNOW:  WIND      :SUNSHINE: SKY     :PK WND
================================================================================
1   2   3   4   5  6A  6B    7    8   9   10  11  12  13   14  15   16   17  18
                                     12Z  AVG MX 2MIN
DY MAX MIN AVG DEP HDD CDD  WTR  SNW DPTH SPD SPD DIR MIN PSBL S-S WX    SPD DR
================================================================================

 1  70  56  63   2   2   0 0.00  0.0    0  5.2 14 280   M    M   7 1      18 290
 2  65  56  61   0   4   0 0.00  0.0    0  7.1 12 280   M    M   8 1       M  M
 3  65  57  61   0   4   0 0.00  0.0    0  4.5 14 260   M    M  10 1      20 220
 4  70  58  64   3   1   0 0.00  0.0    0  7.6 22 240   M    M   8        29 220
 5  68  60  64   3   1   0 0.00  0.0    0  4.8 13 300   M    M   8        17 310
 6  73  59  66   5   0   1 0.00  0.0    0  5.0 15 210   M    M   7 1      17 240
 7  68  59  64   3   1   0 0.00  0.0    0  5.9 14 220   M    M   9 1      17 200
 8  68  58  63   2   2   0 0.00  0.0    0  6.8 15 260   M    M   5 8      21 240
 9  65  58  62   1   3   0 0.00  0.0    0  7.2 13 240   M    M  10        16 220
10  68  57  63   2   2   0 0.00  0.0    0  5.3 14 280   M    M   8 1      20 280
11  70  58  64   3   1   0 0.00  0.0    0  6.4 20 230   M    M   5        23 240
12  70  59  65   4   0   0 0.00  0.0    0  5.7 15 230   M    M   7        21 230
13  75  59  67   5   0   2 0.00  0.0    0  6.2 13 290   M    M   6        17 300
14  70  58  64   2   1   0 0.00  0.0    0  4.8 12 250   M    M   6 1      16 290
15  69  57  63   1   2   0 0.00  0.0    0  3.9 17 220   M    M   7        22 220
16  71  57  64   2   1   0 0.00  0.0    0  4.2 13 250   M    M   6 8      18 240
17  67  54  61  -1   4   0 0.00  0.0    0  5.9 13 300   M    M   7 1      17 310
18  66  56  61  -1   4   0 0.01  0.0    0  5.9 14 280   M    M  10 1      17 280
19  67  58  63   1   2   0 0.03  0.0    0  5.1 16 230   M    M   9 1      21 220
20  72  60  66   4   0   1 0.00  0.0    0  6.0 21 220   M    M   7        28 220
21  70  58  64   2   1   0 0.00  0.0    0  4.6 15 230   M    M   6        18 220
22  72  57  65   3   0   0 0.00  0.0    0  6.0 21 230   M    M   7        25 240
23  71  57  64   2   1   0 0.00  0.0    0  7.7 21 220   M    M   5        25 220
24  72  56  64   2   1   0 0.00  0.0    0  5.8 21 220   M    M   4        25 220
25  71  58  65   3   0   0 0.00  0.0    0  7.5 21 220   M    M   6        26 240
26  70  57  64   2   1   0 0.00  0.0    0  5.2 14 280   M    M   4        20 270
27  77  54  66   4   0   1 0.00  0.0    0  5.5 14 300   M    M   1        26 330
================================================================================
SM 1880 1551        39   5  0.04     0.0 155.8          M      183
================================================================================
AV 69.6 57.4                               5.8 FASTST   M    M   7    MAX(MPH)
                                 MISC ---->  # 22 240               # 29  220
================================================================================
NOTES:
# LAST OF SEVERAL OCCURRENCES

COLUMN 17 PEAK WIND IN M.P.H.

PRELIMINARY LOCAL CLIMATOLOGICAL DATA (WS FORM: F-6) , PAGE 2

                                          STATION:  MONTEREY AIRPORT
                                          MONTH:    AUGUST
                                          YEAR:     2014
                                          LATITUDE:   36 34 N
                                          LONGITUDE: 121 51 W

[TEMPERATURE DATA]      [PRECIPITATION DATA]       SYMBOLS USED IN COLUMN 16

AVERAGE MONTHLY: 63.5   TOTAL FOR MONTH:   0.04    1 = FOG OR MIST
DPTR FM NORMAL:   2.0   DPTR FM NORMAL:    0.01    2 = FOG REDUCING VISIBILITY
HIGHEST:    77 ON 27    GRTST 24HR  0.04 ON 18-19      TO 1/4 MILE OR LESS
LOWEST:     54 ON 27,17                            3 = THUNDER
                        SNOW, ICE PELLETS, HAIL    4 = ICE PELLETS
                        TOTAL MONTH:   0.0 INCH    5 = HAIL
                        GRTST 24HR     0.0         6 = FREEZING RAIN OR DRIZZLE
                        GRTST DEPTH:   0           7 = DUSTSTORM OR SANDSTORM:
                                                       VSBY 1/2 MILE OR LESS
                                                   8 = SMOKE OR HAZE
[NO. OF DAYS WITH]      [WEATHER - DAYS WITH]      9 = BLOWING SNOW
                                                   X = TORNADO
MAX 32 OR BELOW:   0    0.01 INCH OR MORE:   2
MAX 90 OR ABOVE:   0    0.10 INCH OR MORE:   0
MIN 32 OR BELOW:   0    0.50 INCH OR MORE:   0
MIN  0 OR BELOW:   0    1.00 INCH OR MORE:   0

[HDD (BASE 65) ]
TOTAL THIS MO.    39    CLEAR  (SCALE 0-3)   1
DPTR FM NORMAL   -56    PTCLDY (SCALE 4-7)  21
TOTAL FM JUL 1    97    CLOUDY (SCALE 8-10)  5
DPTR FM NORMAL  -144

[CDD (BASE 65) ]
TOTAL THIS MO.     5
DPTR FM NORMAL     5    [PRESSURE DATA]
TOTAL FM JAN 1    73    HIGHEST SLP M ON M
DPTR FM NORMAL    63    LOWEST  SLP 29.80 ON 19

[REMARKS]
