000
CXUS56 KMTR 271000
CF6MRY
PRELIMINARY LOCAL CLIMATOLOGICAL DATA (WS FORM: F-6)

                                          STATION:   MONTEREY AIRPORT
                                          MONTH:     FEBRUARY
                                          YEAR:      2015
                                          LATITUDE:   36 34 N
                                          LONGITUDE: 121 51 W

  TEMPERATURE IN F:       :PCPN:    SNOW:  WIND      :SUNSHINE: SKY     :PK WND
================================================================================
1   2   3   4   5  6A  6B    7    8   9   10  11  12  13   14  15   16   17  18
                                     12Z  AVG MX 2MIN
DY MAX MIN AVG DEP HDD CDD  WTR  SNW DPTH SPD SPD DIR MIN PSBL S-S WX    SPD DR
================================================================================

 1  71  42  57   5   8   0 0.00  0.0    0  2.9 16 230   M    M   0        20 290
 2  65  43  54   2  11   0 0.00  0.0    0  2.8 10 100   M    M   0 18     17 270
 3  73  46  60   8   5   0 0.00  0.0    0  2.3 10  90   M    M   0        12  90
 4  63  44  54   2  11   0 0.00  0.0    0  4.1 10  90   M    M   3 128    13 220
 5  63  49  56   4   9   0 0.00  0.0    0  3.3 10 100   M    M   3        12 100
 6  71  51  61   9   4   0 0.22  0.0    0 11.4 24 160   M    M   6 8      37 120
 7  70  57  64  12   1   0 0.16  0.0    0  4.8 22 150   M    M   7 18     31 150
 8  71  54  63  11   2   0 0.35  0.0    0  9.6 23 150   M    M   9 128    36 150
 9  65  51  58   6   7   0 0.09  0.0    M  3.9 17 200   M    M   6 18     24 200
10  69  45  57   5   8   0 0.01    M    0  5.1 14 100   M    M   0        16 340
11  75  42  59   6   6   0 0.00  0.0    0  4.7 15 100   M    M   0        17  90
12  77  48  63  10   2   0 0.00  0.0    0  4.2 13 100   M    M   0        14 100
13  79  53  66  13   0   1 0.00  0.0    0  4.1 14  90   M    M   0        21 140
14  76  49  63  10   2   0 0.00  0.0    0  4.6 15 100   M    M   0        16 280
15  77  50  64  11   1   0 0.00  0.0    0  4.4 12 100   M    M   0        23 140
16  63  45  54   1  11   0 0.00  0.0    0  3.8 14 220   M    M   4 128    17 230
17  57  52  55   2  10   0 0.00  0.0    0  3.3  8 240   M    M  10        10 220
18  62  53  58   5   7   0 0.00  0.0    0  3.7  9 300   M    M   8 8      13 280
19  58  50  54   1  11   0 0.00  0.0    0  3.4  8 240   M    M   9 128    10 240
20  69  49  59   6   6   0 0.00  0.0    0  2.8 10 290   M    M   6 18     14 310
21  65  44  55   2  10   0 0.00    M    0  4.7 16 210   M    M   5 12     22 200
22  63  48  56   3   9   0 0.00  0.0    0  4.6 14 100   M    M   6        20  10
23  62  40  51  -2  14   0 0.00  0.0    0  4.9 13  40   M    M   0        28 100
24  66  42  54   1  11   0 0.00  0.0    0  4.3 10  90   M    M   0        13 280
25  62  46  54   1  11   0 0.00  0.0    0  5.4 12 280   M    M   3 8      16 270
26  64  47  56   3   9   0 0.00  0.0    0  6.2 16 250   M    M   4        21 250
================================================================================
SM 1756 1240       186   1  0.83     0.0 119.3          M       89
================================================================================
AV 67.5 47.7                               4.6 FASTST   M    M   3    MAX(MPH)
                                 MISC ---->  # 24 160               # 37  120
================================================================================
NOTES:
# LAST OF SEVERAL OCCURRENCES

COLUMN 17 PEAK WIND IN M.P.H.

PRELIMINARY LOCAL CLIMATOLOGICAL DATA (WS FORM: F-6) , PAGE 2

                                          STATION:  MONTEREY AIRPORT
                                          MONTH:    FEBRUARY
                                          YEAR:     2015
                                          LATITUDE:   36 34 N
                                          LONGITUDE: 121 51 W

[TEMPERATURE DATA]      [PRECIPITATION DATA]       SYMBOLS USED IN COLUMN 16

AVERAGE MONTHLY: 57.6   TOTAL FOR MONTH:   0.83    1 = FOG OR MIST
DPTR FM NORMAL:   5.0   DPTR FM NORMAL:   -2.01    2 = FOG REDUCING VISIBILITY
HIGHEST:    79 ON 13    GRTST 24HR  0.42 ON  8- 9      TO 1/4 MILE OR LESS
LOWEST:     40 ON 23                               3 = THUNDER
                        SNOW, ICE PELLETS, HAIL    4 = ICE PELLETS
                        TOTAL MONTH:   0.0 INCH    5 = HAIL
                        GRTST 24HR     0.0         6 = FREEZING RAIN OR DRIZZLE
                        GRTST DEPTH:   0           7 = DUSTSTORM OR SANDSTORM:
                                                       VSBY 1/2 MILE OR LESS
                                                   8 = SMOKE OR HAZE
[NO. OF DAYS WITH]      [WEATHER - DAYS WITH]      9 = BLOWING SNOW
                                                   X = TORNADO
MAX 32 OR BELOW:   0    0.01 INCH OR MORE:   5
MAX 90 OR ABOVE:   0    0.10 INCH OR MORE:   3
MIN 32 OR BELOW:   0    0.50 INCH OR MORE:   0
MIN  0 OR BELOW:   0    1.00 INCH OR MORE:   0

[HDD (BASE 65) ]
TOTAL THIS MO.   186    CLEAR  (SCALE 0-3)  12
DPTR FM NORMAL  -136    PTCLDY (SCALE 4-7)  11
TOTAL FM JUL 1  1199    CLOUDY (SCALE 8-10)  3
DPTR FM NORMAL  -878

[CDD (BASE 65) ]
TOTAL THIS MO.     1
DPTR FM NORMAL     1    [PRESSURE DATA]
TOTAL FM JAN 1     2    HIGHEST SLP M ON M
DPTR FM NORMAL     2    LOWEST  SLP 29.76 ON  6

[REMARKS]
