000
CXUS55 KMSO 310800
CF6MSO
PRELIMINARY LOCAL CLIMATOLOGICAL DATA (WS FORM: F-6)

                                          STATION:   MISSOULA MT
                                          MONTH:     OCTOBER
                                          YEAR:      2014
                                          LATITUDE:   46 55 N
                                          LONGITUDE: 114  5 W

  TEMPERATURE IN F:       :PCPN:    SNOW:  WIND      :SUNSHINE: SKY     :PK WND
================================================================================
1   2   3   4   5  6A  6B    7    8   9   10  11  12  13   14  15   16   17  18
                                     12Z  AVG MX 2MIN
DY MAX MIN AVG DEP HDD CDD  WTR  SNW DPTH SPD SPD DIR MIN PSBL S-S WX    SPD DR
================================================================================

 1  60  42  51   0  14   0 0.00  0.0    0  5.6 24 270   M    M  10        29 270
 2  61  42  52   1  13   0 0.00  0.0    0  9.6 22 290   M    M   6        27 270
 3  62  28  45  -5  20   0 0.00  0.0    0  2.0 14 120   M    M   0        17 120
 4  75  33  54   4  11   0 0.00  0.0    0  5.8 18 300   M    M   3        25 310
 5  76  48  62  13   3   0 0.00  0.0    0  5.0 17 280   M    M   3        22 290
 6  79  39  59  10   6   0 0.00  0.0    0  4.4 24 290   M    M   1        29 290
 7  80  44  62  13   3   0 0.00  0.0    0  3.6 20 260   M    M   2 8      23 270
 8  77  42  60  12   5   0 0.00  0.0    0  2.6 12 320   M    M   0        15 330
 9  74  43  59  11   6   0 0.00  0.0    0  3.0 15  10   M    M   1        22  20
10  73  37  55   8  10   0 0.00  0.0    0  2.3 10 290   M    M   0        13 310
11  65  41  53   6  12   0 0.28  0.0    0  5.4 29 290   M    M   7        36 300
12  55  40  48   2  17   0 0.04  0.0    0  5.0 16 290   M    M   7 1      22 260
13  66  37  52   6  13   0 0.00  0.0    0  3.3 15 150   M    M   3        19 160
14  70  36  53   7  12   0 0.00  0.0    0  4.6 18 320   M    M   1        25 310
15  60  37  49   4  16   0 0.07  0.0    0  5.2 33 240   M    M   4 1      40 240
16  57  36  47   2  18   0    T  0.0    0  2.4  9 230   M    M   2        10 230
17  59  26  43  -2  22   0 0.00  0.0    0  1.0  7  90   M    M   1 1       8  90
18  63  39  51   7  14   0 0.00  0.0    0  1.6  9 120   M    M   4 8      11 130
19  66  32  49   5  16   0 0.00  0.0    0  1.8  8 120   M    M   0 1       9 120
20  70  30  50   6  15   0 0.00  0.0    0  1.5  8  40   M    M   2 1      10  40
21  55  42  49   6  16   0 0.56  0.0    0  4.7 16 330   M    M   8 1      20 320
22  62  33  48   5  17   0 0.00  0.0    0  5.3 16 160   M    M   4 12     20 140
23  61  46  54  12  11   0 0.06  0.0    0  5.9 29 290   M    M   8 1      37 300
24  52  42  47   5  18   0 0.09  0.0    0  3.6 13 160   M    M   9 1      16 140
25  53  39  46   4  19   0 0.00  0.0    0  4.4 15 110   M    M   2 128    16 110
26  51  40  46   5  19   0 0.01  0.0    0  8.8 23 260   M    M   8        29 250
27  50  29  40  -1  25   0    T    T    0  4.6 21 270   M    M   7 4      25 260
28  46  24  35  -6  30   0 0.05  0.0    0  1.8 12 340   M    M   6        14 330
29  50  36  43   3  22   0    T    M    0  2.3  9 290   M    M   8 12     11 340
30  56  36  46   6  19   0 0.00  0.0    0  1.7  8 320   M    M   4 128    10 300
================================================================================
SM 1884 1119       442   0  1.16    T    118.8          M      121
================================================================================
AV 62.8 37.3                               4.0 FASTST   M    M   4    MAX(MPH)
                                 MISC ---->  # 33 240               # 40  240
================================================================================
NOTES:
# LAST OF SEVERAL OCCURRENCES

COLUMN 17 PEAK WIND IN M.P.H.

PRELIMINARY LOCAL CLIMATOLOGICAL DATA (WS FORM: F-6) , PAGE 2

                                          STATION:  MISSOULA MT
                                          MONTH:    OCTOBER
                                          YEAR:     2014
                                          LATITUDE:   46 55 N
                                          LONGITUDE: 114  5 W

[TEMPERATURE DATA]      [PRECIPITATION DATA]       SYMBOLS USED IN COLUMN 16

AVERAGE MONTHLY: 50.0   TOTAL FOR MONTH:   1.16    1 = FOG OR MIST
DPTR FM NORMAL:   4.8   DPTR FM NORMAL:    0.31    2 = FOG REDUCING VISIBILITY
HIGHEST:    80 ON  7    GRTST 24HR  0.56 ON 21-21      TO 1/4 MILE OR LESS
LOWEST:     24 ON 28                               3 = THUNDER
                        SNOW, ICE PELLETS, HAIL    4 = ICE PELLETS
                        TOTAL MONTH:    T          5 = HAIL
                        GRTST 24HR    T  ON 27-27  6 = FREEZING RAIN OR DRIZZLE
                        GRTST DEPTH:   0           7 = DUSTSTORM OR SANDSTORM:
                                                       VSBY 1/2 MILE OR LESS
                                                   8 = SMOKE OR HAZE
[NO. OF DAYS WITH]      [WEATHER - DAYS WITH]      9 = BLOWING SNOW
                                                   X = TORNADO
MAX 32 OR BELOW:   0    0.01 INCH OR MORE:   8
MAX 90 OR ABOVE:   0    0.10 INCH OR MORE:   2
MIN 32 OR BELOW:   6    0.50 INCH OR MORE:   1
MIN  0 OR BELOW:   0    1.00 INCH OR MORE:   0

[HDD (BASE 65) ]
TOTAL THIS MO.   442    CLEAR  (SCALE 0-3)  14
DPTR FM NORMAL  -149    PTCLDY (SCALE 4-7)  13
TOTAL FM JUL 1   675    CLOUDY (SCALE 8-10)  3
DPTR FM NORMAL  -241

[CDD (BASE 65) ]
TOTAL THIS MO.     0
DPTR FM NORMAL     0    [PRESSURE DATA]
TOTAL FM JAN 1   390    HIGHEST SLP M ON M
DPTR FM NORMAL    58    LOWEST  SLP 29.59 ON 15

[REMARKS]
