000
CXUS55 KMSO 310800
CF6MSO
PRELIMINARY LOCAL CLIMATOLOGICAL DATA (WS FORM: F-6)

                                          STATION:   MISSOULA MT
                                          MONTH:     JULY
                                          YEAR:      2015
                                          LATITUDE:   46 55 N
                                          LONGITUDE: 114  5 W

  TEMPERATURE IN F:       :PCPN:    SNOW:  WIND      :SUNSHINE: SKY     :PK WND
================================================================================
1   2   3   4   5  6A  6B    7    8   9   10  11  12  13   14  15   16   17  18
                                     12Z  AVG MX 2MIN
DY MAX MIN AVG DEP HDD CDD  WTR  SNW DPTH SPD SPD DIR MIN PSBL S-S WX    SPD DR
================================================================================

 1  94  56  75  10   0  10 0.00  0.0    0  3.7 15 300   M    M   1        20 330
 2  94  67  81  16   0  16 0.00  0.0    0  8.3 17 120   M    M   0        22 130
 3  97  60  79  13   0  14 0.00  0.0    0  4.9 18 310   M    M   0        25 310
 4  98  60  79  13   0  14 0.00  0.0    0  5.7 20 280   M    M   0        25 280
 5  77  61  69   3   0   4    T  0.0    0 13.6 24 100   M    M   3        31  90
 6  84  51  68   1   0   3 0.00  0.0    0  7.4 20  20   M    M   1        25  30
 7  82  54  68   1   0   3    T  0.0    0  7.7 24  10   M    M   1        31 360
 8  88  50  69   2   0   4 0.00  0.0    0  4.9 15  20   M    M   0 8      19 300
 9  93  50  72   4   0   7 0.00  0.0    0  5.7 31 170   M    M   0        37 170
10  91  59  75   7   0  10    T  0.0    0  6.2 23 360   M    M   2        30 360
11  71  59  65  -3   0   0 0.81  0.0    0  5.5 24 170   M    M   8 1      31 170
12  81  59  70   2   0   5 0.02  0.0    0  4.7 15 290   M    M   6 1      19 320
13  77  56  67  -1   0   2 0.02  0.0    0  5.2 25 210   M    M   7 18     32 210
14  81  51  66  -3   0   1 0.02  0.0    0  4.5 15 230   M    M   6        22 240
15  78  53  66  -3   0   1    T  0.0    0  4.0 22 310   M    M   3        26 310
16  74  49  62  -7   3   0 0.00  0.0    0  8.7 25 300   M    M   3        30 300
17  72  47  60  -9   5   0    T  0.0    0  8.4 33  10   M    M   5        42  10
18  81  51  66  -4   0   1 0.00  0.0    0  3.7 14 170   M    M   2        19 170
19  89  48  69  -1   0   4 0.00  0.0    0  4.5 17 340   M    M   1        23 340
20  92  54  73   3   0   8 0.00  0.0    0  5.2 17 280   M    M   0        21 280
21  91  54  73   3   0   8 0.00  0.0    0  6.5 25 300   M    M   0        33 320
22  85  56  71   1   0   6    T  0.0    0  6.3 20 280   M    M   3        29 310
23  77  58  68  -2   0   3 0.03  0.0    0  9.8 30 160   M    M   3        33 160
24  87  48  68  -2   0   3 0.00  0.0    0  7.3 25 290   M    M   1        30 280
25  87  49  68  -2   0   3    T  0.0    0  6.6 31 220   M    M   2 3      36 220
26  75  55  65  -5   0   0 0.19  0.0    0  7.6 21 310   M    M   5 135    28 320
27  62  47  55 -15  10   0 0.43  0.0    0  5.7 22 320   M    M   9 15     29 320
28  75  48  62  -8   3   0    T  0.0    0  4.7 23 280   M    M   5        26 270
29  83  46  65  -5   0   0 0.00  0.0    0  2.4  9 180   M    M   0        12 180
30  90  48  69  -1   0   4 0.00  0.0    0  2.6 10 190   M    M   0        13 200
================================================================================
SM 2506 1604        21 134  1.52     0.0 182.0          M       77
================================================================================
AV 83.5 53.5                               6.1 FASTST   M    M   3    MAX(MPH)
                                 MISC ---->  # 33  10               # 42   10
================================================================================
NOTES:
# LAST OF SEVERAL OCCURRENCES

COLUMN 17 PEAK WIND IN M.P.H.

PRELIMINARY LOCAL CLIMATOLOGICAL DATA (WS FORM: F-6) , PAGE 2

                                          STATION:  MISSOULA MT
                                          MONTH:    JULY
                                          YEAR:     2015
                                          LATITUDE:   46 55 N
                                          LONGITUDE: 114  5 W

[TEMPERATURE DATA]      [PRECIPITATION DATA]       SYMBOLS USED IN COLUMN 16

AVERAGE MONTHLY: 68.5   TOTAL FOR MONTH:   1.52    1 = FOG OR MIST
DPTR FM NORMAL:   0.0   DPTR FM NORMAL:    0.56    2 = FOG REDUCING VISIBILITY
HIGHEST:    98 ON  4    GRTST 24HR  0.81 ON 11-11      TO 1/4 MILE OR LESS
LOWEST:     46 ON 29                               3 = THUNDER
                        SNOW, ICE PELLETS, HAIL    4 = ICE PELLETS
                        TOTAL MONTH:   0.0 INCH    5 = HAIL
                        GRTST 24HR     0.0         6 = FREEZING RAIN OR DRIZZLE
                        GRTST DEPTH:   0           7 = DUSTSTORM OR SANDSTORM:
                                                       VSBY 1/2 MILE OR LESS
                                                   8 = SMOKE OR HAZE
[NO. OF DAYS WITH]      [WEATHER - DAYS WITH]      9 = BLOWING SNOW
                                                   X = TORNADO
MAX 32 OR BELOW:   0    0.01 INCH OR MORE:   7
MAX 90 OR ABOVE:   9    0.10 INCH OR MORE:   3
MIN 32 OR BELOW:   0    0.50 INCH OR MORE:   1
MIN  0 OR BELOW:   0    1.00 INCH OR MORE:   0

[HDD (BASE 65) ]
TOTAL THIS MO.    21    CLEAR  (SCALE 0-3)  20
DPTR FM NORMAL   -20    PTCLDY (SCALE 4-7)   9
TOTAL FM JUL 1    21    CLOUDY (SCALE 8-10)  1
DPTR FM NORMAL   -20

[CDD (BASE 65) ]
TOTAL THIS MO.   134
DPTR FM NORMAL   -12    [PRESSURE DATA]
TOTAL FM JAN 1   276    HIGHEST SLP M ON M
DPTR FM NORMAL    87    LOWEST  SLP 29.60 ON  9

[REMARKS]
