000
CXUS51 KBTV 010700
CF6MSS
PRELIMINARY LOCAL CLIMATOLOGICAL DATA (WS FORM: F-6)

                                          STATION:   MASSENA NY
                                          MONTH:     JANUARY
                                          YEAR:      2015
                                          LATITUDE:   44 55 N
                                          LONGITUDE:  74 51 W

  TEMPERATURE IN F:       :PCPN:    SNOW:  WIND      :SUNSHINE: SKY     :PK WND
================================================================================
1   2   3   4   5  6A  6B    7    8   9   10  11  12  13   14  15   16   17  18
                                     12Z  AVG MX 2MIN
DY MAX MIN AVG DEP HDD CDD  WTR  SNW DPTH SPD SPD DIR MIN PSBL S-S WX    SPD DR
================================================================================

 1  28  18  23   7  42   0    T    M    0 14.9 25 220   M    M  10 1      33 300
 2  29   1  15  -1  50   0    T    M    0  9.8 23 270   M    M   7        31 260
 3  20  -2   9  -7  56   0 0.14    M    0  9.2 22  60   M    M   5 16     27  70
 4  43  20  32  16  33   0 0.87    M    0 12.5 29 230   M    M  10 16     37 220
 5  25   0  13  -2  52   0    T    M    0 15.1 31 270   M    M   4        39 270
 6  17  -3   7  -8  58   0    T    M    0  6.4 16 200   M    M   8 18     20 200
 7  16 -15   1 -14  64   0    T    M    0 14.8 25 290   M    M   9 189    32 280
 8  18 -19   0 -15  65   0    T    M    0 10.4 24 190   M    M   7 18     33 200
 9  22   5  14  -1  51   0    T    M    0 12.9 25 200   M    M   7 128    35 210
10  18   2  10  -4  55   0    T    M    0 12.6 24 220   M    M   7        29 210
11  28   9  19   5  46   0    T    M    0 10.0 18 220   M    M   7        23 230
12  33   3  18   4  47   0 0.09    M    0  8.1 18 320   M    M   9 1      26 320
13   3 -20  -8 -22  73   0    T    M    0  2.4 13 320   M    M   1 18     19 330
14   9 -23  -7 -21  72   0 0.00  0.0    0  1.5  8  40   M    M   2 128     9  90
15  26 -13   7  -7  58   0    T    M    0  7.7 24 220   M    M   8 18     32 240
16  30  -1  15   1  50   0    T    M    0 14.2 30 280   M    M   4 189    38 270
17  10 -17  -3 -17  68   0    T    M    0  6.0 15  60   M    M   2 18     18  50
18  46   7  27  13  38   0 0.04    M    0  6.2 18 190   M    M   4 18     23 210
19  35  10  23   9  42   0 0.01    M    0 12.0 21 270   M    M   9 18     26 270
20  11  -2   5  -9  60   0 0.00  0.0    0  8.2 18 270   M    M   0        23 270
21  17  -9   4 -10  61   0 0.00  0.0    0  2.9 10  40   M    M   0 18     11  60
22  18  -3   8  -6  57   0 0.00  0.0    0  4.2 12 190   M    M   4 18     14 190
23  32  14  23   9  42   0    T    M    0 14.7 32 210   M    M   5 1      40 210
24  32  25  29  15  36   0 0.01    M    0 11.8 20 220   M    M   8 1      25 210
25  31  -6  13  -1  52   0    T    M    0 10.5 23 300   M    M   3 18     31 310
26   7 -15  -4 -18  69   0 0.00    M    0 10.3 22  40   M    M   2        26  60
27  12   3   8  -6  57   0 0.00  0.0    0 13.1 26  30   M    M   1        31  50
28  18  -2   8  -6  57   0 0.00  0.0    0  5.5 12 250   M    M   0        14 240
29  35  -6  15   1  50   0 0.01    M    0  4.3 21  60   M    M   4 18     23  60
30  29  -1  14  -1  51   0 0.11    M    0 11.6 24 290   M    M   7 18     29 310
31   8 -13  -2 -17  67   0    T    M    0  8.0 15 220   M    M   2 1      20 240
================================================================================
SM  706  -53      1679   0  1.28     0.0 291.8          M      156
================================================================================
AV 22.8 -1.7                               9.4 FASTST   M    M   5    MAX(MPH)
                                 MISC ---->  # 32 210               # 40  210
================================================================================
NOTES:
# LAST OF SEVERAL OCCURRENCES

COLUMN 17 PEAK WIND IN M.P.H.

PRELIMINARY LOCAL CLIMATOLOGICAL DATA (WS FORM: F-6) , PAGE 2

                                          STATION:  MASSENA NY
                                          MONTH:    JANUARY
                                          YEAR:     2015
                                          LATITUDE:   44 55 N
                                          LONGITUDE:  74 51 W

[TEMPERATURE DATA]      [PRECIPITATION DATA]       SYMBOLS USED IN COLUMN 16

AVERAGE MONTHLY: 10.5   TOTAL FOR MONTH:   1.28    1 = FOG OR MIST
DPTR FM NORMAL:  -4.0   DPTR FM NORMAL:   -0.90    2 = FOG REDUCING VISIBILITY
HIGHEST:    46 ON 18    GRTST 24HR  1.01 ON  3- 4      TO 1/4 MILE OR LESS
LOWEST:    -23 ON 14                               3 = THUNDER
                        SNOW, ICE PELLETS, HAIL    4 = ICE PELLETS
                        TOTAL MONTH:   0.0 INCH    5 = HAIL
                        GRTST 24HR     0.0         6 = FREEZING RAIN OR DRIZZLE
                        GRTST DEPTH:   0           7 = DUSTSTORM OR SANDSTORM:
                                                       VSBY 1/2 MILE OR LESS
                                                   8 = SMOKE OR HAZE
[NO. OF DAYS WITH]      [WEATHER - DAYS WITH]      9 = BLOWING SNOW
                                                   X = TORNADO
MAX 32 OR BELOW:  26    0.01 INCH OR MORE:   8
MAX 90 OR ABOVE:   0    0.10 INCH OR MORE:   3
MIN 32 OR BELOW:  31    0.50 INCH OR MORE:   1
MIN  0 OR BELOW:  19    1.00 INCH OR MORE:   0

[HDD (BASE 65) ]
TOTAL THIS MO.  1679    CLEAR  (SCALE 0-3)  10
DPTR FM NORMAL   115    PTCLDY (SCALE 4-7)  15
TOTAL FM JUL 1  4420    CLOUDY (SCALE 8-10)  6
DPTR FM NORMAL  -243

[CDD (BASE 65) ]
TOTAL THIS MO.     0
DPTR FM NORMAL     0    [PRESSURE DATA]
TOTAL FM JAN 1     0    HIGHEST SLP M ON M
DPTR FM NORMAL     0    LOWEST  SLP 29.27 ON 24

[REMARKS]
#FINAL-01-15#
