000
CXUS55 KLIX 240830
CF6MSY
PRELIMINARY LOCAL CLIMATOLOGICAL DATA (WS FORM: F-6)

                                          STATION:   NEW ORLEANS
                                          MONTH:     APRIL
                                          YEAR:      2014
                                          LATITUDE:   29 58 N
                                          LONGITUDE:  90 15 W

  TEMPERATURE IN F:       :PCPN:    SNOW:  WIND      :SUNSHINE: SKY     :PK WND
================================================================================
1   2   3   4   5  6A  6B    7    8   9   10  11  12  13   14  15   16   17  18
                                     12Z  AVG MX 2MIN
DY MAX MIN AVG DEP HDD CDD  WTR  SNW DPTH SPD SPD DIR MIN PSBL S-S WX    SPD DR
================================================================================

 1  79  59  69   3   0   4 0.00  0.0    0 10.4 17 180   M    M   5        23 160
 2  81  65  73   7   0   8 0.00  0.0    0 11.4 21 160   M    M   7        26 150
 3  81  69  75   9   0  10 0.00  0.0    0 14.0 28 170   M    M   7 1      34 180
 4  80  67  74   8   0   9 0.07  0.0    0  8.9 23 360   M    M   8 13     28 360
 5  68  59  64  -3   1   0 0.47  0.0    0 12.1 20  40   M    M  10 138    25  20
 6  76  60  68   1   0   3 0.01  0.0    0 12.0 25 180   M    M  10 12     33 170
 7  75  59  67   0   0   2 0.14  0.0    0 12.9 26 260   M    M   8 13     34 270
 8  70  53  62  -5   3   0 0.11  0.0    0 10.9 32 320   M    M   6 3      45 320
 9  71  46  59  -8   6   0 0.00  0.0    0  8.1 20 330   M    M   0        26 330
10  73  51  62  -6   3   0 0.00  0.0    0  7.9 21 180   M    M   2        25 180
11  78  56  67  -1   0   2 0.00  0.0    0  7.3 16 170   M    M   6 1      21 180
12  81  61  71   3   0   6 0.00  0.0    0  8.8 20 180   M    M   6 1      23 180
13  82  66  74   6   0   9 0.00  0.0    0 13.0 25 170   M    M   7        33 180
14  80  56  68  -1   0   3 1.25  0.0    0 12.7 30 290   M    M   9 13     35 300
15  61  47  54 -15  11   0 0.12  0.0    0 18.9 32 340   M    M   7 1      42 340
16  63  47  55 -14  10   0 0.00  0.0    0  8.5 23  30   M    M   2        29  30
17  66  50  58 -11   7   0    T  0.0    0 10.0 20  80   M    M   9        26  80
18  74  60  67  -3   0   2    T  0.0    0 12.5 21  50   M    M   6 1      27  40
19  78  55  67  -3   0   2 0.00  0.0    0  7.8 21  40   M    M   2        27  50
20  82  58  70   0   0   5 0.00  0.0    0  5.6 13 140   M    M   2 1      16 150
21  76  58  67  -3   0   2 0.00  0.0    0  6.3 14 160   M    M   4        17  40
22  78  61  70  -1   0   5    T  0.0    0  6.7 17 310   M    M   5 1      20 310
23  83  61  72   1   0   7 0.00  0.0    0  5.3 15 170   M    M   1 1      18 180
================================================================================
SM 1736 1324        41  79  2.17     0.0 232.0          M      129
================================================================================
AV 75.5 57.6                              10.1 FASTST   M    M   6    MAX(MPH)
                                 MISC ---->  # 32 320               # 45  320
================================================================================
NOTES:
# LAST OF SEVERAL OCCURRENCES

COLUMN 17 PEAK WIND IN M.P.H.

PRELIMINARY LOCAL CLIMATOLOGICAL DATA (WS FORM: F-6) , PAGE 2

                                          STATION:  NEW ORLEANS
                                          MONTH:    APRIL
                                          YEAR:     2014
                                          LATITUDE:   29 58 N
                                          LONGITUDE:  90 15 W

[TEMPERATURE DATA]      [PRECIPITATION DATA]       SYMBOLS USED IN COLUMN 16

AVERAGE MONTHLY: 66.5   TOTAL FOR MONTH:   2.17    1 = FOG OR MIST
DPTR FM NORMAL:  -1.7   DPTR FM NORMAL:   -1.31    2 = FOG REDUCING VISIBILITY
HIGHEST:    83 ON 23    GRTST 24HR  1.37 ON 14-15      TO 1/4 MILE OR LESS
LOWEST:     46 ON  9                               3 = THUNDER
                        SNOW, ICE PELLETS, HAIL    4 = ICE PELLETS
                        TOTAL MONTH:   0.0 INCH    5 = HAIL
                        GRTST 24HR     0.0         6 = FREEZING RAIN OR DRIZZLE
                        GRTST DEPTH:   0           7 = DUSTSTORM OR SANDSTORM:
                                                       VSBY 1/2 MILE OR LESS
                                                   8 = SMOKE OR HAZE
[NO. OF DAYS WITH]      [WEATHER - DAYS WITH]      9 = BLOWING SNOW
                                                   X = TORNADO
MAX 32 OR BELOW:   0    0.01 INCH OR MORE:   7
MAX 90 OR ABOVE:   0    0.10 INCH OR MORE:   5
MIN 32 OR BELOW:   0    0.50 INCH OR MORE:   1
MIN  0 OR BELOW:   0    1.00 INCH OR MORE:   1

[HDD (BASE 65) ]
TOTAL THIS MO.    41    CLEAR  (SCALE 0-3)   6
DPTR FM NORMAL     9    PTCLDY (SCALE 4-7)  11
TOTAL FM JUL 1  1581    CLOUDY (SCALE 8-10)  6
DPTR FM NORMAL   304

[CDD (BASE 65) ]
TOTAL THIS MO.    79
DPTR FM NORMAL   -27    [PRESSURE DATA]
TOTAL FM JAN 1   124    HIGHEST SLP M ON M
DPTR FM NORMAL   -82    LOWEST  SLP 29.62 ON  6

[REMARKS]
