000
CXUS55 KGJT 271000
CF6MTJ
PRELIMINARY LOCAL CLIMATOLOGICAL DATA (WS FORM: F-6)

                                          STATION:   MONTROSE CO
                                          MONTH:     JULY
                                          YEAR:      2017
                                          LATITUDE:   38 30 N
                                          LONGITUDE: 107 53 W

  TEMPERATURE IN F:       :PCPN:    SNOW:  WIND      :SUNSHINE: SKY     :PK WND
================================================================================
1   2   3   4   5  6A  6B    7    8   9   10  11  12  13   14  15   16   17  18
                                     12Z  AVG MX 2MIN
DY MAX MIN AVG DEP HDD CDD  WTR  SNW DPTH SPD SPD DIR MIN PSBL S-S WX    SPD DR
================================================================================

 1  92  53  73   1   0   8 0.00    M    M  7.3 16 330   M    M   0        21 280
 2  92  54  73   0   0   8 0.00    M    M 11.9 29 120   M    M   0        38 100
 3  93  53  73   0   0   8 0.00    M    M  6.3 18 260   M    M   0        24 300
 4  95  57  76   3   0  11 0.00    M    M  6.9 16 130   M    M   0        21 360
 5  97  57  77   4   0  12 0.00    M    M  7.2 22 150   M    M   0        24 150
 6  98  58  78   5   0  13 0.00    M    M  9.6 43 160   M    M   0 8      55 150
 7  96  59  78   5   0  13 0.00    M    M  8.1 29  30   M    M   0        35  30
 8  96  57  77   3   0  12 0.00    M    M  6.2 20  40   M    M   0        25 150
 9  96  60  78   4   0  13 0.00    M    M  6.9 20  90   M    M   0        26  80
10  94  62  78   4   0  13    T    M    M  9.2 35 170   M    M   0 38     44 170
11  87  62  75   1   0  10 0.12    M    M  8.1 29 310   M    M   2 3      44 320
12  79  61  70  -4   0   5 0.06    M    M  6.7 17 150   M    M   3 13     20 150
13  83  56  70  -4   0   5 0.00    M    M  8.3 21  90   M    M   3 3      27 110
14  87  56  72  -2   0   7 0.00    M    M  8.9 28 150   M    M   0 3      34 150
15  91  56  74   0   0   9 0.00    M    M  6.4 30  90   M    M   0 3      38  80
16  92  59  76   2   0  11 0.00    M    M  7.3 28  10   M    M   0        37  20
17  93  62  78   4   0  13 0.00    M    M 10.6 23 110   M    M   0        28 120
18  94  66  80   6   0  15 0.00    M    M  9.1 25 110   M    M   1        32 120
19  93  66  80   6   0  15    T    M    M  7.1 21 150   M    M   1 3      24 170
20  89  60  75   1   0  10 0.09    M    M  8.7 26 150   M    M   2 3      32 140
21  87  63  75   1   0  10    T    M    M  8.9 32 160   M    M   3 3      37 170
22  89  60  75   1   0  10 0.01    M    M  7.8 22  90   M    M   1 3      27 120
23  92  56  74   0   0   9 0.00    M    M 10.8 37 170   M    M   0        44 170
24  91  59  75   1   0  10 0.02    M    M  6.7 15 220   M    M   2 3      19 180
25  82  62  72  -2   0   7 0.51    M    M  5.8 25 110   M    M   6 13     32 110
26  86  61  74   0   0   9 0.00    M    M  6.5 16 140   M    M   3        20 140
================================================================================
SM 2364 1535         0 266  0.81    M    207.3          M       27
================================================================================
AV 90.9 59.0                               8.0 FASTST   M    M   1    MAX(MPH)
                                 MISC ---->  # 43 160               # 55  150
================================================================================
NOTES:
# LAST OF SEVERAL OCCURRENCES

COLUMN 17 PEAK WIND IN M.P.H.

PRELIMINARY LOCAL CLIMATOLOGICAL DATA (WS FORM: F-6) , PAGE 2

                                          STATION:  MONTROSE CO
                                          MONTH:    JULY
                                          YEAR:     2017
                                          LATITUDE:   38 30 N
                                          LONGITUDE: 107 53 W

[TEMPERATURE DATA]      [PRECIPITATION DATA]       SYMBOLS USED IN COLUMN 16

AVERAGE MONTHLY: 75.0   TOTAL FOR MONTH:   0.81    1 = FOG OR MIST
DPTR FM NORMAL:   1.3   DPTR FM NORMAL:    0.04    2 = FOG REDUCING VISIBILITY
HIGHEST:    98 ON  6    GRTST 24HR  0.51 ON 25-25      TO 1/4 MILE OR LESS
LOWEST:     53 ON  3, 1                            3 = THUNDER
                        SNOW, ICE PELLETS, HAIL    4 = ICE PELLETS
                        TOTAL MONTH:    M          5 = HAIL
                        GRTST 24HR    M  ON   M    6 = FREEZING RAIN OR DRIZZLE
                        GRTST DEPTH:  M  ON   M    7 = DUSTSTORM OR SANDSTORM:
                                                       VSBY 1/2 MILE OR LESS
                                                   8 = SMOKE OR HAZE
[NO. OF DAYS WITH]      [WEATHER - DAYS WITH]      9 = BLOWING SNOW
                                                   X = TORNADO
MAX 32 OR BELOW:   0    0.01 INCH OR MORE:   6
MAX 90 OR ABOVE:  17    0.10 INCH OR MORE:   2
MIN 32 OR BELOW:   0    0.50 INCH OR MORE:   1
MIN  0 OR BELOW:   0    1.00 INCH OR MORE:   0

[HDD (BASE 65) ]
TOTAL THIS MO.     0    CLEAR  (SCALE 0-3)  25
DPTR FM NORMAL     0    PTCLDY (SCALE 4-7)   1
TOTAL FM JUL 1     0    CLOUDY (SCALE 8-10)  0
DPTR FM NORMAL     0

[CDD (BASE 65) ]
TOTAL THIS MO.   266
DPTR FM NORMAL    40    [PRESSURE DATA]
TOTAL FM JAN 1   487    HIGHEST SLP M ON M
DPTR FM NORMAL   109    LOWEST  SLP 29.75 ON 10

[REMARKS]
