000
CXUS56 KOTX 250900
CF6MWH
PRELIMINARY LOCAL CLIMATOLOGICAL DATA (WS FORM: F-6)

                                          STATION:   MOSES LAKE WA AIRPORT
                                          MONTH:     JULY
                                          YEAR:      2017
                                          LATITUDE:   47 12 N
                                          LONGITUDE: 119 19 W

  TEMPERATURE IN F:       :PCPN:    SNOW:  WIND      :SUNSHINE: SKY     :PK WND
================================================================================
1   2   3   4   5  6A  6B    7    8   9   10  11  12  13   14  15   16   17  18
                                     12Z  AVG MX 2MIN
DY MAX MIN AVG DEP HDD CDD  WTR  SNW DPTH SPD SPD DIR MIN PSBL S-S WX    SPD DR
================================================================================

 1  94  59  77   7   0  12 0.00    M    M  7.1 17 230   M    M   0        23 210
 2  94  58  76   6   0  11 0.00    M    M  6.6 15 180   M    M   0        20 150
 3  91  60  76   6   0  11 0.00    M    M  7.9 16 200   M    M   0        20 230
 4  92  53  73   3   0   8 0.00    M    M  4.9 13 260   M    M   0        16 280
 5  99  54  77   6   0  12 0.00    M    M  4.5 10 200   M    M   0        15 110
 6 101  61  81  10   0  16 0.00    M    M  5.3 15 230   M    M   0        19 240
 7 103  60  82  11   0  17 0.00    M    M  6.5 17 250   M    M   0        22 250
 8  95  59  77   6   0  12 0.00    M    M  5.0 12 130   M    M   0        16 210
 9  95  57  76   4   0  11 0.00    M    M  7.0 15 270   M    M   0        20 260
10  87  66  77   5   0  12 0.00    M    M  9.2 21 280   M    M   0        26 280
11  85  61  73   1   0   8 0.00    M    M  7.0 15 220   M    M   0        19 200
12  91  54  73   1   0   8 0.00    M    M  5.2 15 180   M    M   0        19 170
13  92  55  74   2   0   9 0.00    M    M  8.2 16 240   M    M   0        25 240
14  93   M   M   M   M   M 0.00    M    M  4.4 12 220   M    M   0        15 220
15  97  60  79   6   0  14 0.00    M    M  7.7 21 270   M    M   0        26 270
16  82  57  70  -3   0   5 0.00    M    M 10.0 21 250   M    M   0        25 240
17  85  53  69  -4   0   4 0.00    M    M  5.5 12 190   M    M   0        18 210
18  90  50  70  -3   0   5 0.00    M    M  5.8 12 230   M    M   0        16 200
19  91  56  74   0   0   9 0.00    M    M  6.1 14 180   M    M   0        20 170
20  83  62  73  -1   0   8 0.00    M    M 12.6 24 250   M    M   0        31 240
21  85  56  71  -3   0   6 0.00    M    M  5.1 13 190   M    M   0        19 190
22  93  58  76   2   0  11 0.00    M    M  5.7 14 230   M    M   0        18 220
23  99  63  81   7   0  16 0.00    M    M  7.5 22 270   M    M   0        32 260
24  92  60  76   2   0  11 0.00    M    M  9.2 21 360   M    M   0        24 340
================================================================================
SM 2209 1332         0 236  0.00    M    164.0          M        0
================================================================================
AV 92.0 57.9                               6.8 FASTST   M    M   0    MAX(MPH)
                                 MISC ---->  # 24 250               # 32  260
================================================================================
NOTES:
# LAST OF SEVERAL OCCURRENCES

COLUMN 17 PEAK WIND IN M.P.H.

PRELIMINARY LOCAL CLIMATOLOGICAL DATA (WS FORM: F-6) , PAGE 2

                                          STATION:  MOSES LAKE WA AIRPORT
                                          MONTH:    JULY
                                          YEAR:     2017
                                          LATITUDE:   47 12 N
                                          LONGITUDE: 119 19 W

[TEMPERATURE DATA]      [PRECIPITATION DATA]       SYMBOLS USED IN COLUMN 16

AVERAGE MONTHLY: 75.0   TOTAL FOR MONTH:   0.00    1 = FOG OR MIST
DPTR FM NORMAL:   2.8   DPTR FM NORMAL:   -0.32    2 = FOG REDUCING VISIBILITY
HIGHEST:   103 ON  7    GRTST 24HR  0.00 ON 24-24      TO 1/4 MILE OR LESS
LOWEST:     50 ON 18                               3 = THUNDER
                        SNOW, ICE PELLETS, HAIL    4 = ICE PELLETS
                        TOTAL MONTH:    M          5 = HAIL
                        GRTST 24HR    M  ON   M    6 = FREEZING RAIN OR DRIZZLE
                        GRTST DEPTH:  M  ON   M    7 = DUSTSTORM OR SANDSTORM:
                                                       VSBY 1/2 MILE OR LESS
                                                   8 = SMOKE OR HAZE
[NO. OF DAYS WITH]      [WEATHER - DAYS WITH]      9 = BLOWING SNOW
                                                   X = TORNADO
MAX 32 OR BELOW:   0    0.01 INCH OR MORE:   0
MAX 90 OR ABOVE:  18    0.10 INCH OR MORE:   0
MIN 32 OR BELOW:   0    0.50 INCH OR MORE:   0
MIN  0 OR BELOW:   0    1.00 INCH OR MORE:   0

[HDD (BASE 65) ]
TOTAL THIS MO.     0    CLEAR  (SCALE 0-3)  24
DPTR FM NORMAL    -6    PTCLDY (SCALE 4-7)   0
TOTAL FM JUL 1     0    CLOUDY (SCALE 8-10)  0
DPTR FM NORMAL    -6

[CDD (BASE 65) ]
TOTAL THIS MO.   236
DPTR FM NORMAL    57    [PRESSURE DATA]
TOTAL FM JAN 1   400    HIGHEST SLP M ON M
DPTR FM NORMAL   111    LOWEST  SLP 29.73 ON 23

[REMARKS]
