000
CXUS54 KFWD 280730
CF6MWL
PRELIMINARY LOCAL CLIMATOLOGICAL DATA (WS FORM: F-6)

                                          STATION:   MINERAL WELLS
                                          MONTH:     AUGUST
                                          YEAR:      2016
                                          LATITUDE:   32 46 N
                                          LONGITUDE:  98  4 W

  TEMPERATURE IN F:       :PCPN:    SNOW:  WIND      :SUNSHINE: SKY     :PK WND
================================================================================
1   2   3   4   5  6A  6B    7    8   9   10  11  12  13   14  15   16   17  18
                                     12Z  AVG MX 2MIN
DY MAX MIN AVG DEP HDD CDD  WTR  SNW DPTH SPD SPD DIR MIN PSBL S-S WX    SPD DR
================================================================================

 1 100  73  87   3   0  22 0.00  0.0    0  9.2 17 160   M    M   0        23 210
 2 101  69  85   1   0  20 0.00  0.0    0  8.2 17 130   M    M   0        21 140
 3 102  71  87   3   0  22 0.00  0.0    0  8.5 16 130   M    M   0        26 170
 4 102  74  88   4   0  23 0.00  0.0    0  9.3 17 150   M    M   0        23 230
 5 101  73  87   3   0  22 0.00  0.0    0  6.6 14 130   M    M   0        17 100
 6 102  73  88   4   0  23 0.00  0.0    0  6.0 16 130   M    M   0        20 120
 7 103  74  89   5   0  24 0.00  0.0    0  7.3 16 140   M    M   0        20 140
 8 103  74  89   5   0  24 0.00  0.0    0  5.8 14 150   M    M   1        18 150
 9  98  80  89   5   0  24 0.00  0.0    0  6.9 17 330   M    M   1        23 320
10   M  77   M   M   M   M 0.00  0.0    0  8.6 17 140   M    M   0        25 160
11 104  74  89   5   0  24 0.00  0.0    0  8.3 14 130   M    M   0        19 210
12 102  76  89   5   0  24    T  0.0    0  7.9 23 280   M    M   2 3      26 290
13  94  75  85   1   0  20    T  0.0    0  8.7 20  20   M    M   2        24  10
14  94  71  83  -1   0  18 0.00  0.0    0  8.9 20  30   M    M   1        26  40
15  86  64  75  -8   0  10 0.00  0.0    0  5.8 15 130   M    M   2        19 130
16  89  64  77  -6   0  12 0.00  0.0    0  4.4 15 150   M    M   6        19 150
17  86  73  80  -3   0  15 0.24  0.0    0  8.4 15 120   M    M   9 13     20 130
18  84  70  77  -6   0  12 0.76  0.0    0  7.6 17 290   M    M   7 13     22 290
19  84  71  78  -5   0  13 1.27  0.0    0  8.4 17  30   M    M   7 123    21  40
20  84  70  77  -6   0  12 1.48  0.0    0  5.1 22 350   M    M   4 13     26 350
21  88  69  79  -4   0  14 0.00  0.0    0  7.7 17  60   M    M   4        23  30
22  85  69  77  -5   0  12 0.17  0.0    0  5.2 14 180   M    M   6 13     16 170
23  95  74  85   3   0  20    T  0.0    0 11.8 22 200   M    M   2        29 200
24  94  70  82   0   0  17 0.00  0.0    0 10.8 18 200   M    M   0        24 170
25  94  69  82   0   0  17 0.00  0.0    0  5.6 12 130   M    M   0        15 120
26  87  71  79  -3   0  14    T  0.0    0  5.8 18 130   M    M   1 3      23 130
27  90  69  80  -2   0  15    T  0.0    0  4.9 12 280   M    M   1 13     15 280
================================================================================
SM 2452 1937         0 473  3.92     0.0 201.7          M       56
================================================================================
AV 94.3 71.7                               7.5 FASTST   M    M   2    MAX(MPH)
                                 MISC ---->  # 23 280               # 29  200
================================================================================
NOTES:
# LAST OF SEVERAL OCCURRENCES

COLUMN 17 PEAK WIND IN M.P.H.

PRELIMINARY LOCAL CLIMATOLOGICAL DATA (WS FORM: F-6) , PAGE 2

                                          STATION:  MINERAL WELLS
                                          MONTH:    AUGUST
                                          YEAR:     2016
                                          LATITUDE:   32 46 N
                                          LONGITUDE:  98  4 W

[TEMPERATURE DATA]      [PRECIPITATION DATA]       SYMBOLS USED IN COLUMN 16

AVERAGE MONTHLY: 83.0   TOTAL FOR MONTH:   3.92    1 = FOG OR MIST
DPTR FM NORMAL:  -0.3   DPTR FM NORMAL:    2.02    2 = FOG REDUCING VISIBILITY
HIGHEST:   104 ON 11    GRTST 24HR  1.99 ON 18-19      TO 1/4 MILE OR LESS
LOWEST:     64 ON 16,15                            3 = THUNDER
                        SNOW, ICE PELLETS, HAIL    4 = ICE PELLETS
                        TOTAL MONTH:   0.0 INCH    5 = HAIL
                        GRTST 24HR     0.0         6 = FREEZING RAIN OR DRIZZLE
                        GRTST DEPTH:   0           7 = DUSTSTORM OR SANDSTORM:
                                                       VSBY 1/2 MILE OR LESS
                                                   8 = SMOKE OR HAZE
[NO. OF DAYS WITH]      [WEATHER - DAYS WITH]      9 = BLOWING SNOW
                                                   X = TORNADO
MAX 32 OR BELOW:   0    0.01 INCH OR MORE:   5
MAX 90 OR ABOVE:  17    0.10 INCH OR MORE:   5
MIN 32 OR BELOW:   0    0.50 INCH OR MORE:   3
MIN  0 OR BELOW:   0    1.00 INCH OR MORE:   2

[HDD (BASE 65) ]
TOTAL THIS MO.     0    CLEAR  (SCALE 0-3)  20
DPTR FM NORMAL     0    PTCLDY (SCALE 4-7)   6
TOTAL FM JUL 1     0    CLOUDY (SCALE 8-10)  1
DPTR FM NORMAL     0

[CDD (BASE 65) ]
TOTAL THIS MO.   473
DPTR FM NORMAL   -20    [PRESSURE DATA]
TOTAL FM JAN 1  1877    HIGHEST SLP M ON M
DPTR FM NORMAL    39    LOWEST  SLP 29.68 ON 12

[REMARKS]
