000
CXUS54 KLZK 011330
CF6MWT
PRELIMINARY LOCAL CLIMATOLOGICAL DATA (WS FORM: F-6)

                                          STATION:   Mount Ida
                                          MONTH:     JULY
                                          YEAR:      2014
                                          LATITUDE:   34 32 N
                                          LONGITUDE:  93 35 W

  TEMPERATURE IN F:       :PCPN:    SNOW:  WIND      :SUNSHINE: SKY     :PK WND
================================================================================
1   2   3   4   5  6A  6B    7    8   9   10  11  12  13   14  15   16   17  18
                                     12Z  AVG MX 2MIN
DY MAX MIN AVG DEP HDD CDD  WTR  SNW DPTH SPD SPD DIR MIN PSBL S-S WX    SPD DR
================================================================================

 1  90  76  83   4   0  18 0.00  0.0    0  3.6  9 320   M    M   1        16 300
 2  89  66  78  -2   0  13 0.02  0.0    0  1.1 10 320   M    M   3 1      17 310
 3  83  61  72  -8   0   7 0.00  0.0    0  1.1  8 140   M    M   0 1      12 110
 4  84  58  71  -9   0   6 0.00  0.0    0  1.5  9 150   M    M   1 1      13  90
 5  85  60  73  -7   0   8 0.00  0.0    0  1.4  7 130   M    M   1 1      11 140
 6  87  63  75  -5   0  10 0.00  0.0    0  1.2  7 170   M    M   1 1      10 190
 7  90  69  80   0   0  15    T  0.0    0  1.5  8 140   M    M   1 1      12 210
 8  92  70  81   1   0  16 1.92  0.0    0  3.3 12 100   M    M   1 1      18  60
 9  84  68  76  -4   0  11 0.60  0.0    0  1.7  7 270   M    M   4 12     14 280
10  86  69  78  -2   0  13 0.01  0.0    0  1.3  7 150   M    M   5 128    12  30
11  91  70  81   1   0  16    T  0.0    0  0.8  6 200   M    M   2 12     11 240
12  93  70  82   2   0  17 0.00  0.0    0  0.5  6 250   M    M   1 12      9 140
13  93  68  81   1   0  16 0.00  0.0    0  1.0  8 240   M    M   0 1      13 270
14  92  69  81   1   0  16 0.28  0.0    0  1.8 14 260   M    M   4 12     23 330
15  82  61  72  -8   0   7 0.00  0.0    0  1.6  8 340   M    M   3 12     13  10
16  83  56  70 -10   0   5 0.05  0.0    0  0.6  7 290   M    M   3 1      10 360
17  66  59  63 -17   2   0 1.96  0.0    0  2.1  8 100   M    M  10 1      14  60
18  69  59  64 -16   1   0 0.35  0.0    0  1.2  7 110   M    M  10 12     12 100
19  78  60  69 -11   0   4 0.00  0.0    0  0.5  6 150   M    M   9 12      8 110
20  80  60  70 -10   0   5 0.00  0.0    0  0.1  5 140   M    M   7 12      7 300
21  86  61  74  -6   0   9 0.00  0.0    0  0.3  6 160   M    M   4 12      8 250
22  88  64  76  -4   0  11 0.00  0.0    0  0.6  7 140   M    M   3 12      9 140
23  91  66  79  -1   0  14 0.60  0.0    0  1.6 17 330   M    M   5 1      30 330
24  86  63  75  -5   0  10 0.00  0.0    0  1.2  7 110   M    M   5 12     10 130
25  87  69  78  -2   0  13 0.00  0.0    0  1.4  7 180   M    M   5 18     12 170
26  91  69  80   0   0  15 0.00  0.0    0  1.7  9 270   M    M   1 18     15 220
27  96  73  85   5   0  20    T  0.0    0  1.9 10 250   M    M   2 1      16 270
28  88  65  77  -3   0  12 0.00  0.0    0  1.4 10 330   M    M   1 1      14 320
29  85  62  74  -6   0   9 0.00  0.0    0  1.0  7 120   M    M   1 1      10 110
30  73  65  69 -11   0   4 0.26  0.0    0  0.3  6 120   M    M   7 1       9 140
31  69  65  67 -13   0   2 0.53  0.0    0  1.3  7 130   M    M  10 1      10 150
================================================================================
SM 2637 2014         3 322  6.58     0.0  40.6          M      111
================================================================================
AV 85.1 65.0                               1.3 FASTST   M    M   4    MAX(MPH)
                                 MISC ---->  # 17 330               # 30  330
================================================================================
NOTES:
# LAST OF SEVERAL OCCURRENCES

COLUMN 17 PEAK WIND IN M.P.H.

PRELIMINARY LOCAL CLIMATOLOGICAL DATA (WS FORM: F-6) , PAGE 2

                                          STATION:  Mount Ida
                                          MONTH:    JULY
                                          YEAR:     2014
                                          LATITUDE:   34 32 N
                                          LONGITUDE:  93 35 W

[TEMPERATURE DATA]      [PRECIPITATION DATA]       SYMBOLS USED IN COLUMN 16

AVERAGE MONTHLY: 75.0   TOTAL FOR MONTH:   6.58    1 = FOG OR MIST
DPTR FM NORMAL:  -5.2   DPTR FM NORMAL:    2.48    2 = FOG REDUCING VISIBILITY
HIGHEST:    96 ON 27    GRTST 24HR  1.98 ON 17-18      TO 1/4 MILE OR LESS
LOWEST:     56 ON 16                               3 = THUNDER
                        SNOW, ICE PELLETS, HAIL    4 = ICE PELLETS
                        TOTAL MONTH:   0.0 INCH    5 = HAIL
                        GRTST 24HR     0.0         6 = FREEZING RAIN OR DRIZZLE
                        GRTST DEPTH:   0           7 = DUSTSTORM OR SANDSTORM:
                                                       VSBY 1/2 MILE OR LESS
                                                   8 = SMOKE OR HAZE
[NO. OF DAYS WITH]      [WEATHER - DAYS WITH]      9 = BLOWING SNOW
                                                   X = TORNADO
MAX 32 OR BELOW:   0    0.01 INCH OR MORE:  11
MAX 90 OR ABOVE:  10    0.10 INCH OR MORE:   8
MIN 32 OR BELOW:   0    0.50 INCH OR MORE:   5
MIN  0 OR BELOW:   0    1.00 INCH OR MORE:   2

[HDD (BASE 65) ]
TOTAL THIS MO.     3    CLEAR  (SCALE 0-3)  17
DPTR FM NORMAL     3    PTCLDY (SCALE 4-7)  10
TOTAL FM JUL 1     3    CLOUDY (SCALE 8-10)  4
DPTR FM NORMAL     3

[CDD (BASE 65) ]
TOTAL THIS MO.   322
DPTR FM NORMAL  -151    [PRESSURE DATA]
TOTAL FM JAN 1   889    HIGHEST SLP 30.25 ON  4
DPTR FM NORMAL  -116    LOWEST  SLP 29.82 ON  8

[REMARKS]
ALL SNOWFALL DATA IS FROM THE MT IDA 5SE COOPERATIVE OBSERVER SITE
#FINAL-07-14#
