000
CXUS56 KSGX 281445
CF6MYF
PRELIMINARY LOCAL CLIMATOLOGICAL DATA (WS FORM: F-6)

                                          STATION:   SAN DIEGO/MONTGOMERY FLD CA
                                          MONTH:     JUNE
                                          YEAR:      2017
                                          LATITUDE:   32 49 N
                                          LONGITUDE: 117  9 W

  TEMPERATURE IN F:       :PCPN:    SNOW:  WIND      :SUNSHINE: SKY     :PK WND
================================================================================
1   2   3   4   5  6A  6B    7    8   9   10  11  12  13   14  15   16   17  18
                                     12Z  AVG MX 2MIN
DY MAX MIN AVG DEP HDD CDD  WTR  SNW DPTH SPD SPD DIR MIN PSBL S-S WX    SPD DR
================================================================================

 1  70  59  65   1   0   0 0.00  0.0    0  5.8 13 280   M    M   9 1      17 240
 2  78  62  70   5   0   5 0.00  0.0    0  4.6 15 240   M    M   7 8      19 260
 3  71  62  67   2   0   2 0.00  0.0    0  4.8 13 210   M    M   6 8      16 250
 4  71  60  66   1   0   1 0.00  0.0    0  4.2 12 220   M    M   8 18     15 230
 5  67  59  63  -2   2   0 0.00  0.0    0  5.1 14 220   M    M  10 18     18 220
 6  66  60  63  -2   2   0    T  0.0    0  5.9 12 200   M    M  10 18     15 200
 7  68  60  64  -1   1   0 0.00  0.0    0  5.0 13 230   M    M  10 1      19 240
 8  72  59  66   1   0   1 0.00  0.0    0  6.6 16 300   M    M   7        21 300
 9  75  62  69   4   0   4 0.00  0.0    0  5.8 13 240   M    M   5        24 250
10  68  59  64  -2   1   0 0.01  0.0    0  7.8 16 200   M    M   9 1      21 160
11  68  57  63  -3   2   0 0.02  0.0    0  9.0 18 210   M    M   8 18     25 180
12  72  53  63  -3   2   0 0.00  0.0    0  6.2 16 230   M    M   2        21 290
13  79  54  67   1   0   2 0.00  0.0    0  5.5 14 270   M    M   0        20 310
14  78  58  68   2   0   3 0.00  0.0    0  3.8 13 230   M    M   1 12     16 230
15  85  59  72   6   0   7 0.00  0.0    0  4.1  9 250   M    M   1 128     M  M
16  88  62  75   9   0  10 0.00  0.0    0  4.6 10 250   M    M   2 18     15 250
17  85  61  73   6   0   8 0.00  0.0    0  3.7 13 250   M    M   3 128    17 240
18  80  62  71   4   0   6 0.00  0.0    0  4.3 12 240   M    M   2 18     14 240
19  89  62  76   9   0  11 0.00  0.0    0  5.5 10 290   M    M   2 128    14 310
20  85  63  74   7   0   9 0.00  0.0    0  6.3 12 290   M    M   4 128    15 280
21  83  64  74   6   0   9 0.00  0.0    0  5.5 12 220   M    M   5 128    16 240
22  77  61  69   1   0   4 0.00  0.0    0  5.7 13 260   M    M   7 18     17 250
23  78  64  71   3   0   6 0.00  0.0    0  6.0 13 290   M    M   6        17 220
24  78  63  71   3   0   6 0.00  0.0    0  7.3 14 350   M    M   5 18     18 290
25  87  63  75   7   0  10 0.00  0.0    0  6.5 13 310   M    M   3 18     16 310
26  93  67  80  12   0  15 0.00  0.0    0  4.8 12 260   M    M   0        17 240
27  87  63  75   6   0  10 0.00  0.0    0  4.6 13 230   M    M   0 1      17 230
================================================================================
SM 2098 1638        10 129  0.03     0.0 149.0          M      132
================================================================================
AV 77.7 60.7                               5.5 FASTST   M    M   5    MAX(MPH)
                                 MISC ---->  # 18 210               # 25  180
================================================================================
NOTES:
# LAST OF SEVERAL OCCURRENCES

COLUMN 17 PEAK WIND IN M.P.H.

PRELIMINARY LOCAL CLIMATOLOGICAL DATA (WS FORM: F-6) , PAGE 2

                                          STATION:  SAN DIEGO/MONTGOMERY FLD CA
                                          MONTH:    JUNE
                                          YEAR:     2017
                                          LATITUDE:   32 49 N
                                          LONGITUDE: 117  9 W

[TEMPERATURE DATA]      [PRECIPITATION DATA]       SYMBOLS USED IN COLUMN 16

AVERAGE MONTHLY: 69.2   TOTAL FOR MONTH:   0.03    1 = FOG OR MIST
DPTR FM NORMAL:   2.9   DPTR FM NORMAL:   -0.06    2 = FOG REDUCING VISIBILITY
HIGHEST:    93 ON 26    GRTST 24HR  0.02 ON 11-11      TO 1/4 MILE OR LESS
LOWEST:     53 ON 12                               3 = THUNDER
                        SNOW, ICE PELLETS, HAIL    4 = ICE PELLETS
                        TOTAL MONTH:   0.0 INCH    5 = HAIL
                        GRTST 24HR     0.0         6 = FREEZING RAIN OR DRIZZLE
                        GRTST DEPTH:   0           7 = DUSTSTORM OR SANDSTORM:
                                                       VSBY 1/2 MILE OR LESS
                                                   8 = SMOKE OR HAZE
[NO. OF DAYS WITH]      [WEATHER - DAYS WITH]      9 = BLOWING SNOW
                                                   X = TORNADO
MAX 32 OR BELOW:   0    0.01 INCH OR MORE:   2
MAX 90 OR ABOVE:   1    0.10 INCH OR MORE:   0
MIN 32 OR BELOW:   0    0.50 INCH OR MORE:   0
MIN  0 OR BELOW:   0    1.00 INCH OR MORE:   0

[HDD (BASE 65) ]
TOTAL THIS MO.    10    CLEAR  (SCALE 0-3)  10
DPTR FM NORMAL    -6    PTCLDY (SCALE 4-7)  11
TOTAL FM JUL 1  1075    CLOUDY (SCALE 8-10)  6
DPTR FM NORMAL  -463

[CDD (BASE 65) ]
TOTAL THIS MO.   129
DPTR FM NORMAL    75    [PRESSURE DATA]
TOTAL FM JAN 1   218    HIGHEST SLP M ON M
DPTR FM NORMAL   113    LOWEST  SLP 29.67 ON 21

[REMARKS]
