000
CXUS55 KBOI 291002
CF6MYL
PRELIMINARY LOCAL CLIMATOLOGICAL DATA (WS FORM: F-6)

                                          STATION:   MCCALL ID
                                          MONTH:     JULY
                                          YEAR:      2015
                                          LATITUDE:   44 52 N
                                          LONGITUDE: 116  6 W

  TEMPERATURE IN F:       :PCPN:    SNOW:  WIND      :SUNSHINE: SKY     :PK WND
================================================================================
1   2   3   4   5  6A  6B    7    8   9   10  11  12  13   14  15   16   17  18
                                     12Z  AVG MX 2MIN
DY MAX MIN AVG DEP HDD CDD  WTR  SNW DPTH SPD SPD DIR MIN PSBL S-S WX    SPD DR
================================================================================

 1  91  54  73  16   0   8 0.00    M    M  4.6 14 280   M    M   0        19 300
 2  92  50  71  13   0   6 0.00    M    M  5.1 15 250   M    M   0 8      21 280
 3  91  52  72  14   0   7 0.00    M    M  4.2 15 240   M    M   0        19 230
 4  92  53  73  15   0   8 0.00    M    M  2.7 18 180   M    M   0        22 180
 5  82  54  68  10   0   3 0.00    M    M  4.6 15 180   M    M   0        20 230
 6  86  51  69  10   0   4 0.00    M    M  3.8 16 280   M    M   0 3      21 260
 7  82  49  66   7   0   1    T    M    M  5.3 16 340   M    M   2        22 350
 8  81  51  66   7   0   1 0.97    M    M  2.8 18 110   M    M   1 3      24 110
 9  76  49  63   3   2   0 0.00    M    M  4.8 22  60   M    M   2        30  60
10  74  53  64   4   1   0 0.22    M    M  5.9 22 170   M    M   5 3      26 180
11  72  54  63   3   2   0 0.26    M    M  4.5 23 150   M    M   8 13     28 150
12  73  53  63   3   2   0    T    M    M  3.8 17 170   M    M   6        22 160
13  70  49  60  -1   5   0 0.74    M    M  3.4 14 150   M    M   5 13     20 200
14  76  43  60  -1   5   0    T    M    M  3.1 18 290   M    M   3 12     25 280
15  75  48  62   1   3   0    T    M    M  4.2 17 290   M    M   3        22 290
16  73  46  60  -1   5   0 0.00    M    M  5.8 15 340   M    M   1        21 340
17  71  53  62   1   3   0 0.00    M    M 10.3 20 360   M    M   0        29 360
18  76  48  62   0   3   0 0.00    M    M  5.0 17 130   M    M   2 3      23 140
19  80  45  63   1   2   0 0.00    M    M  3.5 14 180   M    M   1        20 180
20  84  49  67   5   0   2 0.00    M    M  3.6 15 170   M    M   1        20 170
21  83  51  67   5   0   2    T    M    M  6.1 24 190   M    M   1        35 190
22  76  55  66   4   0   1 0.03    M    M  5.4 17 230   M    M   5        26 180
23  77  51  64   2   1   0    T    M    M  6.2 20 200   M    M   3 3      27 240
24  79  46  63   1   2   0 0.00    M    M  6.4 22 180   M    M   1        27 220
25  79  47  63   1   2   0 0.00    M    M  6.2 22 200   M    M   1        30 210
26  71  49  60  -2   5   0 0.03    M    M  4.1 14 310   M    M   6        18 280
27  63  45  54  -8  11   0    T    M    M  6.9 20 340   M    M   7 3      28 340
28  70  35  53  -9  12   0 0.00    M    M  2.7 12 160   M    M   0        16 150
================================================================================
SM 2195 1383        66  43  2.25    M    135.0          M       64
================================================================================
AV 78.4 49.4                               4.8 FASTST   M    M   2    MAX(MPH)
                                 MISC ---->  # 24 190               # 35  190
================================================================================
NOTES:
# LAST OF SEVERAL OCCURRENCES

COLUMN 17 PEAK WIND IN M.P.H.

PRELIMINARY LOCAL CLIMATOLOGICAL DATA (WS FORM: F-6) , PAGE 2

                                          STATION:  MCCALL ID
                                          MONTH:    JULY
                                          YEAR:     2015
                                          LATITUDE:   44 52 N
                                          LONGITUDE: 116  6 W

[TEMPERATURE DATA]      [PRECIPITATION DATA]       SYMBOLS USED IN COLUMN 16

AVERAGE MONTHLY: 63.9   TOTAL FOR MONTH:   2.25    1 = FOG OR MIST
DPTR FM NORMAL:   3.4   DPTR FM NORMAL:    1.58    2 = FOG REDUCING VISIBILITY
HIGHEST:    92 ON  4, 2 GRTST 24HR  0.97 ON  8- 8      TO 1/4 MILE OR LESS
LOWEST:     35 ON 28                               3 = THUNDER
                        SNOW, ICE PELLETS, HAIL    4 = ICE PELLETS
                        TOTAL MONTH:    M          5 = HAIL
                        GRTST 24HR    M  ON   M    6 = FREEZING RAIN OR DRIZZLE
                        GRTST DEPTH:  M  ON   M    7 = DUSTSTORM OR SANDSTORM:
                                                       VSBY 1/2 MILE OR LESS
                                                   8 = SMOKE OR HAZE
[NO. OF DAYS WITH]      [WEATHER - DAYS WITH]      9 = BLOWING SNOW
                                                   X = TORNADO
MAX 32 OR BELOW:   0    0.01 INCH OR MORE:   6
MAX 90 OR ABOVE:   4    0.10 INCH OR MORE:   4
MIN 32 OR BELOW:   0    0.50 INCH OR MORE:   2
MIN  0 OR BELOW:   0    1.00 INCH OR MORE:   0

[HDD (BASE 65) ]
TOTAL THIS MO.    66    CLEAR  (SCALE 0-3)  20
DPTR FM NORMAL   -75    PTCLDY (SCALE 4-7)   7
TOTAL FM JUL 1    66    CLOUDY (SCALE 8-10)  1
DPTR FM NORMAL   -75

[CDD (BASE 65) ]
TOTAL THIS MO.    43
DPTR FM NORMAL    30    [PRESSURE DATA]
TOTAL FM JAN 1   109    HIGHEST SLP M ON M
DPTR FM NORMAL    95    LOWEST  SLP 29.62 ON M

[REMARKS]
