000
CXUS53 KBIS 240725
CF6N60
PRELIMINARY LOCAL CLIMATOLOGICAL DATA (WS FORM: F-6)

                                          STATION:   GARRISON (AMOS) ND
                                          MONTH:     APRIL
                                          YEAR:      2017
                                          LATITUDE:   47 39 N
                                          LONGITUDE: 101 23 W

  TEMPERATURE IN F:       :PCPN:    SNOW:  WIND      :SUNSHINE: SKY     :PK WND
================================================================================
1   2   3   4   5  6A  6B    7    8   9   10  11  12  13   14  15   16   17  18
                                     12Z  AVG MX 2MIN
DY MAX MIN AVG DEP HDD CDD  WTR  SNW DPTH SPD SPD DIR MIN PSBL S-S WX    SPD DR
================================================================================

 1  62  37  50   M  15   0 0.00    M    M  8.8 20 200   M    M   0        24 200
 2  58  33  46   M  19   0 0.00    M    M 11.5 30 320   M    M   0        34 320
 3  59  28  44   M  21   0 0.00    M    M  6.4 14  10   M    M   0        18 340
 4  48  36  42   M  23   0 0.26    M    M  9.1 18 340   M    M   0        22 340
 5  52  26  39   M  26   0 0.00    M    M  4.6 14  20   M    M   0        18  20
 6  56  22  39   M  26   0 0.00    M    M  9.2 21 170   M    M   0        24 150
 7  75  39  57   M   8   0 0.00    M    M 10.2 18 160   M    M   0        24 170
 8  65  41  53   M  12   0 0.00    M    M 10.4 23 310   M    M   0        27 310
 9  46  28  37   M  28   0 0.00    M    M 12.7 24  30   M    M   M        32  20
10  44  23  34   M  31   0 0.00    M    M  7.2 18  30   M    M   0        25  30
11  60  25  43   M  22   0 0.00    M    M  7.7 21 310   M    M   0        27 290
12  62  25  44   M  21   0 0.00    M    M  3.8 13 200   M    M   0        19 280
13  67  32  50   M  15   0 0.00    M    M 16.5 32 130   M    M   0        40 130
14  73  44  59   M   6   0 0.00    M    M 17.8 31 210   M    M   0        37 210
15  54  32  43   M  22   0 0.21    M    M  9.2 28 280   M    M   0        33 280
16  43  27  35   M  30   0 0.00    M    M 15.5 30 310   M    M   0        37 310
17  48  16  32   M  33   0 0.00    M    M 11.3 25 100   M    M   0        30  90
18  48  30  39   M  26   0 0.00    M    M  6.8 21  90   M    M   0        27  90
19  49  29  39   M  26   0 0.03    M    M  6.9 15 160   M    M   0        17 150
20  56  35  46   M  19   0 0.09    M    M  6.9 17 350   M    M   0        23 350
21  60  33  47   M  18   0 0.00    M    M  4.5 12 160   M    M   0        15 180
22  59  32  46   M  19   0 0.00    M    M  9.3 24  90   M    M   0        28  80
23  33  26  30   M  35   0 0.11    M    M 20.0 28  90   M    M   0        36  90
================================================================================
SM 1277  699       501   0  0.70    M    226.3          M        0
================================================================================
AV 55.5 30.4                               9.8 FASTST   M    M   0    MAX(MPH)
                                 MISC ---->  # 32 130               # 40  130
================================================================================
NOTES:
# LAST OF SEVERAL OCCURRENCES

COLUMN 17 PEAK WIND IN M.P.H.

PRELIMINARY LOCAL CLIMATOLOGICAL DATA (WS FORM: F-6) , PAGE 2

                                          STATION:  GARRISON (AMOS) ND
                                          MONTH:    APRIL
                                          YEAR:     2017
                                          LATITUDE:   47 39 N
                                          LONGITUDE: 101 23 W

[TEMPERATURE DATA]      [PRECIPITATION DATA]       SYMBOLS USED IN COLUMN 16

AVERAGE MONTHLY: 43.0   TOTAL FOR MONTH:   0.70    1 = FOG OR MIST
DPTR FM NORMAL:     M   DPTR FM NORMAL:       M    2 = FOG REDUCING VISIBILITY
HIGHEST:    75 ON  7    GRTST 24HR  0.26 ON  4- 4      TO 1/4 MILE OR LESS
LOWEST:     16 ON 17                               3 = THUNDER
                        SNOW, ICE PELLETS, HAIL    4 = ICE PELLETS
                        TOTAL MONTH:    M          5 = HAIL
                        GRTST 24HR    M  ON   M    6 = FREEZING RAIN OR DRIZZLE
                        GRTST DEPTH:  M  ON   M    7 = DUSTSTORM OR SANDSTORM:
                                                       VSBY 1/2 MILE OR LESS
                                                   8 = SMOKE OR HAZE
[NO. OF DAYS WITH]      [WEATHER - DAYS WITH]      9 = BLOWING SNOW
                                                   X = TORNADO
MAX 32 OR BELOW:   0    0.01 INCH OR MORE:   5
MAX 90 OR ABOVE:   0    0.10 INCH OR MORE:   3
MIN 32 OR BELOW:  15    0.50 INCH OR MORE:   0
MIN  0 OR BELOW:   0    1.00 INCH OR MORE:   0

[HDD (BASE 65) ]
TOTAL THIS MO.   501    CLEAR  (SCALE 0-3)  22
DPTR FM NORMAL     M    PTCLDY (SCALE 4-7)   0
TOTAL FM JUL 1  7950    CLOUDY (SCALE 8-10)  0
DPTR FM NORMAL     M

[CDD (BASE 65) ]
TOTAL THIS MO.     0
DPTR FM NORMAL     M    [PRESSURE DATA]
TOTAL FM JAN 1     0    HIGHEST SLP M ON M
DPTR FM NORMAL     M    LOWEST  SLP 29.43 ON  8

[REMARKS]
