000
CXHW50 PHFO 301250
CF6NGF
PRELIMINARY LOCAL CLIMATOLOGICAL DATA (WS FORM: F-6)

                                          STATION:   KANEOHE BAY MCAS HI
                                          MONTH:     AUGUST
                                          YEAR:      2016
                                          LATITUDE:   21 25 N
                                          LONGITUDE: 157 46 W

  TEMPERATURE IN F:       :PCPN:    SNOW:  WIND      :SUNSHINE: SKY     :PK WND
================================================================================
1   2   3   4   5  6A  6B    7    8   9   10  11  12  13   14  15   16   17  18
                                     12Z  AVG MX 2MIN
DY MAX MIN AVG DEP HDD CDD  WTR  SNW DPTH SPD SPD DIR MIN PSBL S-S WX    SPD DR
================================================================================

 1  83  74  79   0   0  14 0.01  0.0    0  9.2 13 100   M    M   8        24  90
 2  84  76  80   1   0  15    T  0.0    0 10.8 14  70   M    M   8 1      32  50
 3  85  76  81   2   0  16 0.01  0.0    0  9.4 12  70   M    M   6 1      23  60
 4  84  78  81   2   0  16    T  0.0    0 11.1 15  70   M    M   8        27  70
 5  84  78  81   2   0  16 0.00  0.0    0 10.5 16  70   M    M   6        28  70
 6   M   M   M   M   M   M 0.07    M    0 10.7 21  40   M    M   8 18     25  40
 7  89  78  84   5   0  19 0.00  0.0    0  9.5 18  30   M    M   8 1      20 160
 8  85  77  81   2   0  16 0.00  0.0    0  8.7 14  70   M    M   8        21  70
 9  84  78  81   2   0  16 0.00  0.0    0  9.6 13  60   M    M   6        20  70
10  84  79  82   3   0  17 0.00  0.0    0 10.0 13  50   M    M   4        20  70
11  85  76  81   2   0  16    T  0.0    0 10.8 17  70   M    M   6        27  70
12  84  77  81   2   0  16    T  0.0    0 11.4 15  60   M    M   5        25  70
13  84  76  80   1   0  15 0.04  0.0    0  8.9 13  80   M    M   7        21  80
14  83  77  80   1   0  15    T  0.0    0 10.0 14  70   M    M   7        23  70
15  84  76  80   1   0  15 0.00  0.0    0  9.0 14  70   M    M   8 8      20 110
16  84  74  79   0   0  14 0.03  0.0    0  8.8 14  70   M    M   6        22  70
17  85  73  79   0   0  14 0.00  0.0    0  7.9 13  70   M    M   3        20  60
18  84  77  81   2   0  16 0.06  0.0    0  9.6 15  70   M    M   9        25  80
19  84  76  80   1   0  15    T  0.0    0 11.7 15  50   M    M   6        23  70
20  85  75  80   1   0  15 0.01  0.0    0 11.2 15  70   M    M   7        25  80
21  83  76  80   1   0  15 0.16  0.0    0  9.5 14  40   M    M   9        21  90
22  83  76  80   1   0  15    T  0.0    0  8.2 14  70   M    M  10        21  70
23  84  79  82   3   0  17 0.12  0.0    0  7.8 12 120   M    M   8 3      20 100
24  86  77  82   3   0  17 0.38  0.0    0  9.0 13 110   M    M   5 13     20 120
25   M   M   M   M   M   M    T    M    0  8.6 15  70   M    M   7        20  70
26  84  77  81   2   0  16 0.00  0.0    0  9.9 14  50   M    M   5        21  70
27  84  75  80   1   0  15    T  0.0    0  9.8 14  80   M    M   9        22  80
28  83  74  79   0   0  14    T  0.0    0 11.2 16  50   M    M   9 8      22  70
29  83  78  81   2   0  16 0.00  0.0    0 12.0 15  70   M    M   4        22  70
================================================================================
SM 2274 2063         0 421  0.89     0.0 284.8          M      200
================================================================================
AV 84.2 76.4                               9.8 FASTST   M    M   7    MAX(MPH)
                                 MISC ---->    21   M                 32    M
================================================================================
NOTES:
# LAST OF SEVERAL OCCURRENCES

COLUMN 17 PEAK WIND IN M.P.H.

PRELIMINARY LOCAL CLIMATOLOGICAL DATA (WS FORM: F-6) , PAGE 2

                                          STATION:  KANEOHE BAY MCAS HI
                                          MONTH:    AUGUST
                                          YEAR:     2016
                                          LATITUDE:   21 25 N
                                          LONGITUDE: 157 46 W

[TEMPERATURE DATA]      [PRECIPITATION DATA]       SYMBOLS USED IN COLUMN 16

AVERAGE MONTHLY: 80.3   TOTAL FOR MONTH:   0.89    1 = FOG OR MIST
DPTR FM NORMAL:   1.3   DPTR FM NORMAL:   -0.52    2 = FOG REDUCING VISIBILITY
HIGHEST:    89 ON  7    GRTST 24HR  0.38 ON 24-24      TO 1/4 MILE OR LESS
LOWEST:     73 ON 17                               3 = THUNDER
                        SNOW, ICE PELLETS, HAIL    4 = ICE PELLETS
                        TOTAL MONTH:   0.0 INCH    5 = HAIL
                        GRTST 24HR     0.0         6 = FREEZING RAIN OR DRIZZLE
                        GRTST DEPTH:   0           7 = DUSTSTORM OR SANDSTORM:
                                                       VSBY 1/2 MILE OR LESS
                                                   8 = SMOKE OR HAZE
[NO. OF DAYS WITH]      [WEATHER - DAYS WITH]      9 = BLOWING SNOW
                                                   X = TORNADO
MAX 32 OR BELOW:   0    0.01 INCH OR MORE:  10
MAX 90 OR ABOVE:   0    0.10 INCH OR MORE:   3
MIN 32 OR BELOW:   0    0.50 INCH OR MORE:   0
MIN  0 OR BELOW:   0    1.00 INCH OR MORE:   0

[HDD (BASE 65) ]
TOTAL THIS MO.     0    CLEAR  (SCALE 0-3)   1
DPTR FM NORMAL     0    PTCLDY (SCALE 4-7)  23
TOTAL FM JUL 1     0    CLOUDY (SCALE 8-10)  5
DPTR FM NORMAL     0

[CDD (BASE 65) ]
TOTAL THIS MO.   421
DPTR FM NORMAL    15    [PRESSURE DATA]
TOTAL FM JAN 1  2746    HIGHEST SLP M ON M
DPTR FM NORMAL   235    LOWEST  SLP M ON M

[REMARKS]
