000
CXUS51 KOKX 250703
CF6NYC
PRELIMINARY LOCAL CLIMATOLOGICAL DATA (WS FORM: F-6)

                                          STATION:   CENTRAL PARK NY
                                          MONTH:     MAY
                                          YEAR:      2015
                                          LATITUDE:   40 46 N
                                          LONGITUDE:  73 58 W

  TEMPERATURE IN F:       :PCPN:    SNOW:  WIND      :SUNSHINE: SKY     :PK WND
================================================================================
1   2   3   4   5  6A  6B    7    8   9   10  11  12  13   14  15   16   17  18
                                     12Z  AVG MX 2MIN
DY MAX MIN AVG DEP HDD CDD  WTR  SNW DPTH SPD SPD DIR MIN PSBL S-S WX    SPD DR
================================================================================

 1  63  49  56  -2   9   0 0.00  0.0    0  5.1 14  50   M    M   8        18 160
 2  74  48  61   3   4   0 0.00  0.0    0  3.0 15 160   M    M   2 8      22 160
 3  80  51  66   7   0   1 0.00  0.0    0  2.5 10 180   M    M   0        18 180
 4  85  57  71  12   0   6 0.00  0.0    0  5.3 15 230   M    M   0        23 210
 5  85  66  76  17   0  11 0.00  0.0    0  4.0 13 250   M    M   3        21 250
 6  73  59  66   6   0   1    T  0.0    0  5.0 14  60   M    M   6        23  50
 7  80  56  68   8   0   3 0.00  0.0    0  2.3 10 180   M    M   0 8      17 170
 8  82  56  69   9   0   4 0.00  0.0    0  3.0 13 160   M    M   0 18     21 170
 9  70  57  64   4   1   0 0.00  0.0    0  4.3  9  60   M    M  10 18     13 170
10  83  61  72  11   0   7 0.00  0.0    0  3.6 13 230   M    M   5 18     23 240
11  84  70  77  16   0  12    T  0.0    0  3.7 13 250   M    M   4 8      25 240
12  86  64  75  14   0  10 0.00  0.0    0  5.4 15 240   M    M   3 18     28 270
13  70  53  62   0   3   0 0.00  0.0    0  7.3 15 300   M    M   5        26 300
14  73  50  62   0   3   0 0.00  0.0    0  3.8 13 250   M    M   0        20 240
15  75  55  65   3   0   0 0.00  0.0    0  3.3 13 160   M    M   2        22 180
16  75  57  66   4   0   1 0.30  0.0    0  2.1 10 260   M    M   6 1      16 260
17  83  64  74  11   0   9 0.02  0.0    0  1.9  7  10   M    M   2 18     11  20
18  75  60  68   5   0   3 0.00  0.0    0  4.6 14  70   M    M   8 18     18  70
19  80  59  70   7   0   5    T  0.0    0  2.4 14 350   M    M   6 18     26 300
20  67  54  61  -3   4   0 0.00  0.0    0  6.9 14 300   M    M   2        27 320
21  62  52  57  -7   8   0 0.00  0.0    0  2.6 12 270   M    M   7        16 250
22  74  55  65   1   0   0 0.00  0.0    0  6.0 18 290   M    M   5        29 280
23  70  49  60  -4   5   0 0.00  0.0    0  4.4 15 300   M    M   0        25 300
24  81  56  69   4   0   4 0.00  0.0    0  3.9 10 240   M    M   0        18 250
================================================================================
SM 1830 1358        37  77  0.32     0.0  96.4          M       84
================================================================================
AV 76.2 56.6                               4.0 FASTST   M    M   4    MAX(MPH)
                                 MISC ---->  # 18 290               # 29  280
================================================================================
NOTES:
# LAST OF SEVERAL OCCURRENCES

COLUMN 17 PEAK WIND IN M.P.H.

PRELIMINARY LOCAL CLIMATOLOGICAL DATA (WS FORM: F-6) , PAGE 2

                                          STATION:  CENTRAL PARK NY
                                          MONTH:    MAY
                                          YEAR:     2015
                                          LATITUDE:   40 46 N
                                          LONGITUDE:  73 58 W

[TEMPERATURE DATA]      [PRECIPITATION DATA]       SYMBOLS USED IN COLUMN 16

AVERAGE MONTHLY: 66.4   TOTAL FOR MONTH:   0.32    1 = FOG OR MIST
DPTR FM NORMAL:   5.0   DPTR FM NORMAL:   -2.83    2 = FOG REDUCING VISIBILITY
HIGHEST:    86 ON 12    GRTST 24HR  0.30 ON 16-16      TO 1/4 MILE OR LESS
LOWEST:     48 ON  2                               3 = THUNDER
                        SNOW, ICE PELLETS, HAIL    4 = ICE PELLETS
                        TOTAL MONTH:   0.0 INCH    5 = HAIL
                        GRTST 24HR     0.0         6 = FREEZING RAIN OR DRIZZLE
                        GRTST DEPTH:   0           7 = DUSTSTORM OR SANDSTORM:
                                                       VSBY 1/2 MILE OR LESS
                                                   8 = SMOKE OR HAZE
[NO. OF DAYS WITH]      [WEATHER - DAYS WITH]      9 = BLOWING SNOW
                                                   X = TORNADO
MAX 32 OR BELOW:   0    0.01 INCH OR MORE:   2
MAX 90 OR ABOVE:   0    0.10 INCH OR MORE:   1
MIN 32 OR BELOW:   0    0.50 INCH OR MORE:   0
MIN  0 OR BELOW:   0    1.00 INCH OR MORE:   0

[HDD (BASE 65) ]
TOTAL THIS MO.    37    CLEAR  (SCALE 0-3)  13
DPTR FM NORMAL   -84    PTCLDY (SCALE 4-7)  10
TOTAL FM JUL 1  4941    CLOUDY (SCALE 8-10)  1
DPTR FM NORMAL   227

[CDD (BASE 65) ]
TOTAL THIS MO.    77
DPTR FM NORMAL    42    [PRESSURE DATA]
TOTAL FM JAN 1    82    HIGHEST SLP M ON M
DPTR FM NORMAL    35    LOWEST  SLP 29.75 ON M

[REMARKS]
