000
CXUS55 KPSR 301005
CF6NYL
PRELIMINARY LOCAL CLIMATOLOGICAL DATA (WS FORM: F-6)

                                          STATION:   YUMA AZ
                                          MONTH:     MARCH
                                          YEAR:      2015
                                          LATITUDE:   32 39 N
                                          LONGITUDE: 114 37 W

  TEMPERATURE IN F:       :PCPN:    SNOW:  WIND      :SUNSHINE: SKY     :PK WND
================================================================================
1   2   3   4   5  6A  6B    7    8   9   10  11  12  13   14  15   16   17  18
                                     12Z  AVG MX 2MIN
DY MAX MIN AVG DEP HDD CDD  WTR  SNW DPTH SPD SPD DIR MIN PSBL S-S WX    SPD DR
================================================================================

 1  64  53  59  -5   6   0 0.13  0.0    0  7.5 14 350   M    M   9 1      19 360
 2  66  52  59  -6   6   0 0.18  0.0    0  4.7 21 200   M    M   7 13     25 200
 3  67  50  59  -6   6   0 0.00  0.0    0  4.5 13 290   M    M   3        17 260
 4  70  51  61  -4   4   0 0.00  0.0    0  7.6 21  30   M    M   0        27  30
 5  78  50  64  -1   1   0 0.00  0.0    0  8.1 17  30   M    M   0        22  40
 6  85  57  71   5   0   6 0.00  0.0    0 11.3 26  30   M    M   0        32  40
 7  86  57  72   6   0   7 0.00  0.0    0  6.6 14 350   M    M   0        20  10
 8  85  53  69   3   0   4 0.00  0.0    0  3.2  9 240   M    M   0        13 270
 9  86  56  71   5   0   6 0.00  0.0    0  2.8 10 260   M    M   1 8      13 260
10  89  54  72   6   0   7 0.00  0.0    0  3.8 12  70   M    M   3        17  70
11  88  57  73   7   0   8 0.00  0.0    0  4.7 20 330   M    M   5        26 330
12  90  70  80  13   0  15 0.00  0.0    0 10.7 21 310   M    M   2        29 310
13  90  69  80  13   0  15 0.00  0.0    0 10.4 22  10   M    M   1        27  20
14  93  65  79  12   0  14 0.00  0.0    0  8.3 23  80   M    M   0        27  70
15  92  65  79  12   0  14 0.00  0.0    0 10.5 24  90   M    M   0        31  90
16  92  66  79  12   0  14 0.00  0.0    0  6.0 20  80   M    M   4        23  80
17  92  64  78  11   0  13 0.00  0.0    0  7.6 17 150   M    M   6 8      21 140
18  87  68  78  10   0  13    T  0.0    0  9.2 22 150   M    M   6 38     27 150
19  76  65  71   3   0   6 0.01  0.0    0  7.6 17  70   M    M   6        21  90
20  84  61  73   5   0   8 0.00  0.0    0  6.1 13 260   M    M   3 8      16 250
21  91  59  75   7   0  10 0.00  0.0    0  4.6 13 230   M    M   0        15 230
22  89  60  75   7   0  10 0.00  0.0    0  5.2 13 250   M    M   0 8      16 260
23  88  64  76   8   0  11 0.00  0.0    0  8.7 15 300   M    M   2        20 300
24  87  59  73   5   0   8 0.00  0.0    0  4.9 13 270   M    M   3 8      16 270
25  92  60  76   7   0  11 0.00  0.0    0  8.5 22  10   M    M   2        27 360
26  95  64  80  11   0  15 0.00  0.0    0  7.0 17  20   M    M   2        20  20
27  96  64  80  11   0  15 0.00  0.0    0  4.3 10  30   M    M   0 8      13  30
28  98  62  80  11   0  15 0.00  0.0    0  1.8  9 190   M    M   0        12 300
29  98  67  83  14   0  18 0.00  0.0    0  3.8 13 190   M    M   0        14 170
================================================================================
SM 2494 1742        23 263  0.32     0.0 190.0          M       65
================================================================================
AV 86.0 60.1                               6.6 FASTST   M    M   2    MAX(MPH)
                                 MISC ---->  # 26  30               # 32   40
================================================================================
NOTES:
# LAST OF SEVERAL OCCURRENCES

COLUMN 17 PEAK WIND IN M.P.H.

PRELIMINARY LOCAL CLIMATOLOGICAL DATA (WS FORM: F-6) , PAGE 2

                                          STATION:  YUMA AZ
                                          MONTH:    MARCH
                                          YEAR:     2015
                                          LATITUDE:   32 39 N
                                          LONGITUDE: 114 37 W

[TEMPERATURE DATA]      [PRECIPITATION DATA]       SYMBOLS USED IN COLUMN 16

AVERAGE MONTHLY: 73.0   TOTAL FOR MONTH:   0.32    1 = FOG OR MIST
DPTR FM NORMAL:   6.0   DPTR FM NORMAL:    0.00    2 = FOG REDUCING VISIBILITY
HIGHEST:    98 ON 29,28 GRTST 24HR  0.18 ON  2- 2      TO 1/4 MILE OR LESS
LOWEST:     50 ON  5, 3                            3 = THUNDER
                        SNOW, ICE PELLETS, HAIL    4 = ICE PELLETS
                        TOTAL MONTH:   0.0 INCH    5 = HAIL
                        GRTST 24HR     0.0         6 = FREEZING RAIN OR DRIZZLE
                        GRTST DEPTH:   0           7 = DUSTSTORM OR SANDSTORM:
                                                       VSBY 1/2 MILE OR LESS
                                                   8 = SMOKE OR HAZE
[NO. OF DAYS WITH]      [WEATHER - DAYS WITH]      9 = BLOWING SNOW
                                                   X = TORNADO
MAX 32 OR BELOW:   0    0.01 INCH OR MORE:   3
MAX 90 OR ABOVE:  12    0.10 INCH OR MORE:   2
MIN 32 OR BELOW:   0    0.50 INCH OR MORE:   0
MIN  0 OR BELOW:   0    1.00 INCH OR MORE:   0

[HDD (BASE 65) ]
TOTAL THIS MO.    23    CLEAR  (SCALE 0-3)  21
DPTR FM NORMAL   -26    PTCLDY (SCALE 4-7)   7
TOTAL FM JUL 1    83    CLOUDY (SCALE 8-10)  1
DPTR FM NORMAL  -589

[CDD (BASE 65) ]
TOTAL THIS MO.   263
DPTR FM NORMAL   156    [PRESSURE DATA]
TOTAL FM JAN 1   374    HIGHEST SLP M ON M
DPTR FM NORMAL   231    LOWEST  SLP 29.76 ON  9

[REMARKS]
