270
CXUS56 KMTR 261000
CF6OAK
PRELIMINARY LOCAL CLIMATOLOGICAL DATA (WS FORM: F-6)

                                          STATION:   OAKLAND AIRPORT
                                          MONTH:     APRIL
                                          YEAR:      2017
                                          LATITUDE:   37 43 N
                                          LONGITUDE: 122 13 W

  TEMPERATURE IN F:       :PCPN:    SNOW:  WIND      :SUNSHINE: SKY     :PK WND
================================================================================
1   2   3   4   5  6A  6B    7    8   9   10  11  12  13   14  15   16   17  18
                                     12Z  AVG MX 2MIN
DY MAX MIN AVG DEP HDD CDD  WTR  SNW DPTH SPD SPD DIR MIN PSBL S-S WX    SPD DR
================================================================================

 1  76  49  63   7   2   0 0.00  0.0    0  6.4 17 280   M    M   3        20 280
 2  74  52  63   7   2   0 0.00  0.0    0  7.6 20 280   M    M   4        22 270
 3  70  48  59   3   6   0 0.00  0.0    0  8.1 21 280   M    M   1 1      24 280
 4  70  51  61   5   4   0 0.00  0.0    0  7.6 18 290   M    M   6        23 240
 5  74  52  63   7   2   0 0.00  0.0    0  5.2 18 280   M    M   8        21 280
 6  67  50  59   3   6   0 0.92  0.0    0 16.0 51 150   M    M  10 1      62 160
 7  65  50  58   2   7   0 0.52  0.0    0 13.3 29 280   M    M  10 1      37 220
 8  59  46  53  -4  12   0 0.09  0.0    0 13.2 30 270   M    M   4        34 270
 9  62  42  52  -5  13   0 0.00  0.0    0  6.8 18 280   M    M   3        21 310
10  67  46  57   0   8   0 0.00  0.0    0  7.2 17 270   M    M   6        20 270
11  67  55  61   4   4   0 0.01  0.0    0 10.7 25 200   M    M   9 1      31 190
12  67  55  61   4   4   0 0.31  0.0    0 14.1 26 150   M    M   8 18     32 160
13  62  52  57   0   8   0 0.01  0.0    0 17.0 26 280   M    M   6        33 280
14  65  44  55  -2  10   0 0.00  0.0    0 10.0 22 280   M    M   2        28 270
15  67  45  56  -2   9   0 0.00  0.0    0  5.8 16 310   M    M   6        20 310
16  62  51  57  -1   8   0 0.23  0.0    0  8.2 25 140   M    M   9 18     30 150
17  65  55  60   2   5   0 0.10  0.0    0  4.5 12 280   M    M  10 1      13 280
18  68  56  62   4   3   0 0.03  0.0    0  7.5 20 280   M    M   6 1      22 270
19  69  55  62   4   3   0 0.23  0.0    0  7.5 16 270   M    M   5 1      19 270
20  69  54  62   4   3   0 0.01  0.0    0  9.0 22 280   M    M   3 18     24 270
21  75  51  63   5   2   0 0.00  0.0    0  5.9 16 270   M    M   2        19 270
22  67  49  58   0   7   0 0.00  0.0    0  8.7 24 280   M    M   5        27 270
23  67  54  61   3   4   0 0.00  0.0    0 18.0 28 280   M    M   6        33 280
24  65  55  60   2   5   0 0.00  0.0    0 15.4 25 280   M    M   8        30 280
25  66  56  61   3   4   0 0.00  0.0    0 12.9 23 260   M    M   7        28 270
================================================================================
SM 1685 1273       141   0  2.46     0.0 246.6          M      147
================================================================================
AV 67.4 50.9                               9.9 FASTST   M    M   6    MAX(MPH)
                                 MISC ---->  # 51 150               # 62  160
================================================================================
NOTES:
# LAST OF SEVERAL OCCURRENCES

COLUMN 17 PEAK WIND IN M.P.H.

PRELIMINARY LOCAL CLIMATOLOGICAL DATA (WS FORM: F-6) , PAGE 2

                                          STATION:  OAKLAND AIRPORT
                                          MONTH:    APRIL
                                          YEAR:     2017
                                          LATITUDE:   37 43 N
                                          LONGITUDE: 122 13 W

[TEMPERATURE DATA]      [PRECIPITATION DATA]       SYMBOLS USED IN COLUMN 16

AVERAGE MONTHLY: 59.2   TOTAL FOR MONTH:   2.46    1 = FOG OR MIST
DPTR FM NORMAL:   2.0   DPTR FM NORMAL:    1.28    2 = FOG REDUCING VISIBILITY
HIGHEST:    76 ON  1    GRTST 24HR  1.01 ON  6- 7      TO 1/4 MILE OR LESS
LOWEST:     42 ON  9                               3 = THUNDER
                        SNOW, ICE PELLETS, HAIL    4 = ICE PELLETS
                        TOTAL MONTH:   0.0 INCH    5 = HAIL
                        GRTST 24HR     0.0         6 = FREEZING RAIN OR DRIZZLE
                        GRTST DEPTH:   0           7 = DUSTSTORM OR SANDSTORM:
                                                       VSBY 1/2 MILE OR LESS
                                                   8 = SMOKE OR HAZE
[NO. OF DAYS WITH]      [WEATHER - DAYS WITH]      9 = BLOWING SNOW
                                                   X = TORNADO
MAX 32 OR BELOW:   0    0.01 INCH OR MORE:  11
MAX 90 OR ABOVE:   0    0.10 INCH OR MORE:   6
MIN 32 OR BELOW:   0    0.50 INCH OR MORE:   2
MIN  0 OR BELOW:   0    1.00 INCH OR MORE:   0

[HDD (BASE 65) ]
TOTAL THIS MO.   141    CLEAR  (SCALE 0-3)   6
DPTR FM NORMAL   -58    PTCLDY (SCALE 4-7)  11
TOTAL FM JUL 1  1880    CLOUDY (SCALE 8-10)  8
DPTR FM NORMAL  -672

[CDD (BASE 65) ]
TOTAL THIS MO.     0
DPTR FM NORMAL     0    [PRESSURE DATA]
TOTAL FM JAN 1     1    HIGHEST SLP M ON M
DPTR FM NORMAL     0    LOWEST  SLP 29.70 ON  6

[REMARKS]
