000
CXUS56 KMTR 201000
CF6OAK
PRELIMINARY LOCAL CLIMATOLOGICAL DATA (WS FORM: F-6)

                                          STATION:   OAKLAND AIRPORT
                                          MONTH:     APRIL
                                          YEAR:      2014
                                          LATITUDE:   37 43 N
                                          LONGITUDE: 122 13 W

  TEMPERATURE IN F:       :PCPN:    SNOW:  WIND      :SUNSHINE: SKY     :PK WND
================================================================================
1   2   3   4   5  6A  6B    7    8   9   10  11  12  13   14  15   16   17  18
                                     12Z  AVG MX 2MIN
DY MAX MIN AVG DEP HDD CDD  WTR  SNW DPTH SPD SPD DIR MIN PSBL S-S WX    SPD DR
================================================================================

 1  58  46  52  -4  13   0 0.69  0.0    0 13.3 30 230   M    M   9        36 220
 2  61  45  53  -3  12   0    T  0.0    0  8.4 21 280   M    M   5        28  90
 3  62  46  54  -2  11   0 0.00  0.0    0  7.6 16 280   M    M   6        20 270
 4  61  50  56   0   9   0 0.32  0.0    0  8.3 22 280   M    M   8 1      28  90
 5  65  46  56   0   9   0 0.00  0.0    0  6.6 17 260   M    M   3        21 280
 6  72  49  61   5   4   0 0.00  0.0    0  4.6 16 270   M    M   3        29  90
 7  79  51  65   9   0   0 0.00  0.0    0  5.7 15 300   M    M   0        20 300
 8  78  56  67  10   0   2 0.00  0.0    0  5.8 16 300   M    M   5        20 300
 9  66  52  59   2   6   0 0.00  0.0    0  8.3 17 280   M    M   5        49 150
10  74  51  63   6   2   0 0.00  0.0    0  6.7 18 290   M    M   6        26 270
11  63  53  58   1   7   0 0.00  0.0    0  9.2 24 230   M    M   9        28 230
12  64  54  59   2   6   0 0.00  0.0    0 11.1 21 270   M    M   6        28 310
13  69  53  61   4   4   0 0.00  0.0    0  8.8 22 290   M    M   5        25 280
14  68  50  59   2   6   0 0.00  0.0    0  7.6 21 290   M    M   6 8      23 290
15  66  52  59   1   6   0 0.00  0.0    M  7.7 18 260   M    M   4        30 320
16  73  50  62   4   3   0 0.00  0.0    0  8.1 18 280   M    M   3        24  80
17  64  51  58   0   7   0 0.00  0.0    0  6.7 17 260   M    M   4        29 290
18  64  51  58   0   7   0 0.00  0.0    0  7.7 18 280   M    M   4        31 320
19  65  52  59   1   6   0 0.00  0.0    0 11.5 25 270   M    M   6        38 300
================================================================================
SM 1272  958       118   2  1.01     0.0 153.7          M       97
================================================================================
AV 66.9 50.4                               8.1 FASTST   M    M   5    MAX(MPH)
                                 MISC ---->  # 30 230               # 49  150
================================================================================
NOTES:
# LAST OF SEVERAL OCCURRENCES

COLUMN 17 PEAK WIND IN M.P.H.

PRELIMINARY LOCAL CLIMATOLOGICAL DATA (WS FORM: F-6) , PAGE 2

                                          STATION:  OAKLAND AIRPORT
                                          MONTH:    APRIL
                                          YEAR:     2014
                                          LATITUDE:   37 43 N
                                          LONGITUDE: 122 13 W

[TEMPERATURE DATA]      [PRECIPITATION DATA]       SYMBOLS USED IN COLUMN 16

AVERAGE MONTHLY: 58.7   TOTAL FOR MONTH:   1.01    1 = FOG OR MIST
DPTR FM NORMAL:   1.8   DPTR FM NORMAL:    0.09    2 = FOG REDUCING VISIBILITY
HIGHEST:    79 ON  7    GRTST 24HR  1.05 ON 31- 1      TO 1/4 MILE OR LESS
LOWEST:     45 ON  2                               3 = THUNDER
                        SNOW, ICE PELLETS, HAIL    4 = ICE PELLETS
                        TOTAL MONTH:   0.0 INCH    5 = HAIL
                        GRTST 24HR     0.0         6 = FREEZING RAIN OR DRIZZLE
                        GRTST DEPTH:   0           7 = DUSTSTORM OR SANDSTORM:
                                                       VSBY 1/2 MILE OR LESS
                                                   8 = SMOKE OR HAZE
[NO. OF DAYS WITH]      [WEATHER - DAYS WITH]      9 = BLOWING SNOW
                                                   X = TORNADO
MAX 32 OR BELOW:   0    0.01 INCH OR MORE:   2
MAX 90 OR ABOVE:   0    0.10 INCH OR MORE:   2
MIN 32 OR BELOW:   0    0.50 INCH OR MORE:   1
MIN  0 OR BELOW:   0    1.00 INCH OR MORE:   0

[HDD (BASE 65) ]
TOTAL THIS MO.   118    CLEAR  (SCALE 0-3)   4
DPTR FM NORMAL   -39    PTCLDY (SCALE 4-7)  13
TOTAL FM JUL 1  2124    CLOUDY (SCALE 8-10)  2
DPTR FM NORMAL  -386

[CDD (BASE 65) ]
TOTAL THIS MO.     2
DPTR FM NORMAL     2    [PRESSURE DATA]
TOTAL FM JAN 1     3    HIGHEST SLP M ON M
DPTR FM NORMAL     2    LOWEST  SLP 29.80 ON 17

[REMARKS]
