000
CXUS53 KOAX 221000
CF6OAX
PRELIMINARY LOCAL CLIMATOLOGICAL DATA (WS FORM: F-6)

                                          STATION:   VALLEY  NWS, NEBRASKA
                                          MONTH:     FEBRUARY
                                          YEAR:      2017
                                          LATITUDE:   41 19 N
                                          LONGITUDE:  96 22 W

  TEMPERATURE IN F:       :PCPN:    SNOW:  WIND      :SUNSHINE: SKY     :PK WND
================================================================================
1   2   3   4   5  6A  6B    7    8   9   10  11  12  13   14  15   16   17  18
                                     12Z  AVG MX 2MIN
DY MAX MIN AVG DEP HDD CDD  WTR  SNW DPTH SPD SPD DIR MIN PSBL S-S WX    SPD DR
================================================================================

 1  33  20  27   3  38   0    T    T    0   M   M   M   M    M   M        29  M
 2  26  16  21  -3  44   0 0.00  0.0    0   M   M   M   M    M   M        23  M
 3  29  17  23  -2  42   0 0.00  0.0    0   M   M   M   M    M   M        20  M
 4  48  25  37  12  28   0 0.00  0.0    0   M   M   M   M    M   M        35  M
 5  36  19  28   3  37   0 0.00  0.0    0   M   M   M   M    M   M        22  M
 6  48  26  37  12  28   0 0.00  0.0    0   M   M   M   M    M   M 18     21  M
 7  42  19  31   6  34   0 0.02  0.3    0   M   M   M   M    M   M 1      32  M
 8  19   7  13 -12  52   0 0.27  3.7    2   M   M   M   M    M   M        25  M
 9  31   7  19  -7  46   0 0.00  0.0    3   M   M   M   M    M   M        26  M
10  63  29  46  20  19   0 0.00  0.0    2   M   M   M   M    M   M        24  M
11  56  34  45  19  20   0    T  0.0    0   M   M   M   M    M   M        22  M
12  49  29  39  13  26   0 0.00  0.0    0   M   M   M   M    M   M        28  M
13  52  27  40  14  25   0 0.00  0.0    0   M   M   M   M    M   M        28  M
14  50  29  40  13  25   0 0.00  0.0    0   M   M   M   M    M   M        29  M
15  53  28  41  14  24   0 0.00  0.0    0   M   M   M   M    M   M        28  M
16  70  34  52  25  13   0 0.00  0.0    0   M   M   M   M    M   M        15  M
17  69  37  53  25  12   0 0.00  0.0    0   M   M   M   M    M   M        20  M
18  65  31  48  20  17   0 0.00  0.0    0   M   M   M   M    M   M        15  M
19  70  41  56  28   9   0 0.00  0.0    0   M   M   M   M    M   M        26  M
20  61  40  51  23  14   0 0.01  0.0    0   M   M   M   M    M   M        24  M
21  73  32  53  24  12   0 0.00  0.0    0   M   M   M   M    M   M 1      25  M
================================================================================
SM 1043  547       565   0  0.30     4.0     M          M        M
================================================================================
AV 49.7 26.1                                 M FASTST   M    M   5    MAX(MPH)
                                 MISC ---->     M   M                 35    M
================================================================================
NOTES:
# LAST OF SEVERAL OCCURRENCES

COLUMN 17 PEAK WIND IN M.P.H.

PRELIMINARY LOCAL CLIMATOLOGICAL DATA (WS FORM: F-6) , PAGE 2

                                          STATION:  VALLEY  NWS, NEBRASKA
                                          MONTH:    FEBRUARY
                                          YEAR:     2017
                                          LATITUDE:   41 19 N
                                          LONGITUDE:  96 22 W

[TEMPERATURE DATA]      [PRECIPITATION DATA]       SYMBOLS USED IN COLUMN 16

AVERAGE MONTHLY: 37.9   TOTAL FOR MONTH:   0.30    1 = FOG OR MIST
DPTR FM NORMAL:  11.7   DPTR FM NORMAL:   -0.37    2 = FOG REDUCING VISIBILITY
HIGHEST:    73 ON 21    GRTST 24HR  0.27 ON  8- 8      TO 1/4 MILE OR LESS
LOWEST:      7 ON  9, 8                            3 = THUNDER
                        SNOW, ICE PELLETS, HAIL    4 = ICE PELLETS
                        TOTAL MONTH:   4.0 INCHES  5 = HAIL
                        GRTST 24HR   3.7 ON   M    6 = FREEZING RAIN OR DRIZZLE
                        GRTST DEPTH:   3 ON  9     7 = DUSTSTORM OR SANDSTORM:
                                                       VSBY 1/2 MILE OR LESS
                                                   8 = SMOKE OR HAZE
[NO. OF DAYS WITH]      [WEATHER - DAYS WITH]      9 = BLOWING SNOW
                                                   X = TORNADO
MAX 32 OR BELOW:   4    0.01 INCH OR MORE:   3
MAX 90 OR ABOVE:   0    0.10 INCH OR MORE:   1
MIN 32 OR BELOW:  16    0.50 INCH OR MORE:   0
MIN  0 OR BELOW:   0    1.00 INCH OR MORE:   0

[HDD (BASE 65) ]
TOTAL THIS MO.   565    CLEAR  (SCALE 0-3)   0
DPTR FM NORMAL  -248    PTCLDY (SCALE 4-7)   0
TOTAL FM JUL 1  3688    CLOUDY (SCALE 8-10)  0
DPTR FM NORMAL  -899

[CDD (BASE 65) ]
TOTAL THIS MO.     0
DPTR FM NORMAL     0    [PRESSURE DATA]
TOTAL FM JAN 1     0    HIGHEST SLP M ON M
DPTR FM NORMAL     0    LOWEST  SLP M ON M

[REMARKS]
