000
CXUS56 KSGX 191445
CF6OKB
PRELIMINARY LOCAL CLIMATOLOGICAL DATA (WS FORM: F-6)

                                          STATION:   OCEANSIDE AIRPORT CA
                                          MONTH:     OCTOBER
                                          YEAR:      2014
                                          LATITUDE:   33 13 N
                                          LONGITUDE: 117 21 W

  TEMPERATURE IN F:       :PCPN:    SNOW:  WIND      :SUNSHINE: SKY     :PK WND
================================================================================
1   2   3   4   5  6A  6B    7    8   9   10  11  12  13   14  15   16   17  18
                                     12Z  AVG MX 2MIN
DY MAX MIN AVG DEP HDD CDD  WTR  SNW DPTH SPD SPD DIR MIN PSBL S-S WX    SPD DR
================================================================================

 1  78  60  69   3   0   4 0.00  0.0    0  4.7 12 240   M    M   4 18     17 250
 2  89  56  73   7   0   8 0.00  0.0    0  3.9 13 280   M    M   0 1      20 280
 3  94  54  74   9   0   9 0.00  0.0    0  5.3 16 290   M    M   0 8      23 290
 4  91  49  70   5   0   5 0.00  0.0    0  3.2 12 240   M    M   0        14 250
 5  89  50  70   5   0   5 0.00  0.0    0  3.5 12 230   M    M   0        14 220
 6  87  50  69   4   0   4 0.00  0.0    0  3.1 12 240   M    M   0        14 250
 7  89  57  73   8   0   8    T  0.0    0  3.1 13 250   M    M   0 18     16 250
 8  80  52  66   2   0   1 0.00  0.0    0  3.1 13 230   M    M   2        17 240
 9  77  57  67   3   0   2 0.00  0.0    0  3.7 14 230   M    M   4        17 240
10  77  55  66   2   0   1 0.00  0.0    0  3.4 14 250   M    M   5 1      19 250
11  76  61  69   5   0   4 0.00  0.0    0  4.4 13 250   M    M   5 18     15 250
12  77  59  68   4   0   3 0.00  0.0    0  3.5 12 240   M    M   6 18     15 240
13  75  62  69   5   0   4 0.00  0.0    0  3.3 13 240   M    M   7 18     17 260
14  78  64  71   8   0   6 0.00  0.0    0  3.9 12 240   M    M   7 18     16 240
15  78  58  68   5   0   3 0.00  0.0    0  3.5 15 250   M    M   4        19 240
16  78  57  68   5   0   3 0.00  0.0    0  3.2 16 240   M    M   3        22 240
17  77  62  70   7   0   5 0.00  0.0    0  3.8 15 250   M    M   6        21 250
18  75  56  66   4   0   1 0.00  0.0    0  3.7 15 250   M    M   3        22 250
================================================================================
SM 1465 1019         0  76    T      0.0  66.3          M       56
================================================================================
AV 81.4 56.6                               3.7 FASTST   M    M   3    MAX(MPH)
                                 MISC ---->  # 16 290               # 23  290
================================================================================
NOTES:
# LAST OF SEVERAL OCCURRENCES

COLUMN 17 PEAK WIND IN M.P.H.

PRELIMINARY LOCAL CLIMATOLOGICAL DATA (WS FORM: F-6) , PAGE 2

                                          STATION:  OCEANSIDE AIRPORT CA
                                          MONTH:    OCTOBER
                                          YEAR:     2014
                                          LATITUDE:   33 13 N
                                          LONGITUDE: 117 21 W

[TEMPERATURE DATA]      [PRECIPITATION DATA]       SYMBOLS USED IN COLUMN 16

AVERAGE MONTHLY: 69.0   TOTAL FOR MONTH:      T    1 = FOG OR MIST
DPTR FM NORMAL:   4.8   DPTR FM NORMAL:   -0.31    2 = FOG REDUCING VISIBILITY
HIGHEST:    94 ON  3    GRTST 24HR    T  ON  7- 7      TO 1/4 MILE OR LESS
LOWEST:     49 ON  4                               3 = THUNDER
                        SNOW, ICE PELLETS, HAIL    4 = ICE PELLETS
                        TOTAL MONTH:   0.0 INCH    5 = HAIL
                        GRTST 24HR     0.0         6 = FREEZING RAIN OR DRIZZLE
                        GRTST DEPTH:   0           7 = DUSTSTORM OR SANDSTORM:
                                                       VSBY 1/2 MILE OR LESS
                                                   8 = SMOKE OR HAZE
[NO. OF DAYS WITH]      [WEATHER - DAYS WITH]      9 = BLOWING SNOW
                                                   X = TORNADO
MAX 32 OR BELOW:   0    0.01 INCH OR MORE:   0
MAX 90 OR ABOVE:   2    0.10 INCH OR MORE:   0
MIN 32 OR BELOW:   0    0.50 INCH OR MORE:   0
MIN  0 OR BELOW:   0    1.00 INCH OR MORE:   0

[HDD (BASE 65) ]
TOTAL THIS MO.     0    CLEAR  (SCALE 0-3)   9
DPTR FM NORMAL   -34    PTCLDY (SCALE 4-7)   9
TOTAL FM JUL 1     0    CLOUDY (SCALE 8-10)  0
DPTR FM NORMAL   -49

[CDD (BASE 65) ]
TOTAL THIS MO.    76
DPTR FM NORMAL    58    [PRESSURE DATA]
TOTAL FM JAN 1   837    HIGHEST SLP M ON M
DPTR FM NORMAL   425    LOWEST  SLP 29.74 ON  1

[REMARKS]
