000
CXAK56 PAFG 281221
CF6OME
PRELIMINARY LOCAL CLIMATOLOGICAL DATA (WS FORM: F-6)

                                          STATION:   NOME AK
                                          MONTH:     SEPTEMBER
                                          YEAR:      2016
                                          LATITUDE:   64 30 N
                                          LONGITUDE: 165 26 W

  TEMPERATURE IN F:       :PCPN:    SNOW:  WIND      :SUNSHINE: SKY     :PK WND
================================================================================
1   2   3   4   5  6A  6B    7    8   9   10  11  12  13   14  15   16   17  18
                                     12Z  AVG MX 2MIN
DY MAX MIN AVG DEP HDD CDD  WTR  SNW DPTH SPD SPD DIR MIN PSBL S-S WX    SPD DR
================================================================================

 1  61  45  53   5  12   0 0.00  0.0    0 10.0 14 350   M    M   0        16 350
 2  66  47  57   9   8   0 0.00  0.0    0  8.5 14 140   M    M   3        18 140
 3  63  51  57  10   8   0 0.00  0.0    0 12.9 20  90   M    M   6        27  90
 4  64  50  57  10   8   0 0.00  0.0    0  8.2 14  90   M    M   9        20  70
 5  59  40  50   3  15   0 0.00  0.0    0 11.2 23  10   M    M   6 8      29  10
 6  52  34  43  -4  22   0 0.00  0.0    0 11.7 18  20   M    M   2        29 340
 7  52  34  43  -3  22   0 0.00  0.0    0  6.4 13 210   M    M   3        17 350
 8  55  34  45  -1  20   0 0.00  0.0    0  5.8 14 260   M    M   1        17 260
 9  47  32  40  -6  25   0 0.00  0.0    0  6.7 15 240   M    M   6 1      18 240
10  48  37  43  -2  22   0 0.00  0.0    0  6.1 15 280   M    M   7        17 280
11  50  36  43  -2  22   0 0.13  0.0    0 12.4 23  30   M    M   7 1      28  20
12  52  39  46   1  19   0 0.18  0.0    0 15.5 26  30   M    M   9 1      32  30
13  45  32  39  -5  26   0 0.00  0.0    0 12.6 26 320   M    M   4        32 310
14  46  27  37  -7  28   0 0.00  0.0    0 11.8 29  20   M    M   4        35  30
15  43  35  39  -4  26   0 0.00  0.0    0 15.9 29  30   M    M   7        37  30
16  48  34  41  -2  24   0    T  0.0    0  9.1 15 250   M    M   5        17 250
17  47  27  37  -6  28   0 0.00  0.0    0  7.5 20 310   M    M   6        24 310
18  45  34  40  -2  25   0 0.20  0.0    0  6.9 16  80   M    M  10 1      21  80
19  47  44  46   4  19   0 0.46  0.0    0 16.1 29 140   M    M  10 1      35 140
20  47  43  45   4  20   0 0.05  0.0    0 10.0 16 150   M    M   9 1      20 110
21  49  41  45   4  20   0 0.13  0.0    0  7.3 13  90   M    M   8 1      15 150
22  48  34  41   1  24   0 0.00  0.0    0 12.0 22  20   M    M   7        25  10
23  46  30  38  -2  27   0 0.01  0.0    0  5.8 14 280   M    M   8 1      16 320
24  42  31  37  -2  28   0 0.04  0.0    0  5.3 12 260   M    M   9 1      13  10
25  45  32  39   0  26   0 0.56  0.0    0 12.4 25 180   M    M  10 1      32 180
26  43  33  38   0  27   0    T  0.0    0  6.2 13 110   M    M   6        15 110
27  46  35  41   3  24   0 0.26  0.0    0 15.2 30 170   M    M  10 1      38 170
================================================================================
SM 1356  991       575   0  2.02     0.0 269.5          M      172
================================================================================
AV 50.2 36.7                              10.0 FASTST   M    M   6    MAX(MPH)
                                 MISC ---->  # 30 170               # 38  170
================================================================================
NOTES:
# LAST OF SEVERAL OCCURRENCES

COLUMN 17 PEAK WIND IN M.P.H.

PRELIMINARY LOCAL CLIMATOLOGICAL DATA (WS FORM: F-6) , PAGE 2

                                          STATION:  NOME AK
                                          MONTH:    SEPTEMBER
                                          YEAR:     2016
                                          LATITUDE:   64 30 N
                                          LONGITUDE: 165 26 W

[TEMPERATURE DATA]      [PRECIPITATION DATA]       SYMBOLS USED IN COLUMN 16

AVERAGE MONTHLY: 43.5   TOTAL FOR MONTH:   2.02    1 = FOG OR MIST
DPTR FM NORMAL:  -0.0   DPTR FM NORMAL:   -0.23    2 = FOG REDUCING VISIBILITY
HIGHEST:    66 ON  2    GRTST 24HR  0.56 ON 25-25      TO 1/4 MILE OR LESS
LOWEST:     27 ON 17,14                            3 = THUNDER
                        SNOW, ICE PELLETS, HAIL    4 = ICE PELLETS
                        TOTAL MONTH:   0.0 INCH    5 = HAIL
                        GRTST 24HR     0.0         6 = FREEZING RAIN OR DRIZZLE
                        GRTST DEPTH:   0           7 = DUSTSTORM OR SANDSTORM:
                                                       VSBY 1/2 MILE OR LESS
                                                   8 = SMOKE OR HAZE
[NO. OF DAYS WITH]      [WEATHER - DAYS WITH]      9 = BLOWING SNOW
                                                   X = TORNADO
MAX 32 OR BELOW:   0    0.01 INCH OR MORE:  10
MAX 90 OR ABOVE:   0    0.10 INCH OR MORE:   7
MIN 32 OR BELOW:   7    0.50 INCH OR MORE:   1
MIN  0 OR BELOW:   0    1.00 INCH OR MORE:   0

[HDD (BASE 65) ]
TOTAL THIS MO.   575    CLEAR  (SCALE 0-3)   5
DPTR FM NORMAL    -6    PTCLDY (SCALE 4-7)  13
TOTAL FM JUL 1  1260    CLOUDY (SCALE 8-10)  9
DPTR FM NORMAL  -181

[CDD (BASE 65) ]
TOTAL THIS MO.     0
DPTR FM NORMAL     0    [PRESSURE DATA]
TOTAL FM JAN 1     0    HIGHEST SLP M ON M
DPTR FM NORMAL    -3    LOWEST  SLP 29.07 ON 17

[REMARKS]
