000
CXUS51 KAKQ 271010
CF6ORF
PRELIMINARY LOCAL CLIMATOLOGICAL DATA (WS FORM: F-6)

                                          STATION:   NORFOLK VA
                                          MONTH:     JULY
                                          YEAR:      2015
                                          LATITUDE:   36 54 N
                                          LONGITUDE:  76 12 W

  TEMPERATURE IN F:       :PCPN:    SNOW:  WIND      :SUNSHINE: SKY     :PK WND
================================================================================
1   2   3   4   5  6A  6B    7    8   9   10  11  12  13   14  15   16   17  18
                                     12Z  AVG MX 2MIN
DY MAX MIN AVG DEP HDD CDD  WTR  SNW DPTH SPD SPD DIR MIN PSBL S-S WX    SPD DR
================================================================================

 1  87  72  80   1   0  15 0.00  0.0    0  9.9 18 240   M    M   0        24 240
 2  88  73  81   2   0  16 0.14  0.0    0  8.2 29 210   M    M   4 18     35 220
 3  81  72  77  -2   0  12 0.14  0.0    0  7.9 15 110   M    M   5 1      20 100
 4  88  73  81   2   0  16 0.17  0.0    0  8.8 17 280   M    M   5 1      28 280
 5  83  71  77  -2   0  12 0.38  0.0    0  5.2 15 260   M    M   4 1      20 290
 6  89  73  81   1   0  16 0.23  0.0    0  6.7 20 200   M    M   2        24 190
 7  91  74  83   3   0  18 0.00  0.0    0 10.7 17 200   M    M   2        24 200
 8  91  76  84   4   0  19    T  0.0    0 12.3 20 240   M    M   1        23 230
 9  94  78  86   6   0  21 0.00  0.0    0 10.0 23 220   M    M   1        29 230
10  87  76  82   2   0  17 0.01  0.0    0  7.1 14 240   M    M   2        20 230
11  85  73  79  -1   0  14 2.33  0.0    0  6.8 21  30   M    M   7 1      27  30
12  82  74  78  -2   0  13    T  0.0    0  8.2 15  30   M    M   6        19  30
13  83  73  78  -2   0  13 0.02  0.0    0  6.0 18 180   M    M   3        24 170
14  87  73  80   0   0  15 0.11  0.0    0 11.6 22 210   M    M   2 1      27 190
15  87  77  82   2   0  17 0.00  0.0    0  7.9 16 210   M    M   2        20 210
16  79  73  76  -4   0  11 0.01  0.0    0  9.9 18  40   M    M   8        23  30
17  84  72  78  -2   0  13 0.01  0.0    0  7.4 14 140   M    M   3        20 120
18  92  71  82   2   0  17 3.08  0.0    0  7.7 31 150   M    M   5 18     42 170
19  90  73  82   2   0  17 0.00  0.0    0  6.5 14 220   M    M   0        17 210
20  95  76  86   6   0  21    T  0.0    0  6.2 14 220   M    M   1        17 230
21  93  78  86   6   0  21 0.00  0.0    0  7.9 22 250   M    M   1        29 230
22  84  71  78  -2   0  13 0.00  0.0    0  8.1 18 360   M    M   1 8      26 350
23  85  71  78  -2   0  13 0.00  0.0    0  4.7 12 160   M    M   5        16 150
24  85  71  78  -2   0  13 0.00  0.0    0  6.7 15  40   M    M   2        19  40
25  86  68  77  -3   0  12 0.00  0.0    0  5.4 13  80   M    M   0        17  60
26  89  67  78  -2   0  13 0.00  0.0    0  5.9 15 140   M    M   0        22 150
================================================================================
SM 2265 1899         0 398  6.63     0.0 203.7          M       72
================================================================================
AV 87.1 73.0                               7.8 FASTST   M    M   3    MAX(MPH)
                                 MISC ---->  # 31 150               # 42  170
================================================================================
NOTES:
# LAST OF SEVERAL OCCURRENCES

COLUMN 17 PEAK WIND IN M.P.H.

PRELIMINARY LOCAL CLIMATOLOGICAL DATA (WS FORM: F-6) , PAGE 2

                                          STATION:  NORFOLK VA
                                          MONTH:    JULY
                                          YEAR:     2015
                                          LATITUDE:   36 54 N
                                          LONGITUDE:  76 12 W

[TEMPERATURE DATA]      [PRECIPITATION DATA]       SYMBOLS USED IN COLUMN 16

AVERAGE MONTHLY: 80.1   TOTAL FOR MONTH:   6.63    1 = FOG OR MIST
DPTR FM NORMAL:   0.3   DPTR FM NORMAL:    2.44    2 = FOG REDUCING VISIBILITY
HIGHEST:    95 ON 20    GRTST 24HR  3.08 ON 17-18      TO 1/4 MILE OR LESS
LOWEST:     67 ON 26                               3 = THUNDER
                        SNOW, ICE PELLETS, HAIL    4 = ICE PELLETS
                        TOTAL MONTH:   0.0 INCH    5 = HAIL
                        GRTST 24HR     0.0         6 = FREEZING RAIN OR DRIZZLE
                        GRTST DEPTH:   0           7 = DUSTSTORM OR SANDSTORM:
                                                       VSBY 1/2 MILE OR LESS
                                                   8 = SMOKE OR HAZE
[NO. OF DAYS WITH]      [WEATHER - DAYS WITH]      9 = BLOWING SNOW
                                                   X = TORNADO
MAX 32 OR BELOW:   0    0.01 INCH OR MORE:  12
MAX 90 OR ABOVE:   7    0.10 INCH OR MORE:   8
MIN 32 OR BELOW:   0    0.50 INCH OR MORE:   2
MIN  0 OR BELOW:   0    1.00 INCH OR MORE:   2

[HDD (BASE 65) ]
TOTAL THIS MO.     0    CLEAR  (SCALE 0-3)  15
DPTR FM NORMAL     0    PTCLDY (SCALE 4-7)  11
TOTAL FM JUL 1     0    CLOUDY (SCALE 8-10)  0
DPTR FM NORMAL     0

[CDD (BASE 65) ]
TOTAL THIS MO.   398
DPTR FM NORMAL    14    [PRESSURE DATA]
TOTAL FM JAN 1  1052    HIGHEST SLP M ON M
DPTR FM NORMAL   187    LOWEST  SLP 29.58 ON M

[REMARKS]
