000
CXUS56 KOTX 280900
CF6OTX
PRELIMINARY LOCAL CLIMATOLOGICAL DATA (WS FORM: F-6)

                                          STATION:   SPOKANE  WA WFO
                                          MONTH:     AUGUST
                                          YEAR:      2014
                                          LATITUDE:   47 40 N
                                          LONGITUDE: 117 38 W

  TEMPERATURE IN F:       :PCPN:    SNOW:  WIND      :SUNSHINE: SKY     :PK WND
================================================================================
1   2   3   4   5  6A  6B    7    8   9   10  11  12  13   14  15   16   17  18
                                     12Z  AVG MX 2MIN
DY MAX MIN AVG DEP HDD CDD  WTR  SNW DPTH SPD SPD DIR MIN PSBL S-S WX    SPD DR
================================================================================

 1  93  58  76   7   0  11 0.00  0.0    0   M   M   M  10    1   M         M  M
 2  92  59  76   7   0  11 0.00  0.0    0   M   M   M 416   46   0         M  M
 3  92  58  75   6   0  10 0.00  0.0    0   M   M   M 763   85   M         M  M
 4  95  59  77   8   0  12 0.00  0.0    0   M   M   M 809   91   M         M  M
 5  95  60  78   9   0  13 0.00  0.0    0   M   M   M 787   89   M 8       M  M
 6  89  59  74   6   0   9 0.00  0.0    0   M   M   M 789   89   M 8       M  M
 7  87  55  71   3   0   6 0.00  0.0    0   M   M   M 417   47   M 8       M  M
 8  82  55  69   1   0   4 0.00  0.0    0   M   M   M   M    M   M 8       M  M
 9  87  49  68   0   0   3 0.00  0.0    0   M   M   M   M    M   M 8       M  M
10  91  49  70   2   0   5 0.00  0.0    0   M   M   M   M    M   M         M  M
11  96  50  73   5   0   8 0.00  0.0    0   M   M   M   M    M   M         M  M
12  90  62  76   8   0  11 0.23  0.0    0   M   M   M   M    M   0 3       0   0
13  81  57  69   1   0   4 0.00  0.0    0   M   M   M   M    M   0         0   0
14  75  59  67   0   0   2    T  0.0    0   M   M   M   M    M   0         0   0
15  72  64  68   1   0   3 0.01  0.0    0   M   M   M   0    0   0 3       0   0
16  79  61  70   3   0   5 0.00  0.0    0   M   M   M   M    M   0         0   0
17  86  50  68   1   0   3 0.00  0.0    M   M   M   M   M    M   0         0   0
18  90  53  72   6   0   7 0.00  0.0    0   M   M   M   M    M   0         0   0
19  88  56  72   6   0   7 0.01  0.0    0   M   M   M   0    0   0 3       0   0
20  79  53  66   0   0   1 0.05  0.0    0   M   M   M   0    0   0 3       0   0
21  79  58  69   3   0   4 0.00  0.0    0   M   M   M   M    M   0         0   0
22  73  55  64  -1   1   0 0.07  0.0    0   M   M   M   M    M   0 3       0   0
23  76  53  65   0   0   0 0.00  0.0    0   M   M   M   M    M   0         0   0
24  75  49  62  -3   3   0 0.00  0.0    0   M   M   M   M    M   0         0   0
25  79  43  61  -3   4   0 0.00  0.0    0   M   M   M   M    M   0         0   0
26  85  46  66   2   0   1 0.00  0.0    0   M   M   M   M    M   0         0   0
27  89  53  71   7   0   6 0.00  0.0    0   M   M   M   M    M   0         0   0
================================================================================
SM 2295 1483         8 146  0.37     0.0     M         3991      0
================================================================================
AV 85.0 54.9                                 M FASTST  399  45   0    MAX(MPH)
                                 MISC ---->     M   M               #  0    0
================================================================================
NOTES:
# LAST OF SEVERAL OCCURRENCES

COLUMN 17 PEAK WIND IN M.P.H.

PRELIMINARY LOCAL CLIMATOLOGICAL DATA (WS FORM: F-6) , PAGE 2

                                          STATION:  SPOKANE  WA WFO
                                          MONTH:    AUGUST
                                          YEAR:     2014
                                          LATITUDE:   47 40 N
                                          LONGITUDE: 117 38 W

[TEMPERATURE DATA]      [PRECIPITATION DATA]       SYMBOLS USED IN COLUMN 16

AVERAGE MONTHLY: 70.0   TOTAL FOR MONTH:   0.37    1 = FOG OR MIST
DPTR FM NORMAL:   3.0   DPTR FM NORMAL:   -0.03    2 = FOG REDUCING VISIBILITY
HIGHEST:    96 ON 11    GRTST 24HR  0.23 ON 12-12      TO 1/4 MILE OR LESS
LOWEST:     43 ON 25                               3 = THUNDER
                        SNOW, ICE PELLETS, HAIL    4 = ICE PELLETS
                        TOTAL MONTH:   0.0 INCH    5 = HAIL
                        GRTST 24HR     0.0         6 = FREEZING RAIN OR DRIZZLE
                        GRTST DEPTH:   0           7 = DUSTSTORM OR SANDSTORM:
                                                       VSBY 1/2 MILE OR LESS
                                                   8 = SMOKE OR HAZE
[NO. OF DAYS WITH]      [WEATHER - DAYS WITH]      9 = BLOWING SNOW
                                                   X = TORNADO
MAX 32 OR BELOW:   0    0.01 INCH OR MORE:   5
MAX 90 OR ABOVE:   9    0.10 INCH OR MORE:   1
MIN 32 OR BELOW:   0    0.50 INCH OR MORE:   0
MIN  0 OR BELOW:   0    1.00 INCH OR MORE:   0

[HDD (BASE 65) ]
TOTAL THIS MO.     8    CLEAR  (SCALE 0-3)  17
DPTR FM NORMAL   -35    PTCLDY (SCALE 4-7)   0
TOTAL FM JUL 1    20    CLOUDY (SCALE 8-10)  0
DPTR FM NORMAL   -75

[CDD (BASE 65) ]
TOTAL THIS MO.   146
DPTR FM NORMAL    49    [PRESSURE DATA]
TOTAL FM JAN 1   390    HIGHEST SLP M ON M
DPTR FM NORMAL   164    LOWEST  SLP  0.00 ON M

[REMARKS]
