000
CXAK56 PAFG 241406
CF6OTZ
PRELIMINARY LOCAL CLIMATOLOGICAL DATA (WS FORM: F-6)

                                          STATION:   KOTZEBUE AK
                                          MONTH:     FEBRUARY
                                          YEAR:      2018
                                          LATITUDE:   66 52 N
                                          LONGITUDE: 162 38 W

  TEMPERATURE IN F:       :PCPN:    SNOW:  WIND      :SUNSHINE: SKY     :PK WND
================================================================================
1   2   3   4   5  6A  6B    7    8   9   10  11  12  13   14  15   16   17  18
                                     12Z  AVG MX 2MIN
DY MAX MIN AVG DEP HDD CDD  WTR  SNW DPTH SPD SPD DIR MIN PSBL S-S WX    SPD DR
================================================================================

 1  -8 -14 -11  -8  76   0 0.00  0.0    M  3.1  9  60   M    M   0 18      9  60
 2  -7 -14 -10  -8  75   0 0.00  0.0    M  5.1 14 100   M    M   0 18     17 120
 3   2 -13  -5  -3  70   0 0.00  0.0    M  4.8 14  60   M    M   0        15  60
 4  -3 -10  -6  -4  71   0 0.00  0.0    M  2.2  7  60   M    M   0 18      7  70
 5  14 -12   1   3  64   0 0.00  0.0    M  5.5 18  90   M    M   0 18     23  80
 6  18   6  12  14  53   0    T    T    M 23.0 35 100   M    M   1 18     42 100
 7   9   3   6   8  59   0 0.00  0.0    M 18.5 28 110   M    M   2        32 110
 8  14   3   9  10  56   0 0.00  0.0    M 19.4 29 100   M    M   1        34 100
 9  18   7  13  14  52   0 0.00  0.0    M 19.7 31 110   M    M   0        35 110
10  23  15  19  20  46   0    T    T    M 23.2 31 110   M    M   8        35 110
11  25  19  22  23  43   0 0.02  0.2    M 24.8 36 110   M    M  10 19     41 110
12  26  21  24  25  41   0 0.05  0.5    M 13.9 24 110   M    M  10 16     29 100
13  30  19  25  26  40   0 0.16    M    M 21.7 40 110   M    M  10 12     47 110
14  32  17  25  26  40   0 0.09  0.9    M 12.3 26 150   M    M   7 1      31 140
15  26  14  20  20  45   0 0.01  0.1    M 14.1 30 100   M    M   5 19     36 110
16  27  17  22  22  43   0 0.04  0.4   63 24.2 32 100   M    M   5 1      38 100
17  30  19  25  25  40   0 0.05  0.2   63 22.9 39  90   M    M   7 19     45 100
18  33  23  28  28  37   0 0.07  0.7   64 29.7 45 110   M    M   6 129    52 110
19  32  20  26  26  39   0 0.09  0.7   64 25.7 39 120   M    M   9 129    45 120
20  34  25  30  30  35   0 0.01  0.1   65 23.0 32 200   M    M   5 19     41 200
21  31  21  26  26  39   0    T  0.1    M 18.7 31 110   M    M   7 1      35 110
22  30  10  20  20  45   0 0.14    M    M 18.5 35 310   M    M   9 12     44 300
23  10   5   8   8  57   0    T    M    M  9.2 26 310   M    M  10 189    32 310
================================================================================
SM  446  201      1166   0  0.73     3.9 383.2          M      112
================================================================================
AV 19.4  8.7                              16.7 FASTST   M    M   5    MAX(MPH)
                                 MISC ---->  # 45 110               # 52  110
================================================================================
NOTES:
# LAST OF SEVERAL OCCURRENCES

COLUMN 17 PEAK WIND IN M.P.H.

PRELIMINARY LOCAL CLIMATOLOGICAL DATA (WS FORM: F-6) , PAGE 2

                                          STATION:  KOTZEBUE AK
                                          MONTH:    FEBRUARY
                                          YEAR:     2018
                                          LATITUDE:   66 52 N
                                          LONGITUDE: 162 38 W

[TEMPERATURE DATA]      [PRECIPITATION DATA]       SYMBOLS USED IN COLUMN 16

AVERAGE MONTHLY: 14.1   TOTAL FOR MONTH:   0.73    1 = FOG OR MIST
DPTR FM NORMAL:     M   DPTR FM NORMAL:    0.19    2 = FOG REDUCING VISIBILITY
HIGHEST:    34 ON 20    GRTST 24HR  0.16 ON 13-13      TO 1/4 MILE OR LESS
LOWEST:    -14 ON  2, 1                            3 = THUNDER
                        SNOW, ICE PELLETS, HAIL    4 = ICE PELLETS
                        TOTAL MONTH:   3.9 INCHES  5 = HAIL
                        GRTST 24HR   0.9 ON 14-14  6 = FREEZING RAIN OR DRIZZLE
                        GRTST DEPTH:  65 ON 20     7 = DUSTSTORM OR SANDSTORM:
                                                       VSBY 1/2 MILE OR LESS
                                                   8 = SMOKE OR HAZE
[NO. OF DAYS WITH]      [WEATHER - DAYS WITH]      9 = BLOWING SNOW
                                                   X = TORNADO
MAX 32 OR BELOW:  21    0.01 INCH OR MORE:  11
MAX 90 OR ABOVE:   0    0.10 INCH OR MORE:   2
MIN 32 OR BELOW:  23    0.50 INCH OR MORE:   0
MIN  0 OR BELOW:   5    1.00 INCH OR MORE:   0

[HDD (BASE 65) ]
TOTAL THIS MO.  1166    CLEAR  (SCALE 0-3)   9
DPTR FM NORMAL  -352    PTCLDY (SCALE 4-7)   8
TOTAL FM JUL 1  8401    CLOUDY (SCALE 8-10)  6
DPTR FM NORMAL -1521

[CDD (BASE 65) ]
TOTAL THIS MO.     0
DPTR FM NORMAL     0    [PRESSURE DATA]
TOTAL FM JAN 1     0    HIGHEST SLP M ON M
DPTR FM NORMAL     0    LOWEST  SLP 29.51 ON 12

[REMARKS]
