000
CXUS56 KLOX 281155
CF6OXR
PRELIMINARY LOCAL CLIMATOLOGICAL DATA (WS FORM: F-6)
STATION: OXNARD AIRPORT CA
MONTH: MARCH
YEAR: 2024
LATITUDE: 34 12 N
LONGITUDE: 119 12 W
TEMPERATURE IN F: :PCPN: SNOW: WIND :SUNSHINE: SKY :PK WND
================================================================================
1 2 3 4 5 6A 6B 7 8 9 10 11 12 13 14 15 16 17 18
12Z AVG MX 2MIN
DY MAX MIN AVG DEP HDD CDD WTR SNW DPTH SPD SPD DIR MIN PSBL S-S WX SPD DR
================================================================================
1 60 52 56 -1 9 0 0.30 M M 6.3 15 230 M M 10 18 21 230
2 61 52 57 0 8 0 0.16 M M 9.6 25 270 M M 8 18 34 260
3 61 50 56 -1 9 0 0.18 M M 15.3 29 280 M M 4 1 37 270
4 62 45 54 -3 11 0 0.00 M M 8.1 18 280 M M 0 26 290
5 62 47 55 -2 10 0 0.00 M M 7.6 14 280 M M 1 18 270
6 59 49 54 -3 11 0 0.55 M M 6.1 16 130 M M 8 1 23 130
7 62 45 54 -3 11 0 0.00 M M 7.5 25 270 M M 2 33 270
8 69 47 58 1 7 0 0.00 M M 6.9 17 280 M M 0 21 280
9 64 48 56 -1 9 0 0.00 M M 6.2 16 260 M M 1 22 270
10 64 46 55 -2 10 0 0.00 M M 6.9 17 290 M M 0 22 290
11 62 49 56 -1 9 0 0.00 M M 7.9 17 290 M M 5 23 290
12 63 48 56 -1 9 0 0.00 M M 5.4 16 280 M M 3 23 280
13 64 50 57 -1 8 0 0.00 M M 6.3 16 260 M M 2 21 270
14 71 49 60 2 5 0 0.00 M M 14.3 36 70 M M 0 48 70
15 72 45 59 1 6 0 0.00 M M 5.4 15 270 M M 1 19 260
16 64 47 56 -2 9 0 0.00 M M 7.7 13 270 M M 2 19 230
17 64 48 56 -2 9 0 0.00 M M 6.0 13 270 M M 1 19 230
18 71 50 61 3 4 0 T M M 6.3 16 290 M M 2 20 290
19 65 50 58 0 7 0 0.00 M M 5.2 12 240 M M 3 1 16 220
20 63 53 58 0 7 0 0.00 M M 4.5 12 260 M M 7 128 17 250
21 64 53 59 1 6 0 0.00 M M 4.5 10 230 M M 6 18 15 190
22 64 51 58 0 7 0 0.00 M M 6.1 12 230 M M 5 17 250
23 63 53 58 0 7 0 0.52 M M 17.9 35 270 M M 4 18 44 260
24 62 52 57 -1 8 0 T M M 20.8 32 270 M M 1 42 280
25 62 45 54 -4 11 0 0.00 M M 8.2 28 270 M M 1 18 35 270
26 62 47 55 -3 10 0 0.00 M M 5.5 14 250 M M 1 21 250
27 62 48 55 -3 10 0 0.00 M M 6.6 14 290 M M 0 18 270
================================================================================
SM 1722 1319 227 0 1.71 M 219.1 M 78
================================================================================
AV 63.8 48.9 8.1 FASTST M M 3 MAX(MPH)
MISC ----> 36 70 48 70
================================================================================
NOTES:
# LAST OF SEVERAL OCCURRENCES
COLUMN 17 PEAK WIND IN M.P.H.
PRELIMINARY LOCAL CLIMATOLOGICAL DATA (WS FORM: F-6) , PAGE 2
STATION: OXNARD AIRPORT CA
MONTH: MARCH
YEAR: 2024
LATITUDE: 34 12 N
LONGITUDE: 119 12 W
[TEMPERATURE DATA] [PRECIPITATION DATA] SYMBOLS USED IN COLUMN 16
AVERAGE MONTHLY: 56.3 TOTAL FOR MONTH: 1.71 1 = FOG OR MIST
DPTR FM NORMAL: -1.2 DPTR FM NORMAL: -0.36 2 = FOG REDUCING VISIBILITY
HIGHEST: 72 ON 15 GRTST 24HR 0.55 ON 6- 6 TO 1/4 MILE OR LESS
LOWEST: 45 ON 25,15 3 = THUNDER
SNOW, ICE PELLETS, HAIL 4 = ICE PELLETS
TOTAL MONTH: M 5 = HAIL
GRTST 24HR M ON M 6 = FREEZING RAIN OR DRIZZLE
GRTST DEPTH: M ON M 7 = DUSTSTORM OR SANDSTORM:
VSBY 1/2 MILE OR LESS
8 = SMOKE OR HAZE
[NO. OF DAYS WITH] [WEATHER - DAYS WITH] 9 = BLOWING SNOW
X = TORNADO
MAX 32 OR BELOW: 0 0.01 INCH OR MORE: 5
MAX 90 OR ABOVE: 0 0.10 INCH OR MORE: 5
MIN 32 OR BELOW: 0 0.50 INCH OR MORE: 2
MIN 0 OR BELOW: 0 1.00 INCH OR MORE: 0
[HDD (BASE 65) ]
TOTAL THIS MO. 227 CLEAR (SCALE 0-3) 18
DPTR FM NORMAL 11 PTCLDY (SCALE 4-7) 8
TOTAL FM JUL 1 1093 CLOUDY (SCALE 8-10) 1
DPTR FM NORMAL -203
[CDD (BASE 65) ]
TOTAL THIS MO. 0
DPTR FM NORMAL 0 [PRESSURE DATA]
TOTAL FM JAN 1 4 HIGHEST SLP M ON M
DPTR FM NORMAL -8 LOWEST SLP 29.75 ON 15
[REMARKS]