000
CXUS51 KBTV 230700
CF6PBG
PRELIMINARY LOCAL CLIMATOLOGICAL DATA (WS FORM: F-6)

                                          STATION:   PLATTSBURGH NY
                                          MONTH:     OCTOBER
                                          YEAR:      2014
                                          LATITUDE:   44 39 N
                                          LONGITUDE:  73 28 W

  TEMPERATURE IN F:       :PCPN:    SNOW:  WIND      :SUNSHINE: SKY     :PK WND
================================================================================
1   2   3   4   5  6A  6B    7    8   9   10  11  12  13   14  15   16   17  18
                                     12Z  AVG MX 2MIN
DY MAX MIN AVG DEP HDD CDD  WTR  SNW DPTH SPD SPD DIR MIN PSBL S-S WX    SPD DR
================================================================================

 1  59  50  55   2  10   0 0.00  0.0    0  5.6 13  10   M    M   8 1      15  20
 2  67  46  57   5   8   0 0.00  0.0    0  2.4  8  90   M    M   4 1      11  80
 3  72  44  58   6   7   0 0.00  0.0    0  9.7 25 170   M    M   0 1      33 170
 4  60  49  55   3  10   0 0.73    M    0  9.2 29 160   M    M   9 1      36 160
 5  61  40  51   0  14   0 0.01    M    0  3.2 15 170   M    M   5        18 170
 6  63  33  48  -3  17   0    T    M    0  9.0 25 160   M    M   2        31 160
 7  68  49  59   9   6   0 0.01    M    0  9.2 22 160   M    M   5        29 170
 8  66  50  58   8   7   0 0.30  0.0    0  7.4 22 260   M    M   9 1      38 210
 9  57  38  48  -2  17   0 0.03    M    0  5.4 17 230   M    M   5        33 250
10  59  36  48  -1  17   0    T    M    0  3.8 13 260   M    M   4        23 270
11  53  36  45  -4  20   0    T    M    0  2.0  8  80   M    M   9        11  80
12  55  32  44  -5  21   0 0.00  0.0    0  2.6 10 150   M    M   1 1      14 150
13  60  29  45  -3  20   0    T    M    0  6.4 22 150   M    M   3        26 150
14  75  48  62  14   3   0 0.00  0.0    0 11.5 24 160   M    M   2        30 150
15  75  63  69  21   0   4 0.00  0.0    0  9.3 22 150   M    M   4        27 160
16  69  57  63  16   2   0 0.59  0.0    0  3.5 16 150   M    M   8 1      22 150
17  69  55  62  15   3   0    T  0.0    0  4.7 14 210   M    M   8 1      23 200
18  58  45  52   6  13   0 0.24    M    0  5.9 18 320   M    M   9 1      26 310
19  46  39  43  -3  22   0    T    M    0  8.3 14 310   M    M  10        23 310
20  49  28  39  -7  26   0    T    M    0  3.4 15 150   M    M   8        18 130
21  49  42  46   0  19   0 0.19    M    0  8.1 18 350   M    M  10 1      23 350
22  53  43  48   3  17   0    T  0.0    0 16.6 25 360   M    M  10 1      32  10
================================================================================
SM 1343  952       279   4  2.10     0.0 147.2          M      133
================================================================================
AV 61.0 43.3                               6.7 FASTST   M    M   6    MAX(MPH)
                                 MISC ---->  # 29 160               # 38  210
================================================================================
NOTES:
# LAST OF SEVERAL OCCURRENCES

COLUMN 17 PEAK WIND IN M.P.H.

PRELIMINARY LOCAL CLIMATOLOGICAL DATA (WS FORM: F-6) , PAGE 2

                                          STATION:  PLATTSBURGH NY
                                          MONTH:    OCTOBER
                                          YEAR:     2014
                                          LATITUDE:   44 39 N
                                          LONGITUDE:  73 28 W

[TEMPERATURE DATA]      [PRECIPITATION DATA]       SYMBOLS USED IN COLUMN 16

AVERAGE MONTHLY: 52.2   TOTAL FOR MONTH:   2.10    1 = FOG OR MIST
DPTR FM NORMAL:   3.3   DPTR FM NORMAL:       M    2 = FOG REDUCING VISIBILITY
HIGHEST:    75 ON 15,14 GRTST 24HR  0.74 ON  4- 5      TO 1/4 MILE OR LESS
LOWEST:     28 ON 20                               3 = THUNDER
                        SNOW, ICE PELLETS, HAIL    4 = ICE PELLETS
                        TOTAL MONTH:   0.0 INCH    5 = HAIL
                        GRTST 24HR     0.0         6 = FREEZING RAIN OR DRIZZLE
                        GRTST DEPTH:   0           7 = DUSTSTORM OR SANDSTORM:
                                                       VSBY 1/2 MILE OR LESS
                                                   8 = SMOKE OR HAZE
[NO. OF DAYS WITH]      [WEATHER - DAYS WITH]      9 = BLOWING SNOW
                                                   X = TORNADO
MAX 32 OR BELOW:   0    0.01 INCH OR MORE:   8
MAX 90 OR ABOVE:   0    0.10 INCH OR MORE:   5
MIN 32 OR BELOW:   3    0.50 INCH OR MORE:   2
MIN  0 OR BELOW:   0    1.00 INCH OR MORE:   0

[HDD (BASE 65) ]
TOTAL THIS MO.   279    CLEAR  (SCALE 0-3)   5
DPTR FM NORMAL   -75    PTCLDY (SCALE 4-7)   9
TOTAL FM JUL 1   547    CLOUDY (SCALE 8-10)  8
DPTR FM NORMAL   -42

[CDD (BASE 65) ]
TOTAL THIS MO.     4
DPTR FM NORMAL     4    [PRESSURE DATA]
TOTAL FM JAN 1   310    HIGHEST SLP M ON M
DPTR FM NORMAL   -35    LOWEST  SLP 29.52 ON 18

[REMARKS]
