000
CXUS51 KPBZ 190804
CF6PHD
PRELIMINARY LOCAL CLIMATOLOGICAL DATA (WS FORM: F-6)

                                          STATION:   NEW PHILADELPHIA OH
                                          MONTH:     OCTOBER
                                          YEAR:      2017
                                          LATITUDE:   40 28 N
                                          LONGITUDE:  81 25 W

  TEMPERATURE IN F:       :PCPN:    SNOW:  WIND      :SUNSHINE: SKY     :PK WND
================================================================================
1   2   3   4   5  6A  6B    7    8   9   10  11  12  13   14  15   16   17  18
                                     12Z  AVG MX 2MIN
DY MAX MIN AVG DEP HDD CDD  WTR  SNW DPTH SPD SPD DIR MIN PSBL S-S WX    SPD DR
================================================================================

 1  73  34  54  -4  11   0 0.00  0.0    0  1.8 12 110   M    M   0 1      16 110
 2  79  36  58   0   7   0 0.00  0.0    0  1.3  8 140   M    M   0 1      13 150
 3  84  40  62   5   3   0 0.00  0.0    0  2.2 10 180   M    M   0 18     14 210
 4  84  51  68  11   0   3 0.00  0.0    0  4.7 14 250   M    M   5 8      21 250
 5  70  63  67  11   0   2 0.69  0.0    0  1.1  7 300   M    M   9 13      9 330
 6  69  62  66  10   0   1 0.03  0.0    0  1.8  6 130   M    M   8 1       8 170
 7  85  63  74  18   0   9 0.01  0.0    0  6.2 15 180   M    M   2 1      23 160
 8  78  65  72  17   0   7 1.11  0.0    0  5.5 16 190   M    M   8 1      26 170
 9  78  65  72  17   0   7 0.13    M    M  4.2 13 290   M    M  10 12     18 300
10  78  63  71  17   0   6 0.00  0.0    0  1.9  9  90   M    M   6 12     12  70
11  80  61  71  17   0   6 0.12  0.0    0  3.6 20 320   M    M   8 1      26 310
12  70  57  64  10   1   0 0.00  0.0    0  2.3 10 180   M    M   9 1      14 180
13  77  54  66  13   0   1 0.00  0.0    0  1.9 10 200   M    M   5 1      14 200
14  81  53  67  14   0   2 0.00    M    M  3.5 10 150   M    M   5 12     15 160
15  78  55  67  14   0   2 0.46    M    M 10.1 24 260   M    M   6 1      37 260
16  61  38  50  -2  15   0 0.00    M    M  6.1 17 340   M    M   5        23 330
17   M   M   M   M   M   M    M    M    M   M   M   M   M    M   M         M  M
18  70  38  54   2  11   0 0.00  0.0    M  4.3 12 190   M    M   0 1      17 190
================================================================================
SM 1295  898        48  46  2.55     0.0  62.5          M       86
================================================================================
AV 76.2 52.8                               3.7 FASTST   M    M   5    MAX(MPH)
                                 MISC ---->  # 24 260               # 37  260
================================================================================
NOTES:
# LAST OF SEVERAL OCCURRENCES

COLUMN 17 PEAK WIND IN M.P.H.

PRELIMINARY LOCAL CLIMATOLOGICAL DATA (WS FORM: F-6) , PAGE 2

                                          STATION:  NEW PHILADELPHIA OH
                                          MONTH:    OCTOBER
                                          YEAR:     2017
                                          LATITUDE:   40 28 N
                                          LONGITUDE:  81 25 W

[TEMPERATURE DATA]      [PRECIPITATION DATA]       SYMBOLS USED IN COLUMN 16

AVERAGE MONTHLY: 64.5   TOTAL FOR MONTH:   2.55    1 = FOG OR MIST
DPTR FM NORMAL:   9.8   DPTR FM NORMAL:    0.95    2 = FOG REDUCING VISIBILITY
HIGHEST:    85 ON  7    GRTST 24HR  1.11 ON  8- 8      TO 1/4 MILE OR LESS
LOWEST:     34 ON  1                               3 = THUNDER
                        SNOW, ICE PELLETS, HAIL    4 = ICE PELLETS
                        TOTAL MONTH:   0.0 INCH    5 = HAIL
                        GRTST 24HR     0.0         6 = FREEZING RAIN OR DRIZZLE
                        GRTST DEPTH:   0           7 = DUSTSTORM OR SANDSTORM:
                                                       VSBY 1/2 MILE OR LESS
                                                   8 = SMOKE OR HAZE
[NO. OF DAYS WITH]      [WEATHER - DAYS WITH]      9 = BLOWING SNOW
                                                   X = TORNADO
MAX 32 OR BELOW:   0    0.01 INCH OR MORE:   7
MAX 90 OR ABOVE:   0    0.10 INCH OR MORE:   5
MIN 32 OR BELOW:   0    0.50 INCH OR MORE:   2
MIN  0 OR BELOW:   0    1.00 INCH OR MORE:   1

[HDD (BASE 65) ]
TOTAL THIS MO.    48    CLEAR  (SCALE 0-3)   5
DPTR FM NORMAL  -145    PTCLDY (SCALE 4-7)   8
TOTAL FM JUL 1   139    CLOUDY (SCALE 8-10)  4
DPTR FM NORMAL  -160

[CDD (BASE 65) ]
TOTAL THIS MO.    46
DPTR FM NORMAL    37    [PRESSURE DATA]
TOTAL FM JAN 1   831    HIGHEST SLP M ON M
DPTR FM NORMAL   134    LOWEST  SLP 29.67 ON  9

[REMARKS]
