000
CXUS51 KPBZ 270804
CF6PHD
PRELIMINARY LOCAL CLIMATOLOGICAL DATA (WS FORM: F-6)

                                          STATION:   NEW PHILADELPHIA OH
                                          MONTH:     JUNE
                                          YEAR:      2017
                                          LATITUDE:   40 28 N
                                          LONGITUDE:  81 25 W

  TEMPERATURE IN F:       :PCPN:    SNOW:  WIND      :SUNSHINE: SKY     :PK WND
================================================================================
1   2   3   4   5  6A  6B    7    8   9   10  11  12  13   14  15   16   17  18
                                     12Z  AVG MX 2MIN
DY MAX MIN AVG DEP HDD CDD  WTR  SNW DPTH SPD SPD DIR MIN PSBL S-S WX    SPD DR
================================================================================

 1  76  50  63  -2   2   0 0.00  0.0    0  3.3 14 300   M    M   3 12     18 290
 2  79  49  64  -1   1   0 0.00    M    0  4.0 16 340   M    M   0 12     19 330
 3  83  50  67   2   0   2 0.00    M    0  3.0 14 300   M    M   0        16 300
 4  85  61  73   7   0   8 0.60  0.0    0  5.3 15 330   M    M   7 13     22 210
 5  79  58  69   3   0   4 0.01  0.0    0  5.9 16 330   M    M   3 13     23 330
 6  67  54  61  -5   4   0 0.00  0.0    0  7.5 18 330   M    M   6        24 330
 7  64  51  58  -8   7   0 0.00    M    0  4.6 13  50   M    M   8        17  40
 8  71  49  60  -7   5   0 0.00  0.0    0  3.5 14  90   M    M   5        22 100
 9  80  49  65  -2   0   0    T    M    M  4.3 13 270   M    M   4 12     19 260
10  84  64  74   7   0   9 0.11    M    M  5.7 13 200   M    M   4 18     19 200
11  87  62  75   7   0  10 0.00  0.0    0  6.1 15 240   M    M   0        21 250
12  90  66  78  10   0  13 0.00  0.0    0  5.2 13 220   M    M   2        19 190
13  90  67  79  11   0  14 0.09  0.0    0  4.0 22 310   M    M   1 123    28 320
14  89  65  77   9   0  12 0.00  0.0    0  2.8 12 260   M    M   5 123    17 260
15  85  69  77   8   0  12 0.03  0.0    0  4.1 21 310   M    M   4 1      27 300
16  90  68  79  10   0  14 0.00  0.0    0  3.9 13 130   M    M   4 12     15 130
17  89  66  78   9   0  13 0.00  0.0    0  5.0 14 150   M    M   1 1      19 150
18  87  72  80  11   0  15 0.12  0.0    0  7.9 13 180   M    M   3 13     24 190
19  81  62  72   2   0   7 0.18    M    0  5.0 17 240   M    M   5 1      29 250
20  79  59  69  -1   0   4 0.00    M    0  5.3 17 290   M    M   3        24 250
21  82  62  72   2   0   7 0.00    M    0  3.1 12 300   M    M   4        17 300
22  86  64  75   5   0  10    T  0.0    0  5.4 13 210   M    M   3        20 200
23  75  69  72   2   0   7 0.69  0.0    0  5.1 16 280   M    M   9 1      24 290
24  79  62  71   0   0   6    T  0.0    0  4.7 16 290   M    M   3 1      25 270
25  77  55  66  -5   0   1 0.00    M    0  6.0 21 290   M    M   2        31 290
26  74  50  62  -9   3   0 0.00    M    M  5.4 16 250   M    M   3        23 240
================================================================================
SM 2108 1553        22 168  1.83     0.0 126.1          M       92
================================================================================
AV 81.1 59.7                               4.8 FASTST   M    M   4    MAX(MPH)
                                 MISC ---->  # 22 310               # 31  290
================================================================================
NOTES:
# LAST OF SEVERAL OCCURRENCES

COLUMN 17 PEAK WIND IN M.P.H.

PRELIMINARY LOCAL CLIMATOLOGICAL DATA (WS FORM: F-6) , PAGE 2

                                          STATION:  NEW PHILADELPHIA OH
                                          MONTH:    JUNE
                                          YEAR:     2017
                                          LATITUDE:   40 28 N
                                          LONGITUDE:  81 25 W

[TEMPERATURE DATA]      [PRECIPITATION DATA]       SYMBOLS USED IN COLUMN 16

AVERAGE MONTHLY: 70.4   TOTAL FOR MONTH:   1.83    1 = FOG OR MIST
DPTR FM NORMAL:   2.3   DPTR FM NORMAL:   -1.58    2 = FOG REDUCING VISIBILITY
HIGHEST:    90 ON 16,13 GRTST 24HR  0.69 ON 23-23      TO 1/4 MILE OR LESS
LOWEST:     49 ON  9, 8                            3 = THUNDER
                        SNOW, ICE PELLETS, HAIL    4 = ICE PELLETS
                        TOTAL MONTH:   0.0 INCH    5 = HAIL
                        GRTST 24HR     0.0         6 = FREEZING RAIN OR DRIZZLE
                        GRTST DEPTH:   0           7 = DUSTSTORM OR SANDSTORM:
                                                       VSBY 1/2 MILE OR LESS
                                                   8 = SMOKE OR HAZE
[NO. OF DAYS WITH]      [WEATHER - DAYS WITH]      9 = BLOWING SNOW
                                                   X = TORNADO
MAX 32 OR BELOW:   0    0.01 INCH OR MORE:   8
MAX 90 OR ABOVE:   3    0.10 INCH OR MORE:   5
MIN 32 OR BELOW:   0    0.50 INCH OR MORE:   2
MIN  0 OR BELOW:   0    1.00 INCH OR MORE:   0

[HDD (BASE 65) ]
TOTAL THIS MO.    22    CLEAR  (SCALE 0-3)  13
DPTR FM NORMAL   -11    PTCLDY (SCALE 4-7)  11
TOTAL FM JUL 1  4706    CLOUDY (SCALE 8-10)  2
DPTR FM NORMAL  -936

[CDD (BASE 65) ]
TOTAL THIS MO.   168
DPTR FM NORMAL    51    [PRESSURE DATA]
TOTAL FM JAN 1   235    HIGHEST SLP M ON M
DPTR FM NORMAL    75    LOWEST  SLP 29.64 ON 23

[REMARKS]
