000
CXUS53 KUNR 200945
CF6PHP
PRELIMINARY LOCAL CLIMATOLOGICAL DATA (WS FORM: F-6)

                                          STATION:   PHILIP SD
                                          MONTH:     OCTOBER
                                          YEAR:      2017
                                          LATITUDE:   44  3 N
                                          LONGITUDE: 101 36 W

  TEMPERATURE IN F:       :PCPN:    SNOW:  WIND      :SUNSHINE: SKY     :PK WND
================================================================================
1   2   3   4   5  6A  6B    7    8   9   10  11  12  13   14  15   16   17  18
                                     12Z  AVG MX 2MIN
DY MAX MIN AVG DEP HDD CDD  WTR  SNW DPTH SPD SPD DIR MIN PSBL S-S WX    SPD DR
================================================================================

 1  69  45  57   2   8   0    T    M    M 11.9 30 290   M    M   2 3      39 290
 2  56  43  50  -5  15   0 0.12    M    M  5.2 14 330   M    M   7 1      16 330
 3  61  33  47  -7  18   0 0.06    M    M  7.4 17 270   M    M   6 1      22 270
 4  60  28  44 -10  21   0    T    M    M  8.2 20 140   M    M   4        24 140
 5  69  41  55   2  10   0    T    M    M  6.8 17 340   M    M   2        21 340
 6  65  42  54   1  11   0 0.07    M    M  4.7 22 290   M    M   3 12     27 290
 7  80  43  62  10   3   0 0.00    M    M 12.5 32  10   M    M   2 12     38  20
 8  60  35  48  -4  17   0    T    M    M  9.2 22 350   M    M   5        30 360
 9  55  25  40 -12  25   0 0.00    M    M  9.5 24 350   M    M   1        30 360
10  63  22  43  -8  22   0 0.00    M    M  8.3 18 150   M    M   0        22 140
11  77  36  57   6   8   0 0.00    M    M 10.5 20 220   M    M   0        25 230
12  64  42  53   3  12   0 0.00    M    M 11.5 30 330   M    M   0        35 320
13  68  26  47  -3  18   0    T    M    M  9.1 22 150   M    M   0        27 180
14  48  31  40  -9  25   0 1.13    M    M 12.7 26 340   M    M   4 13     33 330
15  63  30  47  -2  18   0 0.00    M    M 11.8 26 290   M    M   0        32 280
16  78  27  53   5  12   0 0.00    M    M  6.2 17 250   M    M   0        21 250
17  80  37  59  11   6   0 0.00    M    M  8.4 15 180   M    M   0        19 170
18  67  44  56   8   9   0 0.00    M    M  7.7 22 340   M    M   0        25 350
19  86  48  67  20   0   2 0.00    M    M 10.0 25 190   M    M   0        31 190
================================================================================
SM 1269  678       258   2  1.38    M    171.6          M       36
================================================================================
AV 66.8 35.7                               9.0 FASTST   M    M   2    MAX(MPH)
                                 MISC ---->  # 32  10               # 39  290
================================================================================
NOTES:
# LAST OF SEVERAL OCCURRENCES

COLUMN 17 PEAK WIND IN M.P.H.

PRELIMINARY LOCAL CLIMATOLOGICAL DATA (WS FORM: F-6) , PAGE 2

                                          STATION:  PHILIP SD
                                          MONTH:    OCTOBER
                                          YEAR:     2017
                                          LATITUDE:   44  3 N
                                          LONGITUDE: 101 36 W

[TEMPERATURE DATA]      [PRECIPITATION DATA]       SYMBOLS USED IN COLUMN 16

AVERAGE MONTHLY: 51.2   TOTAL FOR MONTH:   1.38    1 = FOG OR MIST
DPTR FM NORMAL:   0.1   DPTR FM NORMAL:    0.42    2 = FOG REDUCING VISIBILITY
HIGHEST:    86 ON 19    GRTST 24HR  1.13 ON 14-14      TO 1/4 MILE OR LESS
LOWEST:     22 ON 10                               3 = THUNDER
                        SNOW, ICE PELLETS, HAIL    4 = ICE PELLETS
                        TOTAL MONTH:    M          5 = HAIL
                        GRTST 24HR    M  ON   M    6 = FREEZING RAIN OR DRIZZLE
                        GRTST DEPTH:  M  ON   M    7 = DUSTSTORM OR SANDSTORM:
                                                       VSBY 1/2 MILE OR LESS
                                                   8 = SMOKE OR HAZE
[NO. OF DAYS WITH]      [WEATHER - DAYS WITH]      9 = BLOWING SNOW
                                                   X = TORNADO
MAX 32 OR BELOW:   0    0.01 INCH OR MORE:   4
MAX 90 OR ABOVE:   0    0.10 INCH OR MORE:   2
MIN 32 OR BELOW:   7    0.50 INCH OR MORE:   1
MIN  0 OR BELOW:   0    1.00 INCH OR MORE:   1

[HDD (BASE 65) ]
TOTAL THIS MO.   258    CLEAR  (SCALE 0-3)  14
DPTR FM NORMAL    -9    PTCLDY (SCALE 4-7)   5
TOTAL FM JUL 1   414    CLOUDY (SCALE 8-10)  0
DPTR FM NORMAL   -39

[CDD (BASE 65) ]
TOTAL THIS MO.     2
DPTR FM NORMAL     2    [PRESSURE DATA]
TOTAL FM JAN 1   907    HIGHEST SLP M ON M
DPTR FM NORMAL    93    LOWEST  SLP 29.18 ON  7

[REMARKS]
