000
CXUS53 KUNR 010945
CF6PHP
PRELIMINARY LOCAL CLIMATOLOGICAL DATA (WS FORM: F-6)

                                          STATION:   PHILIP SD
                                          MONTH:     JUNE
                                          YEAR:      2015
                                          LATITUDE:   44  3 N
                                          LONGITUDE: 101 36 W

  TEMPERATURE IN F:       :PCPN:    SNOW:  WIND      :SUNSHINE: SKY     :PK WND
================================================================================
1   2   3   4   5  6A  6B    7    8   9   10  11  12  13   14  15   16   17  18
                                     12Z  AVG MX 2MIN
DY MAX MIN AVG DEP HDD CDD  WTR  SNW DPTH SPD SPD DIR MIN PSBL S-S WX    SPD DR
================================================================================

 1  87  47  67   5   0   2 0.00    M    M  7.9 26 290   M    M   0 3      38 280
 2  87  57  72   9   0   7 0.68    M    M 10.3 52 290   M    M   1 13     61 280
 3  73  55  64   1   1   0    T    M    M  8.1 18 320   M    M   4 3      24 320
 4  71  52  62  -1   3   0 0.76    M    M 10.7 43  60   M    M   6 13     52  60
 5  76  58  67   3   0   2 0.02    M    M  8.7 16 140   M    M   6        21  90
 6  82  62  72   8   0   7 0.25    M    M 10.0 31 180   M    M   3 1      40 180
 7  82  56  69   5   0   4 0.12    M    M  7.5 29 330   M    M   4 13     36 280
 8  86  55  71   6   0   6 0.00    M    M  9.1 16 240   M    M   0        19 240
 9  93  61  77  12   0  12 0.00    M    M  7.6 15  40   M    M   0        19 360
10  70  55  63  -2   2   0 0.69    M    M 11.2 28 360   M    M   5 13     36 340
11  69  53  61  -5   4   0 0.03    M    M  8.4 17  70   M    M   7 1      24  80
12  78  49  64  -2   1   0 0.00    M    M  6.8 18 160   M    M   2 12     22 150
13  86  54  70   4   0   5 0.00    M    M  5.7 16  20   M    M   0        22  20
14  75  55  65  -2   0   0 0.41    M    M 10.8 46 360   M    M   6 13     56 350
15  73  56  65  -2   0   0 0.00    M    M  6.3 13  60   M    M   7        16  60
16  78  55  67   0   0   2 0.88    M    M  9.4 20 130   M    M   5 13     32 130
17  78  50  64  -4   1   0 0.83    M    M  3.9 30  30   M    M   4 13     37  20
18  77  56  67  -1   0   2 0.10    M    M  7.2 26 120   M    M   2 13     34 120
19  85  59  72   4   0   7    M    M    M  9.0 29 350   M    M   4 3      40 350
20  82  59  71   3   0   6 0.01    M    M  6.5 17 270   M    M   0 3      20 270
21  85  64  75   6   0  10    M    M    M  8.4 22 160   M    M   2 13     31 160
22   M   M   M   M   M   M    M    M    M  4.6  5 200   M    M   0         M  M
23   M   M   M   M   M   M 0.01    M    M  9.5 15 140   M    M   3         M  M
24   M   M   M   M   M   M 0.22    M    M  7.4 15 360   M    M   2 3      33 140
25   M   M   M   M   M   M 0.82    M    M  4.0  9  10   M    M   6 3       M  M
26  82   M   M   M   M   M 0.00    M    M  3.2  8 270   M    M   0         M  M
27  88  58  73   3   0   8 0.00    M    M  6.8 15 360   M    M   0        21 290
28  87  58  73   2   0   8 0.00    M    M  4.8 10  50   M    M   0        15  10
29  93  59  76   5   0  11 0.00    M    M  2.4 13 250   M    M   0        15 250
30  86  66  76   5   0  11 0.00    M    M  8.3 25  20   M    M   0        33  10
================================================================================
SM 2109 1409        12 110  5.83    M    224.5          M       79
================================================================================
AV 81.1 56.4                               7.5 FASTST   M    M   3    MAX(MPH)
                                 MISC ---->  # 52 290               # 61  280
================================================================================
NOTES:
# LAST OF SEVERAL OCCURRENCES

COLUMN 17 PEAK WIND IN M.P.H.

PRELIMINARY LOCAL CLIMATOLOGICAL DATA (WS FORM: F-6) , PAGE 2

                                          STATION:  PHILIP SD
                                          MONTH:    JUNE
                                          YEAR:     2015
                                          LATITUDE:   44  3 N
                                          LONGITUDE: 101 36 W

[TEMPERATURE DATA]      [PRECIPITATION DATA]       SYMBOLS USED IN COLUMN 16

AVERAGE MONTHLY: 68.7   TOTAL FOR MONTH:   5.83    1 = FOG OR MIST
DPTR FM NORMAL:   1.7   DPTR FM NORMAL:    2.90    2 = FOG REDUCING VISIBILITY
HIGHEST:    93 ON 29, 9 GRTST 24HR  0.95 ON 15-16      TO 1/4 MILE OR LESS
LOWEST:     47 ON  1                               3 = THUNDER
                        SNOW, ICE PELLETS, HAIL    4 = ICE PELLETS
                        TOTAL MONTH:    M          5 = HAIL
                        GRTST 24HR    M  ON   M    6 = FREEZING RAIN OR DRIZZLE
                        GRTST DEPTH:  M  ON   M    7 = DUSTSTORM OR SANDSTORM:
                                                       VSBY 1/2 MILE OR LESS
                                                   8 = SMOKE OR HAZE
[NO. OF DAYS WITH]      [WEATHER - DAYS WITH]      9 = BLOWING SNOW
                                                   X = TORNADO
MAX 32 OR BELOW:   0    0.01 INCH OR MORE:  15
MAX 90 OR ABOVE:   2    0.10 INCH OR MORE:  11
MIN 32 OR BELOW:   0    0.50 INCH OR MORE:   6
MIN  0 OR BELOW:   0    1.00 INCH OR MORE:   0

[HDD (BASE 65) ]
TOTAL THIS MO.    12    CLEAR  (SCALE 0-3)  17
DPTR FM NORMAL   -51    PTCLDY (SCALE 4-7)  13
TOTAL FM JUL 1  6686    CLOUDY (SCALE 8-10)  0
DPTR FM NORMAL  -511

[CDD (BASE 65) ]
TOTAL THIS MO.   110
DPTR FM NORMAL   -13    [PRESSURE DATA]
TOTAL FM JAN 1   116    HIGHEST SLP 30.19 ON 26
DPTR FM NORMAL   -34    LOWEST  SLP 29.58 ON 19

[REMARKS]
#FINAL-06-15#
