000
CXUS53 KUNR 180945
CF6PHP
PRELIMINARY LOCAL CLIMATOLOGICAL DATA (WS FORM: F-6)

                                          STATION:   PHILIP SD
                                          MONTH:     JANUARY
                                          YEAR:      2017
                                          LATITUDE:   44  3 N
                                          LONGITUDE: 101 36 W

  TEMPERATURE IN F:       :PCPN:    SNOW:  WIND      :SUNSHINE: SKY     :PK WND
================================================================================
1   2   3   4   5  6A  6B    7    8   9   10  11  12  13   14  15   16   17  18
                                     12Z  AVG MX 2MIN
DY MAX MIN AVG DEP HDD CDD  WTR  SNW DPTH SPD SPD DIR MIN PSBL S-S WX    SPD DR
================================================================================

 1  23   0  12  -9  53   0 0.00    M    M 10.6 25  90   M    M   5 1      28  90
 2  22   0  11 -10  54   0 0.04    M    M 15.9 31 320   M    M   7 19     36 320
 3   6 -11  -2 -23  67   0 0.00    M    M  9.9 22 310   M    M   2        26 310
 4   4 -16  -6 -27  71   0 0.00    M    M  9.0 20 320   M    M   2        24 320
 5   5 -10  -2 -23  67   0    T    M    M  9.0 21 320   M    M   6 8      24 320
 6  15  -9   3 -18  62   0 0.00    M    M  9.4 18 250   M    M   2        21 250
 7  11 -14  -1 -23  66   0 0.00    M    M  6.7 14  80   M    M   0        15  90
 8  24   2  13  -9  52   0 0.00    M    M 11.7 30 330   M    M   3        36 330
 9  19   3  11 -11  54   0 0.04    M    M 10.2 23 100   M    M   4 1      27 110
10  19   9  14  -8  51   0 0.02    M    M 10.5 25 340   M    M  10 1      30 340
11   9   4   7 -15  58   0 0.03    M    M  9.1 23 330   M    M   9 1      27 340
12  13  -5   4 -18  61   0    T    M    M  7.3 16 290   M    M   2        19 100
13  25  -1  12 -10  53   0    T    M    M  7.6 18 130   M    M   2        23 140
14  19  -5   7 -15  58   0 0.00    M    M  5.2 12 280   M    M   0        12 280
15  27  -3  12 -10  53   0 0.00    M    M  5.5 10 280   M    M   0        11 250
16  30   8  19  -3  46   0 0.00    M    M  8.1 16 310   M    M   0        21 310
17  34   8  21  -1  44   0 0.00    M    M  7.6 16 260   M    M   0        17 260
================================================================================
SM  305  -40       970   0  0.13    M    153.3          M       54
================================================================================
AV 17.9 -2.3                               9.0 FASTST   M    M   3    MAX(MPH)
                                 MISC ---->  # 31 320               # 36  320
================================================================================
NOTES:
# LAST OF SEVERAL OCCURRENCES

COLUMN 17 PEAK WIND IN M.P.H.

PRELIMINARY LOCAL CLIMATOLOGICAL DATA (WS FORM: F-6) , PAGE 2

                                          STATION:  PHILIP SD
                                          MONTH:    JANUARY
                                          YEAR:     2017
                                          LATITUDE:   44  3 N
                                          LONGITUDE: 101 36 W

[TEMPERATURE DATA]      [PRECIPITATION DATA]       SYMBOLS USED IN COLUMN 16

AVERAGE MONTHLY:  7.8   TOTAL FOR MONTH:   0.13    1 = FOG OR MIST
DPTR FM NORMAL: -13.9   DPTR FM NORMAL:   -0.04    2 = FOG REDUCING VISIBILITY
HIGHEST:    34 ON 17    GRTST 24HR  0.04 ON  9- 9      TO 1/4 MILE OR LESS
LOWEST:    -16 ON  4                               3 = THUNDER
                        SNOW, ICE PELLETS, HAIL    4 = ICE PELLETS
                        TOTAL MONTH:    M          5 = HAIL
                        GRTST 24HR    M  ON   M    6 = FREEZING RAIN OR DRIZZLE
                        GRTST DEPTH:  M  ON   M    7 = DUSTSTORM OR SANDSTORM:
                                                       VSBY 1/2 MILE OR LESS
                                                   8 = SMOKE OR HAZE
[NO. OF DAYS WITH]      [WEATHER - DAYS WITH]      9 = BLOWING SNOW
                                                   X = TORNADO
MAX 32 OR BELOW:  16    0.01 INCH OR MORE:   4
MAX 90 OR ABOVE:   0    0.10 INCH OR MORE:   0
MIN 32 OR BELOW:  17    0.50 INCH OR MORE:   0
MIN  0 OR BELOW:  11    1.00 INCH OR MORE:   0

[HDD (BASE 65) ]
TOTAL THIS MO.   970    CLEAR  (SCALE 0-3)  11
DPTR FM NORMAL   232    PTCLDY (SCALE 4-7)   4
TOTAL FM JUL 1  3600    CLOUDY (SCALE 8-10)  2
DPTR FM NORMAL   -73

[CDD (BASE 65) ]
TOTAL THIS MO.     0
DPTR FM NORMAL     0    [PRESSURE DATA]
TOTAL FM JAN 1     0    HIGHEST SLP M ON M
DPTR FM NORMAL     0    LOWEST  SLP 29.31 ON  9

[REMARKS]
