000
CXUS53 KUNR 240945
CF6PHP
PRELIMINARY LOCAL CLIMATOLOGICAL DATA (WS FORM: F-6)

                                          STATION:   PHILIP SD
                                          MONTH:     AUGUST
                                          YEAR:      2017
                                          LATITUDE:   44  3 N
                                          LONGITUDE: 101 36 W

  TEMPERATURE IN F:       :PCPN:    SNOW:  WIND      :SUNSHINE: SKY     :PK WND
================================================================================
1   2   3   4   5  6A  6B    7    8   9   10  11  12  13   14  15   16   17  18
                                     12Z  AVG MX 2MIN
DY MAX MIN AVG DEP HDD CDD  WTR  SNW DPTH SPD SPD DIR MIN PSBL S-S WX    SPD DR
================================================================================

 1  90  60  75  -1   0  10    T    M    M  9.0 30  50   M    M   0        37  40
 2  86  52  69  -7   0   4    T    M    M 10.1 36 330   M    M   2 38     44 330
 3  74  47  61 -15   4   0 0.02    M    M  9.9 22  10   M    M   5 1      27  10
 4  87  42  65 -11   0   0 0.00    M    M  9.2 21 140   M    M   3        32 160
 5  75  56  66 -10   0   1 0.04    M    M  8.1 21 360   M    M   3        28  10
 6  80  53  67  -9   0   2 0.00    M    M  7.5 21  60   M    M   6 3      30  60
 7  80  50  65 -11   0   0 0.00    M    M  5.5 15 100   M    M   3 1      19  90
 8  91  52  72  -4   0   7 0.02    M    M  7.1 24 180   M    M   1 3      31 150
 9  86  53  70  -5   0   5    T    M    M 11.0 25 330   M    M   3 12     33 350
10  79  47  63 -12   2   0 0.00    M    M  6.0 14  10   M    M   2        17 310
11  89  48  69  -6   0   4 0.06    M    M  6.3 41 310   M    M   3 1      52 300
12  88  50  69  -6   0   4 0.00    M    M  4.2 20  90   M    M   0 1      24  40
13  84  56  70  -5   0   5 0.04    M    M  7.4 14  40   M    M   3 13     18  30
14  85  51  68  -6   0   3 0.10    M    M  9.8 25 110   M    M   1 3      35 120
15  86  62  74   0   0   9    T    M    M  8.0 20 360   M    M   7 3      24 350
16  83  50  67  -7   0   2 0.00    M    M  9.6 22  10   M    M   4        29  20
17  99  47  73  -1   0   8    T    M    M  8.1 33 270   M    M   0 3      45 260
18  90  55  73  -1   0   8 0.00    M    M  9.0 17 360   M    M   0        22 350
19 101  62  82   9   0  17 0.00    M    M  8.0 23  10   M    M   0        29  30
20  85  60  73   0   0   8 0.00    M    M 10.8 28  40   M    M   1        34  40
21  86  50  68  -5   0   3 0.02    M    M 10.2 24 330   M    M   4 1      31 330
22  88  45  67  -5   0   2 0.00    M    M  6.9 18 120   M    M   0        23 110
23  95  53  74   2   0   9 0.00    M    M  6.3 17  60   M    M   0        20  60
================================================================================
SM 1987 1201         6 111  0.30    M    188.0          M       51
================================================================================
AV 86.4 52.2                               8.2 FASTST   M    M   2    MAX(MPH)
                                 MISC ---->  # 41 310               # 52  300
================================================================================
NOTES:
# LAST OF SEVERAL OCCURRENCES

COLUMN 17 PEAK WIND IN M.P.H.

PRELIMINARY LOCAL CLIMATOLOGICAL DATA (WS FORM: F-6) , PAGE 2

                                          STATION:  PHILIP SD
                                          MONTH:    AUGUST
                                          YEAR:     2017
                                          LATITUDE:   44  3 N
                                          LONGITUDE: 101 36 W

[TEMPERATURE DATA]      [PRECIPITATION DATA]       SYMBOLS USED IN COLUMN 16

AVERAGE MONTHLY: 69.3   TOTAL FOR MONTH:   0.30    1 = FOG OR MIST
DPTR FM NORMAL:  -5.3   DPTR FM NORMAL:   -0.80    2 = FOG REDUCING VISIBILITY
HIGHEST:   101 ON 19    GRTST 24HR  0.10 ON 14-14      TO 1/4 MILE OR LESS
LOWEST:     42 ON  4                               3 = THUNDER
                        SNOW, ICE PELLETS, HAIL    4 = ICE PELLETS
                        TOTAL MONTH:    M          5 = HAIL
                        GRTST 24HR    M  ON   M    6 = FREEZING RAIN OR DRIZZLE
                        GRTST DEPTH:  M  ON   M    7 = DUSTSTORM OR SANDSTORM:
                                                       VSBY 1/2 MILE OR LESS
                                                   8 = SMOKE OR HAZE
[NO. OF DAYS WITH]      [WEATHER - DAYS WITH]      9 = BLOWING SNOW
                                                   X = TORNADO
MAX 32 OR BELOW:   0    0.01 INCH OR MORE:   7
MAX 90 OR ABOVE:   6    0.10 INCH OR MORE:   1
MIN 32 OR BELOW:   0    0.50 INCH OR MORE:   0
MIN  0 OR BELOW:   0    1.00 INCH OR MORE:   0

[HDD (BASE 65) ]
TOTAL THIS MO.     6    CLEAR  (SCALE 0-3)  18
DPTR FM NORMAL     3    PTCLDY (SCALE 4-7)   5
TOTAL FM JUL 1     6    CLOUDY (SCALE 8-10)  0
DPTR FM NORMAL    -5

[CDD (BASE 65) ]
TOTAL THIS MO.   111
DPTR FM NORMAL  -115    [PRESSURE DATA]
TOTAL FM JAN 1   734    HIGHEST SLP M ON M
DPTR FM NORMAL    53    LOWEST  SLP 29.44 ON 14

[REMARKS]
