000
CXUS55 KPSR 261005
CF6PHX
PRELIMINARY LOCAL CLIMATOLOGICAL DATA (WS FORM: F-6)

                                          STATION:   PHOENIX AZ
                                          MONTH:     DECEMBER
                                          YEAR:      2014
                                          LATITUDE:   33 25 N
                                          LONGITUDE: 112  1 W

  TEMPERATURE IN F:       :PCPN:    SNOW:  WIND      :SUNSHINE: SKY     :PK WND
================================================================================
1   2   3   4   5  6A  6B    7    8   9   10  11  12  13   14  15   16   17  18
                                     12Z  AVG MX 2MIN
DY MAX MIN AVG DEP HDD CDD  WTR  SNW DPTH SPD SPD DIR MIN PSBL S-S WX    SPD DR
================================================================================

 1  73  51  62   4   3   0 0.00  0.0    0  4.3  9 100   M    M   7 8      10 320
 2  70  54  62   4   3   0 0.03  0.0    0  4.7 12 100   M    M   9        13 130
 3  76  60  68  11   0   3 0.01  0.0    0  5.0 12  90   M    M   9        14  90
 4  68  60  64   7   1   0 0.61  0.0    0  4.3 15 310   M    M   9 1      19 300
 5  72  57  65   8   0   0 0.00  0.0    0  3.9 10 100   M    M   8        14  40
 6  71  57  64   8   1   0 0.00  0.0    0  1.6  7 110   M    M   8         9 110
 7  77  51  64   8   1   0 0.00  0.0    0  3.0 10  80   M    M   4        12  80
 8  76  55  66  10   0   1 0.00  0.0    0  4.0 15  70   M    M   9        18  50
 9  78  54  66  10   0   1 0.00  0.0    0  2.5  9 260   M    M   6        11 240
10  77  54  66  10   0   1 0.00  0.0    0  2.7 13 270   M    M   2        15 270
11  76  56  66  10   0   1 0.00  0.0    0  5.7 12  80   M    M   6        13 110
12  78  57  68  13   0   3    T  0.0    0  8.0 18 280   M    M   8        22 270
13  66  51  59   4   6   0 0.08  0.0    0  7.3 20 260   M    M   6 1      26 260
14  63  46  55   0  10   0 0.00  0.0    0  4.1 12  80   M    M   4        12  80
15  64  46  55   0  10   0 0.00  0.0    0  3.5 10 100   M    M   7        13 100
16  65  49  57   2   8   0 0.00  0.0    0  3.3 10 280   M    M   8        13 280
17  61  51  56   1   9   0 0.07  0.0    0  5.4 10  10   M    M   9 1      18 330
18  62  50  56   1   9   0 0.00  0.0    0  3.9 12 300   M    M   6        18 270
19  64  45  55   0  10   0 0.00  0.0    0  3.3 10 300   M    M   4        17 340
20  66  45  56   1   9   0 0.00  0.0    0  3.3  8 260   M    M   7        12 330
21  65  47  56   1   9   0 0.00  0.0    0  4.1  9 300   M    M   6        11 300
22  66  47  57   3   8   0 0.00  0.0    0  4.6 12  90   M    M   2        13  80
23  68  47  58   3   7   0 0.00  0.0    0  7.4 17  30   M    M   0        24  30
24  66  43  55   0  10   0 0.00  0.0    0  3.6 14 110   M    M   4        17  90
25  64  45  55   0  10   0 0.00  0.0    0  8.0 22 270   M    M   4        25 270
================================================================================
SM 1732 1278       124  10  0.80     0.0 111.5          M      152
================================================================================
AV 69.3 51.1                               4.5 FASTST   M    M   6    MAX(MPH)
                                 MISC ---->  # 22 270               # 26  260
================================================================================
NOTES:
# LAST OF SEVERAL OCCURRENCES

COLUMN 17 PEAK WIND IN M.P.H.

PRELIMINARY LOCAL CLIMATOLOGICAL DATA (WS FORM: F-6) , PAGE 2

                                          STATION:  PHOENIX AZ
                                          MONTH:    DECEMBER
                                          YEAR:     2014
                                          LATITUDE:   33 25 N
                                          LONGITUDE: 112  1 W

[TEMPERATURE DATA]      [PRECIPITATION DATA]       SYMBOLS USED IN COLUMN 16

AVERAGE MONTHLY: 60.2   TOTAL FOR MONTH:   0.80    1 = FOG OR MIST
DPTR FM NORMAL:   4.5   DPTR FM NORMAL:    0.09    2 = FOG REDUCING VISIBILITY
HIGHEST:    78 ON 12, 9 GRTST 24HR  0.62 ON  3- 4      TO 1/4 MILE OR LESS
LOWEST:     43 ON 24                               3 = THUNDER
                        SNOW, ICE PELLETS, HAIL    4 = ICE PELLETS
                        TOTAL MONTH:   0.0 INCH    5 = HAIL
                        GRTST 24HR     0.0         6 = FREEZING RAIN OR DRIZZLE
                        GRTST DEPTH:   0           7 = DUSTSTORM OR SANDSTORM:
                                                       VSBY 1/2 MILE OR LESS
                                                   8 = SMOKE OR HAZE
[NO. OF DAYS WITH]      [WEATHER - DAYS WITH]      9 = BLOWING SNOW
                                                   X = TORNADO
MAX 32 OR BELOW:   0    0.01 INCH OR MORE:   5
MAX 90 OR ABOVE:   0    0.10 INCH OR MORE:   1
MIN 32 OR BELOW:   0    0.50 INCH OR MORE:   1
MIN  0 OR BELOW:   0    1.00 INCH OR MORE:   0

[HDD (BASE 65) ]
TOTAL THIS MO.   124    CLEAR  (SCALE 0-3)   3
DPTR FM NORMAL  -110    PTCLDY (SCALE 4-7)  16
TOTAL FM JUL 1   178    CLOUDY (SCALE 8-10)  6
DPTR FM NORMAL  -159

[CDD (BASE 65) ]
TOTAL THIS MO.    10
DPTR FM NORMAL    10    [PRESSURE DATA]
TOTAL FM JAN 1  5046    HIGHEST SLP M ON M
DPTR FM NORMAL   440    LOWEST  SLP 29.67 ON 25

[REMARKS]
