000
CXUS55 KPSR 261005
CF6PHX
PRELIMINARY LOCAL CLIMATOLOGICAL DATA (WS FORM: F-6)

                                          STATION:   PHOENIX AZ
                                          MONTH:     JULY
                                          YEAR:      2017
                                          LATITUDE:   33 25 N
                                          LONGITUDE: 112  1 W

  TEMPERATURE IN F:       :PCPN:    SNOW:  WIND      :SUNSHINE: SKY     :PK WND
================================================================================
1   2   3   4   5  6A  6B    7    8   9   10  11  12  13   14  15   16   17  18
                                     12Z  AVG MX 2MIN
DY MAX MIN AVG DEP HDD CDD  WTR  SNW DPTH SPD SPD DIR MIN PSBL S-S WX    SPD DR
================================================================================

 1 112  80  96   2   0  31 0.00  0.0    0  8.8 22 280   M    M   1        26 280
 2 110  83  97   3   0  32 0.00  0.0    0  8.3 21 280   M    M   2        24 280
 3 107  88  98   4   0  33 0.00  0.0    0  8.5 18 280   M    M   3        29 270
 4 111  88 100   5   0  35 0.00  0.0    0  7.8 18 270   M    M   2        23 230
 5 112  87 100   5   0  35 0.00  0.0    0  9.0 21 290   M    M   4        30 270
 6 111  88 100   5   0  35 0.00  0.0    0  6.2 14 170   M    M   4        20 280
 7 118  91 105  10   0  40 0.00  0.0    0  7.5 32  60   M    M   5 3      38  60
 8 113  95 104   9   0  39 0.00  0.0    0 10.4 28  90   M    M   7        34  90
 9 109  87  98   3   0  33 0.00  0.0    0  9.1 24 250   M    M   6        31 260
10 109  88  99   4   0  34 0.02  0.0    0 10.6 23 160   M    M   7 3      29 160
11 104  82  93  -2   0  28 0.01  0.0    0  9.0 21  80   M    M   7 3      25 120
12 108  85  97   2   0  32 0.00  0.0    0  7.7 18 280   M    M   4 8      25 270
13 109  87  98   3   0  33 0.00  0.0    0  8.7 26 170   M    M   4 78     36 170
14 108  86  97   2   0  32 0.00  0.0    0  9.5 29 340   M    M   6 78     36 350
15 109  87  98   3   0  33    T  0.0    0  7.3 30 340   M    M   6 3      44 340
16 104  74  89  -6   0  24 0.38  0.0    0  8.1 49  50   M    M   7 378    62  30
17  99  76  88  -7   0  23 0.05  0.0    0  7.8 18  80   M    M   7 3      23  80
18 103  79  91  -4   0  26    T  0.0    0  8.2 29 130   M    M   6 3      37 130
19 102  82  92  -3   0  27 0.00  0.0    0  8.3 25 270   M    M   7        31 250
20 103  83  93  -2   0  28 0.01  0.0    0  7.7 22 120   M    M   7 3      28 130
21 103  83  93  -2   0  28 0.01  0.0    0  8.1 28  60   M    M   5 3      34  70
22 106  83  95   0   0  30 0.00  0.0    0  6.9 31 360   M    M   6        41 360
23 103  76  90  -5   0  25 0.21  0.0    0  7.7 39 100   M    M   7 378    49  90
24  90  75  83 -12   0  18 0.18  0.0    0  5.8 20  70   M    M   8 1      22  70
25 102  80  91  -4   0  26    T  0.0    0  6.1 17 280   M    M   7        23  10
================================================================================
SM 2665 2093         0 760  0.87     0.0 203.1          M      135
================================================================================
AV106.6 83.7                               8.1 FASTST   M    M   5    MAX(MPH)
                                 MISC ---->  # 49  50               # 62   30
================================================================================
NOTES:
# LAST OF SEVERAL OCCURRENCES

COLUMN 17 PEAK WIND IN M.P.H.

PRELIMINARY LOCAL CLIMATOLOGICAL DATA (WS FORM: F-6) , PAGE 2

                                          STATION:  PHOENIX AZ
                                          MONTH:    JULY
                                          YEAR:     2017
                                          LATITUDE:   33 25 N
                                          LONGITUDE: 112  1 W

[TEMPERATURE DATA]      [PRECIPITATION DATA]       SYMBOLS USED IN COLUMN 16

AVERAGE MONTHLY: 95.2   TOTAL FOR MONTH:   0.87    1 = FOG OR MIST
DPTR FM NORMAL:   0.3   DPTR FM NORMAL:    0.07    2 = FOG REDUCING VISIBILITY
HIGHEST:   118 ON  7    GRTST 24HR  0.38 ON 16-16      TO 1/4 MILE OR LESS
LOWEST:     74 ON 16                               3 = THUNDER
                        SNOW, ICE PELLETS, HAIL    4 = ICE PELLETS
                        TOTAL MONTH:   0.0 INCH    5 = HAIL
                        GRTST 24HR     0.0         6 = FREEZING RAIN OR DRIZZLE
                        GRTST DEPTH:   0           7 = DUSTSTORM OR SANDSTORM:
                                                       VSBY 1/2 MILE OR LESS
                                                   8 = SMOKE OR HAZE
[NO. OF DAYS WITH]      [WEATHER - DAYS WITH]      9 = BLOWING SNOW
                                                   X = TORNADO
MAX 32 OR BELOW:   0    0.01 INCH OR MORE:   8
MAX 90 OR ABOVE:  25    0.10 INCH OR MORE:   3
MIN 32 OR BELOW:   0    0.50 INCH OR MORE:   0
MIN  0 OR BELOW:   0    1.00 INCH OR MORE:   0

[HDD (BASE 65) ]
TOTAL THIS MO.     0    CLEAR  (SCALE 0-3)   4
DPTR FM NORMAL     0    PTCLDY (SCALE 4-7)  21
TOTAL FM JUL 1     0    CLOUDY (SCALE 8-10)  0
DPTR FM NORMAL     0

[CDD (BASE 65) ]
TOTAL THIS MO.   760
DPTR FM NORMAL    13    [PRESSURE DATA]
TOTAL FM JAN 1  2733    HIGHEST SLP M ON M
DPTR FM NORMAL   326    LOWEST  SLP 28.60 ON  8

[REMARKS]
