000
CXUS53 KILX 012300
CF6PIA
PRELIMINARY LOCAL CLIMATOLOGICAL DATA (WS FORM: F-6)

                                          STATION:   PEORIA IL
                                          MONTH:     JUNE
                                          YEAR:      2015
                                          LATITUDE:   40 40 N
                                          LONGITUDE:  89 41 W

  TEMPERATURE IN F:       :PCPN:    SNOW:  WIND      :SUNSHINE: SKY     :PK WND
================================================================================
1   2   3   4   5  6A  6B    7    8   9   10  11  12  13   14  15   16   17  18
                                     12Z  AVG MX 2MIN
DY MAX MIN AVG DEP HDD CDD  WTR  SNW DPTH SPD SPD DIR MIN PSBL S-S WX    SPD DR
================================================================================

 1  68  54  61  -6   4   0 0.00  0.0    0  6.9 14  90   M    M   7 1      17  80
 2  74  50  62  -6   3   0 0.00  0.0    0  5.3 14  90   M    M   1        17  80
 3  79  58  69   1   0   4 0.00  0.0    0  9.0 17 160   M    M   2 18     22 170
 4  84  65  75   7   0  10 0.00  0.0    0  5.1 10 250   M    M   4 8      14 270
 5  86  63  75   6   0  10 0.00  0.0    0  7.9 21  60   M    M   3 128    36  80
 6  81  58  70   1   0   5 0.00  0.0    0  6.3 14  90   M    M   0        19  50
 7  90  68  79  10   0  14 3.14  0.0    0 12.0 32 270   M    M   6 138    48 280
 8  86  66  76   6   0  11 0.00  0.0    0  6.9 18 260   M    M   2 123    23 250
 9  91  62  77   7   0  12 0.00  0.0    0  5.1 15 230   M    M   0 18     21 230
10  93  69  81  11   0  16 1.44  0.0    0 10.7 30 270   M    M   1 13     43  30
11  90  69  80   9   0  15 0.17  0.0    0  9.4 25 230   M    M   4 13     35 230
12  85  69  77   6   0  12 1.41  0.0    0  8.9 21 250   M    M   4 138    27 170
13  89  71  80   9   0  15 0.24  0.0    0  7.0 30 180   M    M   5 13     36 180
14  86  72  79   7   0  14 0.35  0.0    0  8.3 22 200   M    M   6 13     30 200
15  88  72  80   8   0  15 0.85  0.0    0  9.0 23 290   M    M   6 13     33 270
16  82  68  75   3   0  10 0.00  0.0    0  7.8 12  90   M    M   6        16  90
17  80  59  70  -2   0   5 0.88  0.0    0  5.0 16  90   M    M   8 18     18  90
18  84  69  77   4   0  12 0.15  0.0    0  5.8 29 220   M    M   8 138    39 210
19  78  63  71  -2   0   6 0.00  0.0    0 11.2 18  60   M    M   6        24  80
20  84  67  76   3   0  11 0.23  0.0    0  7.2 24 310   M    M   6 13     36 300
21  85  70  78   4   0  13 0.00  0.0    0  6.2 13 300   M    M   3        17 290
22  89  73  81   7   0  16    T  0.0    0 13.0 26 200   M    M   2 3      35 200
23  83  67  75   1   0  10 0.00  0.0    0  5.6 13  40   M    M   2        19 360
24  77  66  72  -2   0   7 0.71  0.0    0  6.3 17  70   M    M   6 13     23  70
25  83  70  77   3   0  12 0.78  0.0    0  6.2 22 200   M    M   6 13     25 200
26  73  65  69  -6   0   4 0.60  0.0    0  7.8 16  40   M    M   9 18     22  50
27  81  62  72  -3   0   7 0.00  0.0    0  5.1 14 350   M    M   1 18     19 350
28  77  61  69  -6   0   4 0.62  0.0    0  6.5 17 200   M    M   3 13     21 190
29  81  66  74  -1   0   9 0.03  0.0    0  5.6 15 330   M    M   5 138    23 310
30  84  64  74  -1   0   9    T  0.0    0  3.7  9 310   M    M   1 18     14 300
================================================================================
SM 2491 1956         7 288 11.60     0.0 220.8          M      123
================================================================================
AV 83.0 65.2                               7.4 FASTST   M    M   4    MAX(MPH)
                                 MISC ---->  # 32 270               # 48  280
================================================================================
NOTES:
# LAST OF SEVERAL OCCURRENCES

COLUMN 17 PEAK WIND IN M.P.H.

PRELIMINARY LOCAL CLIMATOLOGICAL DATA (WS FORM: F-6) , PAGE 2

                                          STATION:  PEORIA IL
                                          MONTH:    JUNE
                                          YEAR:     2015
                                          LATITUDE:   40 40 N
                                          LONGITUDE:  89 41 W

[TEMPERATURE DATA]      [PRECIPITATION DATA]       SYMBOLS USED IN COLUMN 16

AVERAGE MONTHLY: 74.1   TOTAL FOR MONTH:  11.60    1 = FOG OR MIST
DPTR FM NORMAL:   2.3   DPTR FM NORMAL:    8.07    2 = FOG REDUCING VISIBILITY
HIGHEST:    93 ON 10    GRTST 24HR  3.14 ON  7- 7      TO 1/4 MILE OR LESS
LOWEST:     50 ON  2                               3 = THUNDER
                        SNOW, ICE PELLETS, HAIL    4 = ICE PELLETS
                        TOTAL MONTH:   0.0 INCH    5 = HAIL
                        GRTST 24HR     0.0         6 = FREEZING RAIN OR DRIZZLE
                        GRTST DEPTH:   0           7 = DUSTSTORM OR SANDSTORM:
                                                       VSBY 1/2 MILE OR LESS
                                                   8 = SMOKE OR HAZE
[NO. OF DAYS WITH]      [WEATHER - DAYS WITH]      9 = BLOWING SNOW
                                                   X = TORNADO
MAX 32 OR BELOW:   0    0.01 INCH OR MORE:  15
MAX 90 OR ABOVE:   4    0.10 INCH OR MORE:  14
MIN 32 OR BELOW:   0    0.50 INCH OR MORE:   9
MIN  0 OR BELOW:   0    1.00 INCH OR MORE:   3

[HDD (BASE 65) ]
TOTAL THIS MO.     7    CLEAR  (SCALE 0-3)  12
DPTR FM NORMAL   -11    PTCLDY (SCALE 4-7)  17
TOTAL FM JUL 1  5817    CLOUDY (SCALE 8-10)  1
DPTR FM NORMAL   -14

[CDD (BASE 65) ]
TOTAL THIS MO.   288
DPTR FM NORMAL    66    [PRESSURE DATA]
TOTAL FM JAN 1   442    HIGHEST SLP 30.22 ON  1
DPTR FM NORMAL   139    LOWEST  SLP 29.66 ON  7

[REMARKS]
#FINAL-06-15#
