000
CXUS54 KBRO 250900
CF6PIL
PRELIMINARY LOCAL CLIMATOLOGICAL DATA (WS FORM: F-6)

                                          STATION:   BAYVIEW
                                          MONTH:     OCTOBER
                                          YEAR:      2014
                                          LATITUDE:   26 10 N
                                          LONGITUDE:  97 20 W

  TEMPERATURE IN F:       :PCPN:    SNOW:  WIND      :SUNSHINE: SKY     :PK WND
================================================================================
1   2   3   4   5  6A  6B    7    8   9   10  11  12  13   14  15   16   17  18
                                     12Z  AVG MX 2MIN
DY MAX MIN AVG DEP HDD CDD  WTR  SNW DPTH SPD SPD DIR MIN PSBL S-S WX    SPD DR
================================================================================

 1  90  76  83   3   0  18 0.00  0.0    0 11.3 21 160   M    M   1 18     27 140
 2  91  81  86   7   0  21 0.00  0.0    0 13.1 23 170   M    M   2 18     30 150
 3  89  78  84   5   0  19    T  0.0    0  9.4 21  20   M    M   4 18     26  30
 4  86  77  82   3   0  17 0.00  0.0    0 11.2 17  50   M    M   1 8      21  40
 5  88  74  81   2   0  16 0.00  0.0    0 10.9 20 110   M    M   2 18     24 130
 6  91  76  84   6   0  19 0.00  0.0    0 10.0 15 120   M    M   1 18     22 160
 7  88  75  82   4   0  17 0.00  0.0    0  9.4 16 120   M    M   1 18     26 120
 8  90  76  83   5   0  18    T  0.0    0 11.5 21 130   M    M   2 18     27 120
 9  90  79  85   7   0  20 0.00  0.0    0 13.3 21 140   M    M   1 18     27 130
10  90  79  85   7   0  20 0.00  0.0    0 15.5 25 150   M    M   1 8      32 160
11  90  75  83   5   0  18 0.22  0.0    0  8.5 18 130   M    M   3 138    25 140
12  90  76  83   6   0  18 0.00  0.0    0 11.8 23 160   M    M   2 18     31 170
13  93  71  82   5   0  17 0.00  0.0    0 14.0 26 180   M    M   2 8      34 180
14  83  61  72  -5   0   7 0.00  0.0    0  9.3 18  10   M    M   0        25  20
15  85  58  72  -5   0   7 0.00  0.0    0  5.6 13  90   M    M   0        15  70
16  85  57  71  -6   0   6 0.00  0.0    0  7.1 20 160   M    M   0        25 140
17  90  66  78   2   0  13 0.00  0.0    0 10.5 20 140   M    M   1        23 140
18  85  75  80   4   0  15 0.85  0.0    0 10.0 21 160   M    M   4 13     26 170
19  85  77  81   5   0  16    T  0.0    0  9.6 20 100   M    M   2        24  90
20  85  72  79   3   0  14 0.02  0.0    0  6.9 15  50   M    M   1 1      21  70
21  83  74  79   3   0  14 0.20  0.0    0 10.1 22  50   M    M   4 18     26  70
22  85  75  80   4   0  15 0.00  0.0    0 10.4 18  70   M    M   3        22  70
23  85  70  78   3   0  13 0.00  0.0    0  6.7 15  20   M    M   1 18     18  40
24  83  67  75   0   0  10 0.00  0.0    0  6.4 14  30   M    M   1 18     18  30
================================================================================
SM 2100 1745         0 368  1.29     0.0 242.5          M       40
================================================================================
AV 87.5 72.7                              10.1 FASTST   M    M   2    MAX(MPH)
                                 MISC ---->  # 26 180               # 34  180
================================================================================
NOTES:
# LAST OF SEVERAL OCCURRENCES

COLUMN 17 PEAK WIND IN M.P.H.

PRELIMINARY LOCAL CLIMATOLOGICAL DATA (WS FORM: F-6) , PAGE 2

                                          STATION:  BAYVIEW
                                          MONTH:    OCTOBER
                                          YEAR:     2014
                                          LATITUDE:   26 10 N
                                          LONGITUDE:  97 20 W

[TEMPERATURE DATA]      [PRECIPITATION DATA]       SYMBOLS USED IN COLUMN 16

AVERAGE MONTHLY: 80.1   TOTAL FOR MONTH:   1.29    1 = FOG OR MIST
DPTR FM NORMAL:   2.8   DPTR FM NORMAL:   -0.99    2 = FOG REDUCING VISIBILITY
HIGHEST:    93 ON 13    GRTST 24HR  0.85 ON 18-18      TO 1/4 MILE OR LESS
LOWEST:     57 ON 16                               3 = THUNDER
                        SNOW, ICE PELLETS, HAIL    4 = ICE PELLETS
                        TOTAL MONTH:   0.0 INCH    5 = HAIL
                        GRTST 24HR     0.0         6 = FREEZING RAIN OR DRIZZLE
                        GRTST DEPTH:   0           7 = DUSTSTORM OR SANDSTORM:
                                                       VSBY 1/2 MILE OR LESS
                                                   8 = SMOKE OR HAZE
[NO. OF DAYS WITH]      [WEATHER - DAYS WITH]      9 = BLOWING SNOW
                                                   X = TORNADO
MAX 32 OR BELOW:   0    0.01 INCH OR MORE:   4
MAX 90 OR ABOVE:  10    0.10 INCH OR MORE:   3
MIN 32 OR BELOW:   0    0.50 INCH OR MORE:   1
MIN  0 OR BELOW:   0    1.00 INCH OR MORE:   0

[HDD (BASE 65) ]
TOTAL THIS MO.     0    CLEAR  (SCALE 0-3)  21
DPTR FM NORMAL     0    PTCLDY (SCALE 4-7)   3
TOTAL FM JUL 1     0    CLOUDY (SCALE 8-10)  0
DPTR FM NORMAL     0

[CDD (BASE 65) ]
TOTAL THIS MO.   368
DPTR FM NORMAL    70    [PRESSURE DATA]
TOTAL FM JAN 1  3831    HIGHEST SLP M ON M
DPTR FM NORMAL   131    LOWEST  SLP 29.72 ON 13

[REMARKS]
