000
CXUS53 KAPX 280631
CF6PLN
PRELIMINARY LOCAL CLIMATOLOGICAL DATA (WS FORM: F-6)

                                          STATION:   PELLSTON
                                          MONTH:     MARCH
                                          YEAR:      2015
                                          LATITUDE:   45 34 N
                                          LONGITUDE:  84 48 W

  TEMPERATURE IN F:       :PCPN:    SNOW:  WIND      :SUNSHINE: SKY     :PK WND
================================================================================
1   2   3   4   5  6A  6B    7    8   9   10  11  12  13   14  15   16   17  18
                                     12Z  AVG MX 2MIN
DY MAX MIN AVG DEP HDD CDD  WTR  SNW DPTH SPD SPD DIR MIN PSBL S-S WX    SPD DR
================================================================================

 1  24 -12   6 -15  59   0    T    M    M  9.7 18 290   M    M   8 1      26 240
 2  23  -6   9 -12  56   0 0.00    M    M  9.6 21 280   M    M   1        29 300
 3  27 -10   9 -12  56   0 0.18    M    M  6.9 20 270   M    M   7 128    27 280
 4  27  -3  12 -10  53   0    T    M    M 14.5 28 290   M    M   9 8      34 290
 5  11 -24  -6 -28  71   0 0.00    M    M  4.5 16 320   M    M   0 8      20 320
 6  29 -11   9 -13  56   0 0.00    M    M  9.1 24 220   M    M   3 8      34 210
 7  33   4  19  -4  46   0    T    M    M  8.1 23 310   M    M   5 18     32 260
 8  36  -3  17  -6  48   0    T    M    M  6.0 22 240   M    M   6 128    33 240
 9  46   5  26   3  39   0 0.00    M    M  7.6 21 230   M    M   6 128    32 220
10  51  37  44  20  21   0 0.00    M    M 12.8 30 310   M    M   3        37 310
11  44  24  34  10  31   0 0.00    M    M 11.0 25 300   M    M   0        33 300
12  45  21  33   9  32   0 0.00    M    M  6.3 15 110   M    M   4        19 110
13  53  29  41  16  24   0 0.00    M    M  4.0 13  80   M    M   5        15  80
14  37  30  34   9  31   0 0.01    M    M 15.1 25 310   M    M  10 18     34 290
15  48  30  39  13  26   0 0.00    M    M  6.1 15 320   M    M   4        20 310
16  54  35  45  19  20   0 0.24    M    M  7.5 21 310   M    M   6 1      27 300
17  35  19  27   1  38   0 0.00    M    M 16.2 32 320   M    M   2        41 310
18  35  15  25  -2  40   0 0.00    M    M  9.2 22 320   M    M   2        27 310
19  40   8  24  -3  41   0 0.00    M    M  3.5 12 160   M    M   1        16 130
20  42  25  34   6  31   0    T    M    M  5.8 14 240   M    M   7        20 240
21  40  11  26  -2  39   0 0.04    M    M 14.8 26 320   M    M   4 1      40 320
22  30   4  17 -12  48   0 0.00    M    M  8.2 24 320   M    M   1        32 320
23  30   6  18 -11  47   0 0.00    M    M  4.2 13  80   M    M   0        15  80
24  41   9  25  -5  40   0 0.00    M    M  3.8 14  20   M    M   0        17  40
25  38  25  32   2  33   0 0.34    M    M 13.8 29 250   M    M   7 168    43 250
26  38  17  28  -3  37   0 0.01    M    M 13.4 25 310   M    M  10        31 310
27  21   4  13 -18  52   0    T    M    M  9.7 20 360   M    M   1        25 360
================================================================================
SM  978  289      1115   0  0.82    M    241.4          M      112
================================================================================
AV 36.2 10.7                               8.9 FASTST   M    M   4    MAX(MPH)
                                 MISC ---->  # 32 320               # 43  250
================================================================================
NOTES:
# LAST OF SEVERAL OCCURRENCES

COLUMN 17 PEAK WIND IN M.P.H.

PRELIMINARY LOCAL CLIMATOLOGICAL DATA (WS FORM: F-6) , PAGE 2

                                          STATION:  PELLSTON
                                          MONTH:    MARCH
                                          YEAR:     2015
                                          LATITUDE:   45 34 N
                                          LONGITUDE:  84 48 W

[TEMPERATURE DATA]      [PRECIPITATION DATA]       SYMBOLS USED IN COLUMN 16

AVERAGE MONTHLY: 23.5   TOTAL FOR MONTH:   0.82    1 = FOG OR MIST
DPTR FM NORMAL:  -2.0   DPTR FM NORMAL:   -0.76    2 = FOG REDUCING VISIBILITY
HIGHEST:    54 ON 16    GRTST 24HR  0.34 ON 25-25      TO 1/4 MILE OR LESS
LOWEST:    -24 ON  5                               3 = THUNDER
                        SNOW, ICE PELLETS, HAIL    4 = ICE PELLETS
                        TOTAL MONTH:    M          5 = HAIL
                        GRTST 24HR    M  ON   M    6 = FREEZING RAIN OR DRIZZLE
                        GRTST DEPTH:  M  ON   M    7 = DUSTSTORM OR SANDSTORM:
                                                       VSBY 1/2 MILE OR LESS
                                                   8 = SMOKE OR HAZE
[NO. OF DAYS WITH]      [WEATHER - DAYS WITH]      9 = BLOWING SNOW
                                                   X = TORNADO
MAX 32 OR BELOW:   9    0.01 INCH OR MORE:   6
MAX 90 OR ABOVE:   0    0.10 INCH OR MORE:   3
MIN 32 OR BELOW:  25    0.50 INCH OR MORE:   0
MIN  0 OR BELOW:   7    1.00 INCH OR MORE:   0

[HDD (BASE 65) ]
TOTAL THIS MO.  1115    CLEAR  (SCALE 0-3)  10
DPTR FM NORMAL    49    PTCLDY (SCALE 4-7)  14
TOTAL FM JUL 1  7741    CLOUDY (SCALE 8-10)  3
DPTR FM NORMAL   566

[CDD (BASE 65) ]
TOTAL THIS MO.     0
DPTR FM NORMAL     0    [PRESSURE DATA]
TOTAL FM JAN 1     0    HIGHEST SLP M ON M
DPTR FM NORMAL     0    LOWEST  SLP 29.53 ON  3

[REMARKS]
