000
CXUS55 KLOX 201655
CF6PMD
PRELIMINARY LOCAL CLIMATOLOGICAL DATA (WS FORM: F-6)

                                          STATION:   PALMDALE AIRPORT CA
                                          MONTH:     JULY
                                          YEAR:      2017
                                          LATITUDE:   34 37 N
                                          LONGITUDE: 118  5 W

  TEMPERATURE IN F:       :PCPN:    SNOW:  WIND      :SUNSHINE: SKY     :PK WND
================================================================================
1   2   3   4   5  6A  6B    7    8   9   10  11  12  13   14  15   16   17  18
                                     12Z  AVG MX 2MIN
DY MAX MIN AVG DEP HDD CDD  WTR  SNW DPTH SPD SPD DIR MIN PSBL S-S WX    SPD DR
================================================================================

 1 101  68  85   6   0  20 0.00  0.0    0 10.6 28 230   M    M   0        33 220
 2  95  64  80   1   0  15 0.00  0.0    0 10.9 28 230   M    M   0        34 240
 3  96  61  79   0   0  14 0.00  0.0    0 10.6 24 230   M    M   0        29 260
 4 102  72  87   8   0  22 0.00  0.0    0 12.0 23 240   M    M   0        27 240
 5 105  75  90  10   0  25 0.00  0.0    0  9.1 22 260   M    M   0         M  M
 6 107  73  90  10   0  25 0.00  0.0    0  7.6 22 230   M    M   0        28 300
 7 109  74  92  12   0  27 0.00  0.0    0  6.7 25 250   M    M   0 3      28 250
 8 109  71  90  10   0  25 0.00  0.0    0  7.1 25 110   M    M   0        31 120
 9 102  75  89   9   0  24 0.00  0.0    0 11.7 28 250   M    M   0        35 240
10  99  81  90  10   0  25 0.00  0.0    0 15.6 28 240   M    M   0        35 230
11  94  78  86   5   0  21 0.00  0.0    0 19.9 28 230   M    M   0        38 240
12  97  75  86   5   0  21 0.00  0.0    0 17.2 26 230   M    M   0        30 230
13  98  75  87   6   0  22 0.00  0.0    0 14.8 25 240   M    M   0 8      30 240
14 102  72  87   6   0  22 0.00  0.0    0 10.9 22 260   M    M   0         M  M
15 106  71  89   8   0  24 0.00  0.0    0  8.8 24 300   M    M   0        28 290
16 108  72  90   8   0  25 0.00  0.0    0  8.3 20 250   M    M   0        25 280
17 102  75  89   7   0  24 0.00  0.0    0 13.4 25 240   M    M   0         M  M
18 103  73  88   6   0  23 0.00  0.0    0 10.7 22 270   M    M   0        32 270
19 101  72  87   5   0  22 0.00  0.0    0 11.7 23 230   M    M   0        35 220
================================================================================
SM 1936 1377         0 426  0.00     0.0 217.6          M        0
================================================================================
AV101.9 72.5                              11.5 FASTST   M    M   0    MAX(MPH)
                                 MISC ---->  # 28 230               # 38  240
================================================================================
NOTES:
# LAST OF SEVERAL OCCURRENCES

COLUMN 17 PEAK WIND IN M.P.H.

PRELIMINARY LOCAL CLIMATOLOGICAL DATA (WS FORM: F-6) , PAGE 2

                                          STATION:  PALMDALE AIRPORT CA
                                          MONTH:    JULY
                                          YEAR:     2017
                                          LATITUDE:   34 37 N
                                          LONGITUDE: 118  5 W

[TEMPERATURE DATA]      [PRECIPITATION DATA]       SYMBOLS USED IN COLUMN 16

AVERAGE MONTHLY: 87.2   TOTAL FOR MONTH:   0.00    1 = FOG OR MIST
DPTR FM NORMAL:   6.7   DPTR FM NORMAL:   -0.06    2 = FOG REDUCING VISIBILITY
HIGHEST:   109 ON  8, 7 GRTST 24HR  0.00 ON 19-19      TO 1/4 MILE OR LESS
LOWEST:     61 ON  3                               3 = THUNDER
                        SNOW, ICE PELLETS, HAIL    4 = ICE PELLETS
                        TOTAL MONTH:   0.0 INCH    5 = HAIL
                        GRTST 24HR     0.0         6 = FREEZING RAIN OR DRIZZLE
                        GRTST DEPTH:   0           7 = DUSTSTORM OR SANDSTORM:
                                                       VSBY 1/2 MILE OR LESS
                                                   8 = SMOKE OR HAZE
[NO. OF DAYS WITH]      [WEATHER - DAYS WITH]      9 = BLOWING SNOW
                                                   X = TORNADO
MAX 32 OR BELOW:   0    0.01 INCH OR MORE:   0
MAX 90 OR ABOVE:  19    0.10 INCH OR MORE:   0
MIN 32 OR BELOW:   0    0.50 INCH OR MORE:   0
MIN  0 OR BELOW:   0    1.00 INCH OR MORE:   0

[HDD (BASE 65) ]
TOTAL THIS MO.     0    CLEAR  (SCALE 0-3)  19
DPTR FM NORMAL     0    PTCLDY (SCALE 4-7)   0
TOTAL FM JUL 1     0    CLOUDY (SCALE 8-10)  0
DPTR FM NORMAL     0

[CDD (BASE 65) ]
TOTAL THIS MO.   426
DPTR FM NORMAL   131    [PRESSURE DATA]
TOTAL FM JAN 1  1066    HIGHEST SLP M ON M
DPTR FM NORMAL   295    LOWEST  SLP 29.75 ON  8

[REMARKS]
