000
CXUS54 KMOB 271307
CF6PNS
PRELIMINARY LOCAL CLIMATOLOGICAL DATA (WS FORM: F-6)

                                          STATION:   PENSACOLA
                                          MONTH:     AUGUST
                                          YEAR:      2015
                                          LATITUDE:   30 28 N
                                          LONGITUDE:  87 12 W

  TEMPERATURE IN F:       :PCPN:    SNOW:  WIND      :SUNSHINE: SKY     :PK WND
================================================================================
1   2   3   4   5  6A  6B    7    8   9   10  11  12  13   14  15   16   17  18
                                     12Z  AVG MX 2MIN
DY MAX MIN AVG DEP HDD CDD  WTR  SNW DPTH SPD SPD DIR MIN PSBL S-S WX    SPD DR
================================================================================

 1  90  75  83   1   0  18 0.62  0.0    0  5.8 21 220   M    M   4 13     28 330
 2  95  75  85   3   0  20 0.00  0.0    0  6.6 14 150   M    M   2 3      17 160
 3  95  79  87   5   0  22 0.00  0.0    0  7.7 18 210   M    M   1        23 200
 4  92  79  86   4   0  21 0.00  0.0    0  8.0 21 190   M    M   1        24 200
 5  85  79  82   0   0  17    T  0.0    0  9.0 18 230   M    M   2        23 210
 6  90  79  85   3   0  20 0.05  0.0    0 10.9 20 220   M    M   2 3      24 230
 7  94  81  88   6   0  23 0.00  0.0    0 10.5 17 240   M    M   1        22 270
 8  94  75  85   3   0  20 0.05  0.0    0  8.8 18 290   M    M   2 3      23 290
 9  91  74  83   1   0  18 0.00  0.0    0  6.0 14 160   M    M   0        17 120
10  91  79  85   3   0  20 0.00  0.0    0  6.7 13 170   M    M   2        19 130
11  93  76  85   3   0  20    T  0.0    0  6.4 16 290   M    M   2 3      20 250
12  97  78  88   6   0  23 0.14  0.0    0  5.6 17 230   M    M   3 138    21 230
13  96  74  85   3   0  20 0.00  0.0    0  5.6 15 320   M    M   2        19 310
14  94  71  83   1   0  18 0.00  0.0    0  6.0 14 130   M    M   0        18 130
15  83  75  79  -3   0  14 0.03  0.0    0  5.3 21 200   M    M   2 3      26 190
16  83  74  79  -3   0  14 0.51  0.0    0  9.2 22 150   M    M   4 13     25 150
17  83  73  78  -4   0  13 2.13  0.0    0  7.7 23 160   M    M   4 13     32 180
18  88  76  82   0   0  17 1.52  0.0    0  7.1 24 200   M    M   2 13     34 200
19  90  78  84   2   0  19 0.08  0.0    0  7.3 20 180   M    M   4 3      24 180
20  89  76  83   1   0  18 0.95  0.0    0  4.2 16 320   M    M   3 13     25 340
21  90  76  83   1   0  18 0.49  0.0    0  4.9 16 230   M    M   1 138    21  20
22  91  75  83   1   0  18 0.00  0.0    0  5.4 14 230   M    M   1        16 230
23  95  76  86   4   0  21 0.11  0.0    0  7.2 22 300   M    M   2 13     27 290
24  94  76  85   3   0  20 0.00  0.0    0  7.4 14 340   M    M   2        18 350
25  90  70  80  -2   0  15 0.00  0.0    0  9.7 18 330   M    M   0        22 320
26  87  66  77  -5   0  12 0.00  0.0    0  8.2 15 320   M    M   0        18 290
================================================================================
SM 2360 1965         0 479  6.68     0.0 187.2          M       49
================================================================================
AV 90.8 75.6                               7.2 FASTST   M    M   2    MAX(MPH)
                                 MISC ---->  # 24 200               # 34  200
================================================================================
NOTES:
# LAST OF SEVERAL OCCURRENCES

COLUMN 17 PEAK WIND IN M.P.H.

PRELIMINARY LOCAL CLIMATOLOGICAL DATA (WS FORM: F-6) , PAGE 2

                                          STATION:  PENSACOLA
                                          MONTH:    AUGUST
                                          YEAR:     2015
                                          LATITUDE:   30 28 N
                                          LONGITUDE:  87 12 W

[TEMPERATURE DATA]      [PRECIPITATION DATA]       SYMBOLS USED IN COLUMN 16

AVERAGE MONTHLY: 83.2   TOTAL FOR MONTH:   6.68    1 = FOG OR MIST
DPTR FM NORMAL:   1.2   DPTR FM NORMAL:    0.87    2 = FOG REDUCING VISIBILITY
HIGHEST:    97 ON 12    GRTST 24HR  2.31 ON 16-17      TO 1/4 MILE OR LESS
LOWEST:     66 ON 26                               3 = THUNDER
                        SNOW, ICE PELLETS, HAIL    4 = ICE PELLETS
                        TOTAL MONTH:   0.0 INCH    5 = HAIL
                        GRTST 24HR     0.0         6 = FREEZING RAIN OR DRIZZLE
                        GRTST DEPTH:   0           7 = DUSTSTORM OR SANDSTORM:
                                                       VSBY 1/2 MILE OR LESS
                                                   8 = SMOKE OR HAZE
[NO. OF DAYS WITH]      [WEATHER - DAYS WITH]      9 = BLOWING SNOW
                                                   X = TORNADO
MAX 32 OR BELOW:   0    0.01 INCH OR MORE:  12
MAX 90 OR ABOVE:  19    0.10 INCH OR MORE:   8
MIN 32 OR BELOW:   0    0.50 INCH OR MORE:   5
MIN  0 OR BELOW:   0    1.00 INCH OR MORE:   2

[HDD (BASE 65) ]
TOTAL THIS MO.     0    CLEAR  (SCALE 0-3)  22
DPTR FM NORMAL     0    PTCLDY (SCALE 4-7)   4
TOTAL FM JUL 1     0    CLOUDY (SCALE 8-10)  0
DPTR FM NORMAL     0

[CDD (BASE 65) ]
TOTAL THIS MO.   479
DPTR FM NORMAL    37    [PRESSURE DATA]
TOTAL FM JAN 1  2226    HIGHEST SLP M ON M
DPTR FM NORMAL   338    LOWEST  SLP 29.84 ON  2

[REMARKS]
