000
CXUS55 KALY 200831
CF6POU
PRELIMINARY LOCAL CLIMATOLOGICAL DATA (WS FORM: F-6)

                                          STATION:   POUGHKEEPSIE NY
                                          MONTH:     JANUARY
                                          YEAR:      2018
                                          LATITUDE:   41 37 N
                                          LONGITUDE:  73 53 W

  TEMPERATURE IN F:       :PCPN:    SNOW:  WIND      :SUNSHINE: SKY     :PK WND
================================================================================
1   2   3   4   5  6A  6B    7    8   9   10  11  12  13   14  15   16   17  18
                                     12Z  AVG MX 2MIN
DY MAX MIN AVG DEP HDD CDD  WTR  SNW DPTH SPD SPD DIR MIN PSBL S-S WX    SPD DR
================================================================================

 1  16 -10   3 -23  62   0 0.00    M    M  1.4 13 360   M    M   0 18     17  20
 2  24   1  13 -13  52   0 0.00    M    M  7.7 16 230   M    M   1        22 240
 3  26   2  14 -12  51   0 0.00    M    M  4.1 13 230   M    M   0        17 220
 4  25  15  20  -6  45   0 0.54    M    M 13.8 26 310   M    M   9 28     41  10
 5  19   6  13 -13  52   0 0.00    M    M 16.1 25 290   M    M   3 89     34 280
 6  12   3   8 -18  57   0 0.00    M    M 14.5 23 280   M    M   0 9      33 290
 7  17 -14   2 -24  63   0 0.00    M    M  2.5 10 240   M    M   1 8      15 220
 8  29  17  23  -3  42   0 0.01    M    M  5.9 12 230   M    M   9 8      17 200
 9  40  20  30   5  35   0 0.00    M    M  7.2 17 290   M    M   8        24 270
10  39   8  24  -1  41   0 0.00    M    M  3.1 10 250   M    M   2        13 210
11  50  25  38  13  27   0 0.00    M    M  2.0 12 120   M    M   6 18     14 180
12  62  46  54  29  11   0 0.82    M    M  6.2 15 180   M    M  10 1      26 190
13  59  14  37  12  28   0 0.44    M    M 10.6 23  30   M    M   5 18     29  20
14  21   9  15 -10  50   0 0.00    M    M  8.1 16  20   M    M   0        23  30
15  27   8  18  -7  47   0 0.00    M    M  4.6  9 320   M    M   6        14  10
16  29  20  25   0  40   0 0.06    M    M  0.2  5 120   M    M  10 18      7 130
17  31   8  20  -5  45   0 0.25    M    M  3.5 13  10   M    M   9 1      15  10
18  26  -2  12 -13  53   0 0.00    M    M  1.5  7 360   M    M   0 18      M  M
19  35   4  20  -5  45   0 0.00    M    M  2.5 10 220   M    M   0 18     13 210
================================================================================
SM  587  180       846   0  2.12    M    115.5          M       79
================================================================================
AV 30.9  9.5                               6.1 FASTST   M    M   4    MAX(MPH)
                                 MISC ---->  # 26 310               # 41   10
================================================================================
NOTES:
# LAST OF SEVERAL OCCURRENCES

COLUMN 17 PEAK WIND IN M.P.H.

PRELIMINARY LOCAL CLIMATOLOGICAL DATA (WS FORM: F-6) , PAGE 2

                                          STATION:  POUGHKEEPSIE NY
                                          MONTH:    JANUARY
                                          YEAR:     2018
                                          LATITUDE:   41 37 N
                                          LONGITUDE:  73 53 W

[TEMPERATURE DATA]      [PRECIPITATION DATA]       SYMBOLS USED IN COLUMN 16

AVERAGE MONTHLY: 20.2   TOTAL FOR MONTH:   2.12    1 = FOG OR MIST
DPTR FM NORMAL:  -5.2   DPTR FM NORMAL:    0.20    2 = FOG REDUCING VISIBILITY
HIGHEST:    62 ON 12    GRTST 24HR  0.82 ON 12-12      TO 1/4 MILE OR LESS
LOWEST:    -14 ON  7                               3 = THUNDER
                        SNOW, ICE PELLETS, HAIL    4 = ICE PELLETS
                        TOTAL MONTH:    M          5 = HAIL
                        GRTST 24HR    M  ON   M    6 = FREEZING RAIN OR DRIZZLE
                        GRTST DEPTH:  M  ON   M    7 = DUSTSTORM OR SANDSTORM:
                                                       VSBY 1/2 MILE OR LESS
                                                   8 = SMOKE OR HAZE
[NO. OF DAYS WITH]      [WEATHER - DAYS WITH]      9 = BLOWING SNOW
                                                   X = TORNADO
MAX 32 OR BELOW:  13    0.01 INCH OR MORE:   6
MAX 90 OR ABOVE:   0    0.10 INCH OR MORE:   4
MIN 32 OR BELOW:  18    0.50 INCH OR MORE:   2
MIN  0 OR BELOW:   3    1.00 INCH OR MORE:   0

[HDD (BASE 65) ]
TOTAL THIS MO.   846    CLEAR  (SCALE 0-3)  10
DPTR FM NORMAL    94    PTCLDY (SCALE 4-7)   3
TOTAL FM JUL 1  3075    CLOUDY (SCALE 8-10)  6
DPTR FM NORMAL    -6

[CDD (BASE 65) ]
TOTAL THIS MO.     0
DPTR FM NORMAL     0    [PRESSURE DATA]
TOTAL FM JAN 1     0    HIGHEST SLP M ON M
DPTR FM NORMAL     0    LOWEST  SLP 29.32 ON  4

[REMARKS]
