000
CXUS55 KLOX 231655
CF6PRB
PRELIMINARY LOCAL CLIMATOLOGICAL DATA (WS FORM: F-6)

                                          STATION:   PASO ROBLES AIRPORT CA
                                          MONTH:     OCTOBER
                                          YEAR:      2017
                                          LATITUDE:   35 40 N
                                          LONGITUDE: 120 38 W

  TEMPERATURE IN F:       :PCPN:    SNOW:  WIND      :SUNSHINE: SKY     :PK WND
================================================================================
1   2   3   4   5  6A  6B    7    8   9   10  11  12  13   14  15   16   17  18
                                     12Z  AVG MX 2MIN
DY MAX MIN AVG DEP HDD CDD  WTR  SNW DPTH SPD SPD DIR MIN PSBL S-S WX    SPD DR
================================================================================

 1  89  44  67   1   0   2 0.00  0.0    0  7.2 22 340   M    M   0        28 340
 2  81  39  60  -6   5   0 0.00  0.0    0  2.6 13 210   M    M   0        16  80
 3  68  37  53 -12  12   0 0.00  0.0    0  7.8 21 230   M    M   1        27 230
 4  82  37  60  -5   5   0 0.00  0.0    0  3.8 15 100   M    M   0         M  M
 5  87  37  62  -3   3   0 0.00  0.0    0  3.8 24 140   M    M   0        25  90
 6  89  37  63  -2   2   0 0.00  0.0    0  5.3 16  80   M    M   0        21  90
 7  95  42  69   5   0   4 0.00  0.0    0  4.1 18 330   M    M   0        22 300
 8  90  42  66   2   0   1 0.00  0.0    0  4.0 17  90   M    M   0        21  90
 9  87  40  64   0   1   0 0.00  0.0    0  4.2 14  70   M    M   0        16 100
10  87  39  63   0   2   0 0.00  0.0    0  5.1 22 200   M    M   0        27 210
11  81  47  64   1   1   0 0.00  0.0    0  6.3 16 320   M    M   3 128    20 320
12  78  36  57  -6   8   0 0.00  0.0    0  3.9 15 100   M    M   0 18     19  90
13  82  31  57  -6   8   0 0.00  0.0    0  4.4 16 120   M    M   0        20 120
14  81  35  58  -4   7   0 0.00  0.0    0  6.2 20 120   M    M   0        24 100
15  93  38  66   4   0   1 0.00  0.0    0  3.9 15 100   M    M   0        28 130
16  91  39  65   3   0   0 0.00  0.0    0  3.0 10 120   M    M   0        12  90
17  88  47  68   6   0   3 0.00  0.0    0  4.3 15 330   M    M   2        20 320
18  89  50  70   9   0   5    T  0.0    0  4.9 18 310   M    M   1        21 310
19  83  38  61   0   4   0 0.00  0.0    0  4.8 21 220   M    M   3 12     24 220
20  69  49  59  -2   6   0 0.08    M    0 13.0 25 330   M    M   3 1      33 320
21  74  37  56  -4   9   0 0.00  0.0    0  5.8 17  90   M    M   0        22  90
22  81  39  60   0   5   0 0.00  0.0    0  7.0 22 100   M    M   0        26 100
================================================================================
SM 1845  880        78  16  0.08     0.0 115.5          M       13
================================================================================
AV 83.9 40.0                               5.3 FASTST   M    M   1    MAX(MPH)
                                 MISC ---->  # 25 330               # 33  320
================================================================================
NOTES:
# LAST OF SEVERAL OCCURRENCES

COLUMN 17 PEAK WIND IN M.P.H.

PRELIMINARY LOCAL CLIMATOLOGICAL DATA (WS FORM: F-6) , PAGE 2

                                          STATION:  PASO ROBLES AIRPORT CA
                                          MONTH:    OCTOBER
                                          YEAR:     2017
                                          LATITUDE:   35 40 N
                                          LONGITUDE: 120 38 W

[TEMPERATURE DATA]      [PRECIPITATION DATA]       SYMBOLS USED IN COLUMN 16

AVERAGE MONTHLY: 61.9   TOTAL FOR MONTH:   0.08    1 = FOG OR MIST
DPTR FM NORMAL:  -1.1   DPTR FM NORMAL:   -0.27    2 = FOG REDUCING VISIBILITY
HIGHEST:    95 ON  7    GRTST 24HR  0.08 ON 20-20      TO 1/4 MILE OR LESS
LOWEST:     31 ON 13                               3 = THUNDER
                        SNOW, ICE PELLETS, HAIL    4 = ICE PELLETS
                        TOTAL MONTH:   0.0 INCH    5 = HAIL
                        GRTST 24HR     0.0         6 = FREEZING RAIN OR DRIZZLE
                        GRTST DEPTH:   0           7 = DUSTSTORM OR SANDSTORM:
                                                       VSBY 1/2 MILE OR LESS
                                                   8 = SMOKE OR HAZE
[NO. OF DAYS WITH]      [WEATHER - DAYS WITH]      9 = BLOWING SNOW
                                                   X = TORNADO
MAX 32 OR BELOW:   0    0.01 INCH OR MORE:   1
MAX 90 OR ABOVE:   4    0.10 INCH OR MORE:   0
MIN 32 OR BELOW:   1    0.50 INCH OR MORE:   0
MIN  0 OR BELOW:   0    1.00 INCH OR MORE:   0

[HDD (BASE 65) ]
TOTAL THIS MO.    78    CLEAR  (SCALE 0-3)  21
DPTR FM NORMAL     1    PTCLDY (SCALE 4-7)   1
TOTAL FM JUL 1    95    CLOUDY (SCALE 8-10)  0
DPTR FM NORMAL   -14

[CDD (BASE 65) ]
TOTAL THIS MO.    16
DPTR FM NORMAL   -18    [PRESSURE DATA]
TOTAL FM JAN 1  1340    HIGHEST SLP M ON M
DPTR FM NORMAL   415    LOWEST  SLP 29.66 ON  8

[REMARKS]
