000
CXUS55 KLOX 011155
CF6PRB
PRELIMINARY LOCAL CLIMATOLOGICAL DATA (WS FORM: F-6)

                                          STATION:   PASO ROBLES AIRPORT CA
                                          MONTH:     AUGUST
                                          YEAR:      2015
                                          LATITUDE:   35 40 N
                                          LONGITUDE: 120 38 W

  TEMPERATURE IN F:       :PCPN:    SNOW:  WIND      :SUNSHINE: SKY     :PK WND
================================================================================
1   2   3   4   5  6A  6B    7    8   9   10  11  12  13   14  15   16   17  18
                                     12Z  AVG MX 2MIN
DY MAX MIN AVG DEP HDD CDD  WTR  SNW DPTH SPD SPD DIR MIN PSBL S-S WX    SPD DR
================================================================================

 1  97  60  79   5   0  14 0.00  0.0    0  7.4 24 210   M    M   0        29 200
 2  93  59  76   2   0  11 0.00  0.0    0  9.3 22 210   M    M   0        27 300
 3  89  59  74   0   0   9 0.00  0.0    0 10.5 24 210   M    M   0        30 200
 4  83  56  70  -4   0   5 0.00  0.0    0  7.9 20 210   M    M   0        25 330
 5  86  60  73  -1   0   8 0.00  0.0    0  6.5 14 320   M    M   0        15 200
 6  87  60  74   0   0   9 0.00  0.0    0  7.0 20 210   M    M   0        23 200
 7  80  56  68  -6   0   3 0.00  0.0    0  9.2 22 210   M    M   3        27 210
 8  86  53  70  -4   0   5 0.00  0.0    0  6.9 24 210   M    M   1 1      29 210
 9  91  54  73  -1   0   8 0.00  0.0    0  6.9 24 200   M    M   1        29 200
10  84  58  71  -3   0   6 0.00  0.0    0  9.7 22 210   M    M   2         M  M
11  87  59  73  -1   0   8 0.00  0.0    0  9.1 20 200   M    M   2         M  M
12  93  52  73   0   0   8 0.00  0.0    0  6.7 20 210   M    M   0        25 220
13  94  55  75   2   0  10 0.00  0.0    0  9.3 20 300   M    M   2        23 290
14  98  57  78   5   0  13 0.00  0.0    0  8.3 18 310   M    M   0         M  M
15 104  57  81   8   0  16 0.00  0.0    0  5.0 17 210   M    M   0        21 200
16 107  61  84  11   0  19 0.00  0.0    0  4.8 18 210   M    M   0        24 210
17  99  59  79   6   0  14 0.00  0.0    0  7.6 28 210   M    M   0        34 200
18  89  53  71  -2   0   6 0.00  0.0    0  9.0 22 200   M    M   1 18     27 200
19  90  58  74   1   0   9 0.00  0.0    0  7.8 23 200   M    M   3 1      30 180
20  85  58  72  -1   0   7 0.00  0.0    0  8.9 23 200   M    M   2        30 210
21  84  56  70  -3   0   5 0.00  0.0    0  7.1 24 210   M    M   2 1      27 200
22  85  55  70  -3   0   5 0.00  0.0    0  8.2 23 200   M    M   3 1      28 190
23  93  57  75   2   0  10 0.00  0.0    0  5.8 20 210   M    M   3         M  M
24 102  55  79   6   0  14 0.00  0.0    0  6.4 22 300   M    M   0        27 300
25 103  57  80   7   0  15 0.00  0.0    0  4.8 20 210   M    M   0        23 210
26 105  59  82  10   0  17 0.00  0.0    0  5.3 23 310   M    M   0        28 300
27 105  59  82  10   0  17 0.00  0.0    0  4.6 17 300   M    M   0        22 300
28 105  60  83  11   0  18 0.00  0.0    0  6.0 20 240   M    M   0        24 250
29  96  61  79   7   0  14 0.00  0.0    0  8.5 21 320   M    M   0        29 340
30  92  58  75   3   0  10 0.00  0.0    0 10.7 22 310   M    M   0        28 320
31  94  53  74   2   0   9 0.00  0.0    0  6.2 17 310   M    M   0        25 360
================================================================================
SM 2886 1774         0 322  0.00     0.0 231.4          M       25
================================================================================
AV 93.1 57.2                               7.5 FASTST   M    M   1    MAX(MPH)
                                 MISC ---->  # 28 210               # 34  200
================================================================================
NOTES:
# LAST OF SEVERAL OCCURRENCES

COLUMN 17 PEAK WIND IN M.P.H.

PRELIMINARY LOCAL CLIMATOLOGICAL DATA (WS FORM: F-6) , PAGE 2

                                          STATION:  PASO ROBLES AIRPORT CA
                                          MONTH:    AUGUST
                                          YEAR:     2015
                                          LATITUDE:   35 40 N
                                          LONGITUDE: 120 38 W

[TEMPERATURE DATA]      [PRECIPITATION DATA]       SYMBOLS USED IN COLUMN 16

AVERAGE MONTHLY: 75.2   TOTAL FOR MONTH:   0.00    1 = FOG OR MIST
DPTR FM NORMAL:   2.0   DPTR FM NORMAL:   -0.11    2 = FOG REDUCING VISIBILITY
HIGHEST:   107 ON 16    GRTST 24HR    T  ON 13-14      TO 1/4 MILE OR LESS
LOWEST:     52 ON 12                               3 = THUNDER
                        SNOW, ICE PELLETS, HAIL    4 = ICE PELLETS
                        TOTAL MONTH:   0.0 INCH    5 = HAIL
                        GRTST 24HR     0.0         6 = FREEZING RAIN OR DRIZZLE
                        GRTST DEPTH:   0           7 = DUSTSTORM OR SANDSTORM:
                                                       VSBY 1/2 MILE OR LESS
                                                   8 = SMOKE OR HAZE
[NO. OF DAYS WITH]      [WEATHER - DAYS WITH]      9 = BLOWING SNOW
                                                   X = TORNADO
MAX 32 OR BELOW:   0    0.01 INCH OR MORE:   0
MAX 90 OR ABOVE:  19    0.10 INCH OR MORE:   0
MIN 32 OR BELOW:   0    0.50 INCH OR MORE:   0
MIN  0 OR BELOW:   0    1.00 INCH OR MORE:   0

[HDD (BASE 65) ]
TOTAL THIS MO.     0    CLEAR  (SCALE 0-3)  30
DPTR FM NORMAL    -4    PTCLDY (SCALE 4-7)   1
TOTAL FM JUL 1     0    CLOUDY (SCALE 8-10)  0
DPTR FM NORMAL    -8

[CDD (BASE 65) ]
TOTAL THIS MO.   322
DPTR FM NORMAL    66    [PRESSURE DATA]
TOTAL FM JAN 1   939    HIGHEST SLP M ON M
DPTR FM NORMAL   206    LOWEST  SLP 29.75 ON 16

[REMARKS]
#FINAL-08-15#
