000
CXUS55 KALY 170710
CF6PSF
PRELIMINARY LOCAL CLIMATOLOGICAL DATA (WS FORM: F-6)

                                          STATION:   PITTSFIELD MA
                                          MONTH:     OCTOBER
                                          YEAR:      2017
                                          LATITUDE:   42 25 N
                                          LONGITUDE:  73 18 W

  TEMPERATURE IN F:       :PCPN:    SNOW:  WIND      :SUNSHINE: SKY     :PK WND
================================================================================
1   2   3   4   5  6A  6B    7    8   9   10  11  12  13   14  15   16   17  18
                                     12Z  AVG MX 2MIN
DY MAX MIN AVG DEP HDD CDD  WTR  SNW DPTH SPD SPD DIR MIN PSBL S-S WX    SPD DR
================================================================================

 1  60  38  49  -3  16   0 0.00    M    M  3.7 14 280   M    M   4 12     17 300
 2  67  33  50  -2  15   0 0.00    M    M  1.9  9 300   M    M   2 12     13 330
 3  67  37  52   0  13   0 0.00    M    M  3.8 15 170   M    M   0 12     20 170
 4  72  40  56   5   9   0 0.00    M    M  4.1 13 250   M    M   2 1      18 240
 5  72  52  62  11   3   0 0.00  0.0    0  4.9 16 260   M    M   6        23 270
 6  65  47  56   5   9   0 0.01    M    M  1.7 10 290   M    M   7 1      13 300
 7  74  52  63  13   2   0    T    M    M  6.7 17 180   M    M   5 12     27 160
 8  75  62  69  19   0   4 0.22    M    M  7.7 22 190   M    M   8 1      34 180
 9  72  62  67  17   0   2 0.82    M    M  8.4 23 180   M    M  10 1      36 190
10  71  54  63  14   2   0 0.00    M    M  8.2 20 280   M    M   4        26 270
11  68  48  58   9   7   0 0.06    M    M  4.8 10  40   M    M   4 1      16 120
12  60  38  49   0  16   0 0.03    M    M  6.8 15  50   M    M   2        20  60
13  62  34  48   0  17   0 0.00    M    M  4.9 17 110   M    M   4        21 130
14  69  50  60  12   5   0 0.00    M    M  0.9  8 320   M    M   7 12     10 260
15  72  52  62  14   3   0 0.13    M    M 10.4 24 300   M    M   8 12     33 290
16  58  35  47   0  18   0    T    M    M 11.0 29 290   M    M   7        37 290
================================================================================
SM 1084  734       135   6  1.27     0.0  89.9          M       80
================================================================================
AV 67.8 45.9                               5.6 FASTST   M    M   5    MAX(MPH)
                                 MISC ---->    29   M                 37    M
================================================================================
NOTES:
# LAST OF SEVERAL OCCURRENCES

COLUMN 17 PEAK WIND IN M.P.H.

PRELIMINARY LOCAL CLIMATOLOGICAL DATA (WS FORM: F-6) , PAGE 2

                                          STATION:  PITTSFIELD MA
                                          MONTH:    OCTOBER
                                          YEAR:     2017
                                          LATITUDE:   42 25 N
                                          LONGITUDE:  73 18 W

[TEMPERATURE DATA]      [PRECIPITATION DATA]       SYMBOLS USED IN COLUMN 16

AVERAGE MONTHLY: 56.8   TOTAL FOR MONTH:   1.27    1 = FOG OR MIST
DPTR FM NORMAL:   7.0   DPTR FM NORMAL:   -1.44    2 = FOG REDUCING VISIBILITY
HIGHEST:    75 ON  8    GRTST 24HR  0.82 ON  9- 9      TO 1/4 MILE OR LESS
LOWEST:     33 ON  2                               3 = THUNDER
                        SNOW, ICE PELLETS, HAIL    4 = ICE PELLETS
                        TOTAL MONTH:   0.0 INCH    5 = HAIL
                        GRTST 24HR     0.0         6 = FREEZING RAIN OR DRIZZLE
                        GRTST DEPTH:   0           7 = DUSTSTORM OR SANDSTORM:
                                                       VSBY 1/2 MILE OR LESS
                                                   8 = SMOKE OR HAZE
[NO. OF DAYS WITH]      [WEATHER - DAYS WITH]      9 = BLOWING SNOW
                                                   X = TORNADO
MAX 32 OR BELOW:   0    0.01 INCH OR MORE:   6
MAX 90 OR ABOVE:   0    0.10 INCH OR MORE:   3
MIN 32 OR BELOW:   0    0.50 INCH OR MORE:   1
MIN  0 OR BELOW:   0    1.00 INCH OR MORE:   0

[HDD (BASE 65) ]
TOTAL THIS MO.   135    CLEAR  (SCALE 0-3)   4
DPTR FM NORMAL  -108    PTCLDY (SCALE 4-7)  11
TOTAL FM JUL 1   357    CLOUDY (SCALE 8-10)  1
DPTR FM NORMAL  -178

[CDD (BASE 65) ]
TOTAL THIS MO.     6
DPTR FM NORMAL     6    [PRESSURE DATA]
TOTAL FM JAN 1   349    HIGHEST SLP M ON M
DPTR FM NORMAL    60    LOWEST  SLP 29.64 ON 15

[REMARKS]
