000
CXUS55 KPUB 281059
CF6PUB
PRELIMINARY LOCAL CLIMATOLOGICAL DATA (WS FORM: F-6)

                                          STATION:   PUEBLO CO
                                          MONTH:     APRIL
                                          YEAR:      2017
                                          LATITUDE:   38 16 N
                                          LONGITUDE: 104 31 W

  TEMPERATURE IN F:       :PCPN:    SNOW:  WIND      :SUNSHINE: SKY     :PK WND
================================================================================
1   2   3   4   5  6A  6B    7    8   9   10  11  12  13   14  15   16   17  18
                                     12Z  AVG MX 2MIN
DY MAX MIN AVG DEP HDD CDD  WTR  SNW DPTH SPD SPD DIR MIN PSBL S-S WX    SPD DR
================================================================================

 1  44  33  39  -7  26   0 0.25    T    0  5.2 13  40   M    M   8 1      16  30
 2  61  30  46  -1  19   0 0.00  0.0    0  4.7 14 360   M    M   5 12     18  10
 3  61  35  48   1  17   0 0.31    T    0  9.9 35  50   M    M   2 1      42  50
 4  40  33  37 -10  28   0 1.14  5.6    4  7.0 16 340   M    M  10 128    21  20
 5  52  30  41  -6  24   0 0.00  0.0    3  5.1 14 190   M    M   1        19 200
 6  64  30  47  -1  18   0 0.00  0.0    0  5.8 17 190   M    M   0        20 180
 7  81  36  59  11   6   0 0.00  0.0    0  7.5 23 250   M    M   0        33 240
 8  82  46  64  16   1   0 0.00  0.0    0 10.0 33 240   M    M   0        40 240
 9  72  46  59  11   6   0 0.00  0.0    0 20.5 33 240   M    M   0        42 240
10  65  28  47  -2  18   0 0.00  0.0    0  9.0 23 110   M    M   0        29 110
11  74  29  52   3  13   0 0.00  0.0    0  7.2 22 140   M    M   0        28 150
12  81  37  59  10   6   0 0.00  0.0    0  7.0 23  80   M    M   0        28  80
13  78  45  62  12   3   0 0.00  0.0    0  9.3 23 120   M    M   0        27 110
14  87  41  64  14   1   0 0.00  0.0    0  8.4 25 240   M    M   0        33 240
15  77  43  60  10   5   0 0.00  0.0    0  7.2 21  60   M    M   0        26  60
16  72  43  58   8   7   0 0.00  0.0    0  8.3 21 120   M    M   2        26 110
17  78  52  65  14   0   0 0.01  0.0    0  7.0 20 100   M    M   4 1      24  90
18  79  44  62  11   3   0 0.00  0.0    0  7.7 21 130   M    M   0        26 130
19  84  43  64  12   1   0 0.00  0.0    0 14.3 43 290   M    M   1        49 300
20  65  47  56   4   9   0 0.35  0.0    0 11.5 26 160   M    M   8 13     37 170
21  61  41  51  -1  14   0 0.18  0.0    0 10.5 31  40   M    M   7 1      36  40
22  56  39  48  -4  17   0 0.10  0.0    0  5.0 12 110   M    M   6        14 130
23  78  34  56   3   9   0 0.00  0.0    0  3.1 13 130   M    M   0        20 100
24  78  43  61   8   4   0 0.00  0.0    0  8.7 28 250   M    M   0        36 240
25  56  42  49  -5  16   0 0.38  0.0    0  9.6 23  10   M    M   6 1      29  20
26  60  34  47  -7  18   0 0.00  0.0    0  5.5 16 140   M    M   2        22 290
27  70  39  55   1  10   0 0.00  0.0    0  9.1 35 260   M    M   2        44 260
================================================================================
SM 1856 1043       299   0  2.72     5.6 224.1          M       64
================================================================================
AV 68.7 38.6                               8.3 FASTST   M    M   2    MAX(MPH)
                                 MISC ---->  # 43 290               # 49  300
================================================================================
NOTES:
# LAST OF SEVERAL OCCURRENCES

COLUMN 17 PEAK WIND IN M.P.H.

PRELIMINARY LOCAL CLIMATOLOGICAL DATA (WS FORM: F-6) , PAGE 2

                                          STATION:  PUEBLO CO
                                          MONTH:    APRIL
                                          YEAR:     2017
                                          LATITUDE:   38 16 N
                                          LONGITUDE: 104 31 W

[TEMPERATURE DATA]      [PRECIPITATION DATA]       SYMBOLS USED IN COLUMN 16

AVERAGE MONTHLY: 53.7   TOTAL FOR MONTH:   2.72    1 = FOG OR MIST
DPTR FM NORMAL:   3.6   DPTR FM NORMAL:    1.49    2 = FOG REDUCING VISIBILITY
HIGHEST:    87 ON 14    GRTST 24HR  1.45 ON  3- 4      TO 1/4 MILE OR LESS
LOWEST:     28 ON 10                               3 = THUNDER
                        SNOW, ICE PELLETS, HAIL    4 = ICE PELLETS
                        TOTAL MONTH:   5.6 INCHES  5 = HAIL
                        GRTST 24HR   5.6 ON   M    6 = FREEZING RAIN OR DRIZZLE
                        GRTST DEPTH:   4 ON  4     7 = DUSTSTORM OR SANDSTORM:
                                                       VSBY 1/2 MILE OR LESS
                                                   8 = SMOKE OR HAZE
[NO. OF DAYS WITH]      [WEATHER - DAYS WITH]      9 = BLOWING SNOW
                                                   X = TORNADO
MAX 32 OR BELOW:   0    0.01 INCH OR MORE:   8
MAX 90 OR ABOVE:   0    0.10 INCH OR MORE:   7
MIN 32 OR BELOW:   5    0.50 INCH OR MORE:   1
MIN  0 OR BELOW:   0    1.00 INCH OR MORE:   1

[HDD (BASE 65) ]
TOTAL THIS MO.   299    CLEAR  (SCALE 0-3)  19
DPTR FM NORMAL  -106    PTCLDY (SCALE 4-7)   6
TOTAL FM JUL 1  4275    CLOUDY (SCALE 8-10)  2
DPTR FM NORMAL -1135

[CDD (BASE 65) ]
TOTAL THIS MO.     0
DPTR FM NORMAL     0    [PRESSURE DATA]
TOTAL FM JAN 1     0    HIGHEST SLP M ON M
DPTR FM NORMAL     0    LOWEST  SLP 29.38 ON 25

[REMARKS]
