000
CXUS54 KOUN 300800
CF6PWA
PRELIMINARY LOCAL CLIMATOLOGICAL DATA (WS FORM: F-6)

                                          STATION:   BETHANY/WILEY POST
                                          MONTH:     MARCH
                                          YEAR:      2015
                                          LATITUDE:   35 31 N
                                          LONGITUDE:  97 38 W

  TEMPERATURE IN F:       :PCPN:    SNOW:  WIND      :SUNSHINE: SKY     :PK WND
================================================================================
1   2   3   4   5  6A  6B    7    8   9   10  11  12  13   14  15   16   17  18
                                     12Z  AVG MX 2MIN
DY MAX MIN AVG DEP HDD CDD  WTR  SNW DPTH SPD SPD DIR MIN PSBL S-S WX    SPD DR
================================================================================

 1  34  27  31 -15  34   0 0.00  0.0    0  6.1 14  30   M    M   9 18     18  20
 2  38  23  31 -15  34   0 0.00  0.0    0  8.2 21 180   M    M   9 18     24 190
 3  56  38  47   1  18   0    T    M    0 14.1 26 190   M    M   6 18     33 190
 4  43  19  31 -16  34   0 0.05    M    0 18.5 30  20   M    M  10 1268   39 360
 5  42   7  25 -22  40   0 0.00  0.0    0  5.9 13 200   M    M   0 18     17 220
 6  57  29  43  -5  22   0 0.00  0.0    0 14.1 22 200   M    M   0        26 210
 7  68  35  52   4  13   0 0.00  0.0    0 11.8 17 210   M    M   0        21 210
 8  66  45  56   8   9   0 0.00  0.0    0 10.5 18 170   M    M   3        24 160
 9  50  47  49   1  16   0 0.44  0.0    0  5.4 10  60   M    M   9 1      14 170
10  67  43  55   6  10   0 0.01  0.0    0  3.7 10 360   M    M   5 18     14 350
11  75  40  58   9   7   0 0.00  0.0    0  4.6 10 150   M    M   0 128    13 150
12  74  40  57   8   8   0 0.00  0.0    0  5.8 15  80   M    M   0        18  90
13  60  44  52   2  13   0 0.23  0.0    0  8.1 18  40   M    M   5 18     22  40
14  69  45  57   7   8   0 0.00  0.0    0 10.8 21  10   M    M   1        28  20
15  73  36  55   5  10   0 0.00  0.0    0  4.6 13 150   M    M   1        16 160
16  79  51  65  14   0   0 0.00  0.0    0 14.8 24 200   M    M   0 1      30 200
17  68  53  61  10   4   0    T  0.0    0 13.8 30 350   M    M   0        38 350
18  61  47  54   3  11   0 0.02  0.0    0  5.3 12 360   M    M   8 18     14  20
19  53  47  50  -2  15   0 0.74  0.0    0  9.2 16  10   M    M  10 123    21  10
20  59  42  51  -1  14   0    T  0.0    0  4.3 16  10   M    M   2 18     18  10
21  66  43  55   3  10   0 0.00  0.0    0  4.1 13 210   M    M   2 18     16 220
22  73  50  62  10   3   0 0.00  0.0    0  6.9 13 220   M    M   4        20 210
23  78  50  64  11   1   0 0.00  0.0    0 14.7 25 170   M    M   0        32 170
24  79  51  65  12   0   0 0.00  0.0    0 14.2 28 330   M    M   0        35 200
25  84  46  65  12   0   0 0.61  0.0    0 15.3 49 320   M    M   3 138    60 330
26  61  39  50  -4  15   0 0.00  0.0    0 14.7 31 360   M    M   2        41 350
27  57  43  50  -4  15   0    T  0.0    0  9.5 24  20   M    M   4        31  20
28  77  47  62   8   3   0 0.00  0.0    0 10.7 22 210   M    M   0        28 200
29  76  48  62   8   3   0 0.00  0.0    0 13.1 28 170   M    M   0        37 160
================================================================================
SM 1843 1175       370   0  2.10     0.0 282.8          M       93
================================================================================
AV 63.6 40.5                               9.8 FASTST   M    M   3    MAX(MPH)
                                 MISC ---->  # 49 320               # 60  330
================================================================================
NOTES:
# LAST OF SEVERAL OCCURRENCES

COLUMN 17 PEAK WIND IN M.P.H.

PRELIMINARY LOCAL CLIMATOLOGICAL DATA (WS FORM: F-6) , PAGE 2

                                          STATION:  BETHANY/WILEY POST
                                          MONTH:    MARCH
                                          YEAR:     2015
                                          LATITUDE:   35 31 N
                                          LONGITUDE:  97 38 W

[TEMPERATURE DATA]      [PRECIPITATION DATA]       SYMBOLS USED IN COLUMN 16

AVERAGE MONTHLY: 52.0   TOTAL FOR MONTH:   2.10    1 = FOG OR MIST
DPTR FM NORMAL:   1.8   DPTR FM NORMAL:   -0.42    2 = FOG REDUCING VISIBILITY
HIGHEST:    84 ON 25    GRTST 24HR  0.74 ON 19-19      TO 1/4 MILE OR LESS
LOWEST:      7 ON  5                               3 = THUNDER
                        SNOW, ICE PELLETS, HAIL    4 = ICE PELLETS
                        TOTAL MONTH:   0.0 INCH    5 = HAIL
                        GRTST 24HR     0.0         6 = FREEZING RAIN OR DRIZZLE
                        GRTST DEPTH:   0           7 = DUSTSTORM OR SANDSTORM:
                                                       VSBY 1/2 MILE OR LESS
                                                   8 = SMOKE OR HAZE
[NO. OF DAYS WITH]      [WEATHER - DAYS WITH]      9 = BLOWING SNOW
                                                   X = TORNADO
MAX 32 OR BELOW:   0    0.01 INCH OR MORE:   7
MAX 90 OR ABOVE:   0    0.10 INCH OR MORE:   4
MIN 32 OR BELOW:   5    0.50 INCH OR MORE:   2
MIN  0 OR BELOW:   0    1.00 INCH OR MORE:   0

[HDD (BASE 65) ]
TOTAL THIS MO.   370    CLEAR  (SCALE 0-3)  16
DPTR FM NORMAL   -65    PTCLDY (SCALE 4-7)   7
TOTAL FM JUL 1  3249    CLOUDY (SCALE 8-10)  6
DPTR FM NORMAL  -118

[CDD (BASE 65) ]
TOTAL THIS MO.     0
DPTR FM NORMAL     0    [PRESSURE DATA]
TOTAL FM JAN 1     0    HIGHEST SLP M ON M
DPTR FM NORMAL    -1    LOWEST  SLP 29.58 ON 25

[REMARKS]
