000
CXUS54 KFWD 290730
CF6PWG
PRELIMINARY LOCAL CLIMATOLOGICAL DATA (WS FORM: F-6)

                                          STATION:   WACO MCGREGOR
                                          MONTH:     JUNE
                                          YEAR:      2015
                                          LATITUDE:   31 28 N
                                          LONGITUDE:  97 19 W

  TEMPERATURE IN F:       :PCPN:    SNOW:  WIND      :SUNSHINE: SKY     :PK WND
================================================================================
1   2   3   4   5  6A  6B    7    8   9   10  11  12  13   14  15   16   17  18
                                     12Z  AVG MX 2MIN
DY MAX MIN AVG DEP HDD CDD  WTR  SNW DPTH SPD SPD DIR MIN PSBL S-S WX    SPD DR
================================================================================

 1  88  61  75  -2   0  10 0.00  0.0    0  3.1  8 110   M    M   1         M  M
 2  90  66  78   1   0  13 0.00  0.0    0  5.6 12 150   M    M   1         M  M
 3  90  66  78   1   0  13 0.00  0.0    0  8.7 14 150   M    M   0        20 170
 4  91  66  79   2   0  14 0.00  0.0    0  7.1 13 150   M    M   1        17 120
 5  91  66  79   1   0  14 0.00  0.0    0  5.1 10 120   M    M   0        16 140
 6  93  68  81   3   0  16 0.00  0.0    0  4.3  9 180   M    M   1         M  M
 7  91  66  79   1   0  14 0.00  0.0    0  6.5 14 160   M    M   1        18 180
 8  97  68  83   5   0  18 0.00  0.0    0  5.2  8 180   M    M   0         M  M
 9  97  70  84   6   0  19 0.00  0.0    0  5.2  9 170   M    M   0         M  M
10  95  70  83   4   0  18 0.00  0.0    0  6.4 13 160   M    M   0        21 200
11  93  72  83   4   0  18 0.00  0.0    0 11.0 17 160   M    M   1        27 180
12  95  73  84   5   0  19 0.00  0.0    0 11.3 16 150   M    M   3        21 170
13  93  73  83   4   0  18 0.00  0.0    0 11.0 16 140   M    M   3        22 140
14  84  75  80   1   0  15 0.00  0.0    0 14.0 20 150   M    M  10 3      29 170
15  91  73  82   2   0  17 0.03  0.0    M  9.7 17 120   M    M   4 3      22 120
16  75  73  74  -6   0   9 0.00  0.0    0  6.3  8  60   M    M   7         M  M
17  90  73  82   2   0  17    M  0.0    0 10.7 20 230   M    M   7 3      28 180
18  91  72  82   2   0  17 0.01  0.0    0  6.8 12 170   M    M   2        18 170
19  93  72  83   3   0  18 0.00  0.0    0  8.1 14 230   M    M   2        20 190
20  84  72  78  -2   0  13 0.00  0.0    0  9.0 15 180   M    M   2 3      23 180
21  88  72  80  -1   0  15 0.05  0.0    0  8.8 16 220   M    M   5        24 220
22  91  72  82   1   0  17 0.00  0.0    0  8.2 16 170   M    M   4        21 180
23  93  72  83   2   0  18 0.00  0.0    0  5.8 12 170   M    M   3         M  M
24  91  72  82   1   0  17 0.00  0.0    0  4.8 10 150   M    M   1 3       M  M
25  93  72  83   2   0  18 0.00  0.0    0  7.4 12 180   M    M   0        17 150
26  93  73  83   2   0  18 0.00  0.0    0  8.1 12 180   M    M   1        22 220
27  90  70  80  -1   0  15 0.30  0.0    0  6.3 13 360   M    M   3 3      17 340
28  91  72  82   0   0  17 0.00  0.0    0  4.2  9 160   M    M   1         M  M
================================================================================
SM 2542 1970         0 445  0.39     0.0 208.7          M       64
================================================================================
AV 90.8 70.4                               7.5 FASTST   M    M   2    MAX(MPH)
                                 MISC ---->    20   M                 29    M
================================================================================
NOTES:
# LAST OF SEVERAL OCCURRENCES

COLUMN 17 PEAK WIND IN M.P.H.

PRELIMINARY LOCAL CLIMATOLOGICAL DATA (WS FORM: F-6) , PAGE 2

                                          STATION:  WACO MCGREGOR
                                          MONTH:    JUNE
                                          YEAR:     2015
                                          LATITUDE:   31 28 N
                                          LONGITUDE:  97 19 W

[TEMPERATURE DATA]      [PRECIPITATION DATA]       SYMBOLS USED IN COLUMN 16

AVERAGE MONTHLY: 80.6   TOTAL FOR MONTH:   0.39    1 = FOG OR MIST
DPTR FM NORMAL:   1.2   DPTR FM NORMAL:   -3.21    2 = FOG REDUCING VISIBILITY
HIGHEST:    97 ON  9, 8 GRTST 24HR  0.30 ON 27-27      TO 1/4 MILE OR LESS
LOWEST:     61 ON  1                               3 = THUNDER
                        SNOW, ICE PELLETS, HAIL    4 = ICE PELLETS
                        TOTAL MONTH:   0.0 INCH    5 = HAIL
                        GRTST 24HR     0.0         6 = FREEZING RAIN OR DRIZZLE
                        GRTST DEPTH:   0           7 = DUSTSTORM OR SANDSTORM:
                                                       VSBY 1/2 MILE OR LESS
                                                   8 = SMOKE OR HAZE
[NO. OF DAYS WITH]      [WEATHER - DAYS WITH]      9 = BLOWING SNOW
                                                   X = TORNADO
MAX 32 OR BELOW:   0    0.01 INCH OR MORE:   4
MAX 90 OR ABOVE:  23    0.10 INCH OR MORE:   1
MIN 32 OR BELOW:   0    0.50 INCH OR MORE:   0
MIN  0 OR BELOW:   0    1.00 INCH OR MORE:   0

[HDD (BASE 65) ]
TOTAL THIS MO.     0    CLEAR  (SCALE 0-3)  21
DPTR FM NORMAL     0    PTCLDY (SCALE 4-7)   6
TOTAL FM JUL 1  2187    CLOUDY (SCALE 8-10)  1
DPTR FM NORMAL  -156

[CDD (BASE 65) ]
TOTAL THIS MO.   445
DPTR FM NORMAL    43    [PRESSURE DATA]
TOTAL FM JAN 1   881    HIGHEST SLP M ON M
DPTR FM NORMAL   122    LOWEST  SLP M ON M

[REMARKS]
