984
CXUS51 KGYX 191306
CF6PWM
PRELIMINARY LOCAL CLIMATOLOGICAL DATA (WS FORM: F-6)

                                          STATION:   PORTLAND ME
                                          MONTH:     JANUARY
                                          YEAR:      2018
                                          LATITUDE:   43 39 N
                                          LONGITUDE:  70 19 W

  TEMPERATURE IN F:       :PCPN:    SNOW:  WIND      :SUNSHINE: SKY     :PK WND
================================================================================
1   2   3   4   5  6A  6B    7    8   9   10  11  12  13   14  15   16   17  18
                                     12Z  AVG MX 2MIN
DY MAX MIN AVG DEP HDD CDD  WTR  SNW DPTH SPD SPD DIR MIN PSBL S-S WX    SPD DR
================================================================================

 1  10 -17  -3 -27  68   0    T    T    9  5.4 18 330   M    M   0 18     26 330
 2  12 -16  -2 -26  67   0 0.00  0.0    9  6.0 13 290   M    M   2        16 290
 3  26   7  17  -6  48   0 0.00  0.0    8  4.0 13 180   M    M   3        22 170
 4  30   4  17  -6  48   0 0.62 11.9    8 16.8 37 300   M    M   9 129    52 310
 5  24   0  12 -11  53   0 0.01  0.1   16 15.6 28 290   M    M   8 89     42 300
 6   4  -5   0 -23  65   0    T    T   16 13.7 24 300   M    M   6 89     31 290
 7  14 -12   1 -22  64   0    T    T   15  5.6 13 210   M    M   4        17 220
 8  30  11  21  -1  44   0 0.02  0.1   15  7.2 15 200   M    M  10 1      21 200
 9  39  20  30   8  35   0 0.00  0.0   14 10.2 28 280   M    M   4        36 300
10  34  10  22   0  43   0 0.00  0.0   14  6.3 17 190   M    M   2        22 190
11  47  32  40  18  25   0    T  0.0   14  7.9 15 190   M    M   9 1      20 190
12  49  39  44  22  21   0 0.59  0.0   11 14.1 25 180   M    M   9 12     35 180
13  50  16  33  11  32   0 0.73  0.0    2 15.5 28 180   M    M   7 12     40 190
14  20   9  15  -7  50   0    T    T    1  8.8 16 320   M    M   3        23 340
15  17   3  10 -12  55   0 0.01  0.3    1 10.2 17 340   M    M   6 1      25  60
16  27  14  21  -1  44   0 0.03  0.5    2  3.6 14  50   M    M   8 18     19 100
17  29  25  27   5  38   0 0.41  6.0    5  5.0 12  60   M    M  10 1      17 140
18  30  13  22   0  43   0 0.00  0.0    6  5.0  8 320   M    M   2 1       M  M
================================================================================
SM  492  153       843   0  2.42    18.9 160.9          M      102
================================================================================
AV 27.3  8.5                               8.9 FASTST   M    M   6    MAX(MPH)
                                 MISC ---->  # 37 300               # 52  310
================================================================================
NOTES:
# LAST OF SEVERAL OCCURRENCES

COLUMN 17 PEAK WIND IN M.P.H.

PRELIMINARY LOCAL CLIMATOLOGICAL DATA (WS FORM: F-6) , PAGE 2

                                          STATION:  PORTLAND ME
                                          MONTH:    JANUARY
                                          YEAR:     2018
                                          LATITUDE:   43 39 N
                                          LONGITUDE:  70 19 W

[TEMPERATURE DATA]      [PRECIPITATION DATA]       SYMBOLS USED IN COLUMN 16

AVERAGE MONTHLY: 17.9   TOTAL FOR MONTH:   2.42    1 = FOG OR MIST
DPTR FM NORMAL:  -4.6   DPTR FM NORMAL:    0.44    2 = FOG REDUCING VISIBILITY
HIGHEST:    50 ON 13    GRTST 24HR  0.73 ON 13-13      TO 1/4 MILE OR LESS
LOWEST:    -17 ON  1                               3 = THUNDER
                        SNOW, ICE PELLETS, HAIL    4 = ICE PELLETS
                        TOTAL MONTH:  18.9 INCHES  5 = HAIL
                        GRTST 24HR  11.9 ON  4- 4  6 = FREEZING RAIN OR DRIZZLE
                        GRTST DEPTH:  16 ON  6, 5  7 = DUSTSTORM OR SANDSTORM:
                                                       VSBY 1/2 MILE OR LESS
                                                   8 = SMOKE OR HAZE
[NO. OF DAYS WITH]      [WEATHER - DAYS WITH]      9 = BLOWING SNOW
                                                   X = TORNADO
MAX 32 OR BELOW:  13    0.01 INCH OR MORE:   8
MAX 90 OR ABOVE:   0    0.10 INCH OR MORE:   4
MIN 32 OR BELOW:  17    0.50 INCH OR MORE:   3
MIN  0 OR BELOW:   5    1.00 INCH OR MORE:   0

[HDD (BASE 65) ]
TOTAL THIS MO.   843    CLEAR  (SCALE 0-3)   5
DPTR FM NORMAL    79    PTCLDY (SCALE 4-7)   7
TOTAL FM JUL 1  3291    CLOUDY (SCALE 8-10)  6
DPTR FM NORMAL   -85

[CDD (BASE 65) ]
TOTAL THIS MO.     0
DPTR FM NORMAL     0    [PRESSURE DATA]
TOTAL FM JAN 1     0    HIGHEST SLP M ON M
DPTR FM NORMAL     0    LOWEST  SLP 29.00 ON  4

[REMARKS]
