000
CXUS53 KUNR 280945
CF6RAP
PRELIMINARY LOCAL CLIMATOLOGICAL DATA (WS FORM: F-6)

                                          STATION:   RAPID CITY AIRPORT SD
                                          MONTH:     NOVEMBER
                                          YEAR:      2014
                                          LATITUDE:   44  2 N
                                          LONGITUDE: 103  4 W

  TEMPERATURE IN F:       :PCPN:    SNOW:  WIND      :SUNSHINE: SKY     :PK WND
================================================================================
1   2   3   4   5  6A  6B    7    8   9   10  11  12  13   14  15   16   17  18
                                     12Z  AVG MX 2MIN
DY MAX MIN AVG DEP HDD CDD  WTR  SNW DPTH SPD SPD DIR MIN PSBL S-S WX    SPD DR
================================================================================

 1  61  32  47   6  18   0 0.00  0.0    0  9.5 24 170   M    M   0 8      32 190
 2  64  36  50   9  15   0 0.00  0.0    0  9.0 21 360   M    M   1        27 360
 3  52  27  40   0  25   0 0.00  0.0    0 14.9 26 310   M    M   3        35 340
 4  61  27  44   4  21   0 0.00  0.0    0  5.6 15 340   M    M   0        19 340
 5  56  32  44   4  21   0 0.01    M    0 14.6 36 320   M    M   4        45 320
 6  64  28  46   7  19   0 0.00  0.0    0  6.1 18 130   M    M   2        23 140
 7  63  35  49  10  16   0    T  0.0    0 22.2 44 330   M    M   3        57 320
 8  62  27  45   7  20   0 0.00  0.0    0  6.5 17 360   M    M   0        22 360
 9  53  30  42   4  23   0 0.00  0.0    0  6.9 21  30   M    M   4 12     26  30
10  30  12  21 -16  44   0 0.30  5.0    1 21.7 30 330   M    M  10 12689  36 350
11  12  -2   5 -32  60   0    T    T    4 21.9 30 350   M    M   6 89     36 350
12  11  -8   2 -34  63   0 0.00  0.0    4 16.4 29 330   M    M   0 89     36 320
13  11 -14  -1 -37  66   0 0.00  0.0    4  6.4 15 150   M    M   0        17 150
14   9  -9   0 -35  65   0 0.11  3.4    4  9.8 22 360   M    M   5 18     25 350
15  10 -12  -1 -36  66   0 0.09  2.6    9 16.6 33 350   M    M   6 19     39 350
16  26 -13   7 -27  58   0 0.11  1.5    8 22.4 45 340   M    M   6 1289   54 330
17  16  -3   7 -27  58   0    T    T    5 15.8 33 330   M    M   4 9      41 330
18  43  -2  21 -12  44   0 0.00  0.0    2 12.0 38 340   M    M   1        46 330
19  31  14  23 -10  42   0 0.00  0.0    2 12.1 31 340   M    M   7        39 340
20  26   9  18 -14  47   0 0.00  0.0    1  2.9 10 140   M    M   3 128    12 150
21  51  18  35   3  30   0 0.00  0.0    1  2.8  9 210   M    M   0        11 280
22  56  22  39   8  26   0    T  0.0    0  8.9 38 330   M    M   3        47 330
23  43  30  37   6  28   0 0.00  0.0    0 25.3 48 320   M    M   3        60 330
24  33  14  24  -6  41   0 0.16  2.5    2  9.3 30 320   M    M   5 19     38 330
25  38  18  28  -2  37   0    T  0.0    2 14.8 38 340   M    M   7        47 340
26  31  24  28  -2  37   0    T    T    1  7.5 26 350   M    M  10 18     36 350
27  43  19  31   2  34   0 0.00  0.0    0  6.2 14 140   M    M   5 1      16 160
================================================================================
SM 1056  391      1024   0  0.78    15.0 328.1          M       98
================================================================================
AV 39.1 14.5                              12.2 FASTST   M    M   4    MAX(MPH)
                                 MISC ---->  # 48 320               # 60  330
================================================================================
NOTES:
# LAST OF SEVERAL OCCURRENCES

COLUMN 17 PEAK WIND IN M.P.H.

PRELIMINARY LOCAL CLIMATOLOGICAL DATA (WS FORM: F-6) , PAGE 2

                                          STATION:  RAPID CITY AIRPORT SD
                                          MONTH:    NOVEMBER
                                          YEAR:     2014
                                          LATITUDE:   44  2 N
                                          LONGITUDE: 103  4 W

[TEMPERATURE DATA]      [PRECIPITATION DATA]       SYMBOLS USED IN COLUMN 16

AVERAGE MONTHLY: 26.8   TOTAL FOR MONTH:   0.78    1 = FOG OR MIST
DPTR FM NORMAL:  -8.4   DPTR FM NORMAL:    0.28    2 = FOG REDUCING VISIBILITY
HIGHEST:    64 ON  6, 2 GRTST 24HR  0.30 ON 10-10      TO 1/4 MILE OR LESS
LOWEST:    -14 ON 13                               3 = THUNDER
                        SNOW, ICE PELLETS, HAIL    4 = ICE PELLETS
                        TOTAL MONTH:  15.0 INCHES  5 = HAIL
                        GRTST 24HR   5.0 ON 10-10  6 = FREEZING RAIN OR DRIZZLE
                        GRTST DEPTH:   9 ON 15     7 = DUSTSTORM OR SANDSTORM:
                                                       VSBY 1/2 MILE OR LESS
                                                   8 = SMOKE OR HAZE
[NO. OF DAYS WITH]      [WEATHER - DAYS WITH]      9 = BLOWING SNOW
                                                   X = TORNADO
MAX 32 OR BELOW:  11    0.01 INCH OR MORE:   6
MAX 90 OR ABOVE:   0    0.10 INCH OR MORE:   4
MIN 32 OR BELOW:  25    0.50 INCH OR MORE:   0
MIN  0 OR BELOW:   8    1.00 INCH OR MORE:   0

[HDD (BASE 65) ]
TOTAL THIS MO.  1024    CLEAR  (SCALE 0-3)  14
DPTR FM NORMAL   221    PTCLDY (SCALE 4-7)  11
TOTAL FM JUL 1  1696    CLOUDY (SCALE 8-10)  2
DPTR FM NORMAL   131

[CDD (BASE 65) ]
TOTAL THIS MO.     0
DPTR FM NORMAL     0    [PRESSURE DATA]
TOTAL FM JAN 1   424    HIGHEST SLP M ON M
DPTR FM NORMAL  -212    LOWEST  SLP 29.40 ON 22

[REMARKS]
