000
CXUS54 KFWD 280730
CF6RBD
PRELIMINARY LOCAL CLIMATOLOGICAL DATA (WS FORM: F-6)

                                          STATION:   DALLAS EXECUTIVE
                                          MONTH:     FEBRUARY
                                          YEAR:      2017
                                          LATITUDE:   32 40 N
                                          LONGITUDE:  96 52 W

  TEMPERATURE IN F:       :PCPN:    SNOW:  WIND      :SUNSHINE: SKY     :PK WND
================================================================================
1   2   3   4   5  6A  6B    7    8   9   10  11  12  13   14  15   16   17  18
                                     12Z  AVG MX 2MIN
DY MAX MIN AVG DEP HDD CDD  WTR  SNW DPTH SPD SPD DIR MIN PSBL S-S WX    SPD DR
================================================================================

 1  79  54  67  19   0   2 0.00  0.0    0  9.1 21 330   M    M   0        25 320
 2  54  42  48   0  17   0 0.00  0.0    0 13.8 22 350   M    M   7        27 350
 3  53  41  47  -1  18   0 0.00  0.0    0  8.8 16  40   M    M   7        21  40
 4  51  44  48   0  17   0    T  0.0    0  8.7 15 140   M    M  10 1      19 130
 5  76  48  62  14   3   0 0.00  0.0    0  8.6 17 170   M    M   6 18     26 140
 6  80  66  73  25   0   8 0.00  0.0    0 10.6 18 180   M    M   6        29 190
 7  79  58  69  20   0   4 0.00  0.0    0  9.3 18 260   M    M   0        26 210
 8  71  46  59  10   6   0 0.00  0.0    0 14.1 30 330   M    M   0        37 320
 9  60  35  48  -1  17   0 0.00  0.0    0  7.6 16 350   M    M   0        20 360
10  75  43  59  10   6   0 0.00  0.0    0 11.0 20 180   M    M   2        32 180
11  86  64  75  26   0  10 0.00  0.0    0  9.7 17 190   M    M   3 18     26 170
12  74  60  67  17   0   2 0.00  0.0    0 12.8 22  20   M    M   6 18     28  30
13  67  50  59   9   6   0 0.13  0.0    0 10.9 18 110   M    M  10 13     26 100
14  50  42  46  -4  19   0 1.12  0.0    0 15.2 26 310   M    M  10 13     33 310
15  59  39  49  -1  16   0 0.00  0.0    0  9.5 18 320   M    M   1        25 320
16  67  36  52   2  13   0 0.00  0.0    0  6.2 13 160   M    M   0        17 160
17  70  50  60  10   5   0 0.00  0.0    0 10.4 18 140   M    M   1        27 170
18  81  58  70  19   0   5 0.00  0.0    0  7.3 17 170   M    M   4 1      27 160
19  75  56  66  15   0   1    T  0.0    0 11.8 23 140   M    M   7 128    29 140
20  70  56  63  12   2   0 0.97  0.0    0  8.4 29 290   M    M   6 13     38 280
21  75  51  63  12   2   0 0.00  0.0    0  9.2 23 320   M    M   1 12     27 320
22  82  46  64  12   1   0 0.00  0.0    0  6.4 15 180   M    M   0        20 180
23  86  57  72  20   0   7 0.00  0.0    0 11.0 24 170   M    M   0        40 160
24  69  48  59   7   6   0 0.00  0.0    0 13.5 28 320   M    M   0        32 320
25  55  36  46  -6  19   0 0.00  0.0    0  6.9 21  20   M    M   0        26  30
26  62  35  49  -4  16   0    T  0.0    0  6.9 18 170   M    M   5        25 160
27  80  57  69  16   0   4    T  0.0    0  6.4 16 170   M    M   6 13     24 160
================================================================================
SM 1886 1318       189  43  2.22     0.0 264.1          M       98
================================================================================
AV 69.9 48.8                               9.8 FASTST   M    M   4    MAX(MPH)
                                 MISC ---->  # 30 330               # 40  160
================================================================================
NOTES:
# LAST OF SEVERAL OCCURRENCES

COLUMN 17 PEAK WIND IN M.P.H.

PRELIMINARY LOCAL CLIMATOLOGICAL DATA (WS FORM: F-6) , PAGE 2

                                          STATION:  DALLAS EXECUTIVE
                                          MONTH:    FEBRUARY
                                          YEAR:     2017
                                          LATITUDE:   32 40 N
                                          LONGITUDE:  96 52 W

[TEMPERATURE DATA]      [PRECIPITATION DATA]       SYMBOLS USED IN COLUMN 16

AVERAGE MONTHLY: 59.3   TOTAL FOR MONTH:   2.22    1 = FOG OR MIST
DPTR FM NORMAL:   9.3   DPTR FM NORMAL:   -0.48    2 = FOG REDUCING VISIBILITY
HIGHEST:    86 ON 23,11 GRTST 24HR  1.25 ON 13-14      TO 1/4 MILE OR LESS
LOWEST:     35 ON 26, 9                            3 = THUNDER
                        SNOW, ICE PELLETS, HAIL    4 = ICE PELLETS
                        TOTAL MONTH:   0.0 INCH    5 = HAIL
                        GRTST 24HR     0.0         6 = FREEZING RAIN OR DRIZZLE
                        GRTST DEPTH:   0           7 = DUSTSTORM OR SANDSTORM:
                                                       VSBY 1/2 MILE OR LESS
                                                   8 = SMOKE OR HAZE
[NO. OF DAYS WITH]      [WEATHER - DAYS WITH]      9 = BLOWING SNOW
                                                   X = TORNADO
MAX 32 OR BELOW:   0    0.01 INCH OR MORE:   3
MAX 90 OR ABOVE:   0    0.10 INCH OR MORE:   3
MIN 32 OR BELOW:   0    0.50 INCH OR MORE:   2
MIN  0 OR BELOW:   0    1.00 INCH OR MORE:   1

[HDD (BASE 65) ]
TOTAL THIS MO.   189    CLEAR  (SCALE 0-3)  14
DPTR FM NORMAL  -218    PTCLDY (SCALE 4-7)  10
TOTAL FM JUL 1  1210    CLOUDY (SCALE 8-10)  3
DPTR FM NORMAL  -663

[CDD (BASE 65) ]
TOTAL THIS MO.    43
DPTR FM NORMAL    43    [PRESSURE DATA]
TOTAL FM JAN 1    53    HIGHEST SLP M ON M
DPTR FM NORMAL    51    LOWEST  SLP 29.42 ON 23

[REMARKS]
