000
CXUS54 KFWD 200730
CF6RBD
PRELIMINARY LOCAL CLIMATOLOGICAL DATA (WS FORM: F-6)

                                          STATION:   DALLAS EXECUTIVE
                                          MONTH:     SEPTEMBER
                                          YEAR:      2014
                                          LATITUDE:   32 40 N
                                          LONGITUDE:  96 52 W

  TEMPERATURE IN F:       :PCPN:    SNOW:  WIND      :SUNSHINE: SKY     :PK WND
================================================================================
1   2   3   4   5  6A  6B    7    8   9   10  11  12  13   14  15   16   17  18
                                     12Z  AVG MX 2MIN
DY MAX MIN AVG DEP HDD CDD  WTR  SNW DPTH SPD SPD DIR MIN PSBL S-S WX    SPD DR
================================================================================

 1  98  78  88   6   0  23 0.00  0.0    0 11.8 22 140   M    M   2        27 150
 2 100  78  89   7   0  24 0.00  0.0    0 10.2 21 140   M    M   2        26 130
 3  99  78  89   8   0  24 0.00  0.0    0  9.3 20 150   M    M   1        27 140
 4  99  78  89   8   0  24 0.00  0.0    0  8.4 18 140   M    M   2        25 140
 5  99  77  88   7   0  23 0.00  0.0    0  6.5 14 130   M    M   1        25 150
 6  97  76  87   7   0  22 0.04  0.0    0  5.7 26 330   M    M   1 3      32 300
 7  91  73  82   2   0  17 0.00  0.0    0  6.1 12  50   M    M   5        14 360
 8  96  73  85   5   0  20    T  0.0    0  5.6 12 140   M    M   3 18     16 150
 9  99  77  88   8   0  23 0.00  0.0    0  8.6 18 150   M    M   1        25 170
10 101  78  90  11   0  25 0.00  0.0    0  9.7 17 150   M    M   0        25 160
11  91  74  83   4   0  18 0.05  0.0    0  8.0 15  40   M    M   6        20 310
12  75  60  68 -10   0   3 0.06  0.0    0 10.6 22 340   M    M  10 18     28 350
13  73  57  65 -13   0   0    T  0.0    0  9.5 16 360   M    M  10 18     22  10
14  84  64  74  -4   0   9 0.00  0.0    0  4.5 10  90   M    M   7 18     13 100
15  88  70  79   2   0  14 0.03  0.0    0  3.5  8  70   M    M   3 18     12 140
16  92  75  84   7   0  19 0.00  0.0    0  4.4 10 140   M    M   3        14  20
17  96  73  85   8   0  20 0.63  0.0    0  3.7 20 140   M    M   2 138    25 140
18  90  72  81   5   0  16 0.00  0.0    0  6.2 17 150   M    M   4 1      22 160
19  91  68  80   4   0  15    T  0.0    0  6.6 16  90   M    M   5 1      20  80
================================================================================
SM 1759 1379         0 339  0.81     0.0 138.9          M       68
================================================================================
AV 92.6 72.6                               7.3 FASTST   M    M   4    MAX(MPH)
                                 MISC ---->  # 26 330               # 32  300
================================================================================
NOTES:
# LAST OF SEVERAL OCCURRENCES

COLUMN 17 PEAK WIND IN M.P.H.

PRELIMINARY LOCAL CLIMATOLOGICAL DATA (WS FORM: F-6) , PAGE 2

                                          STATION:  DALLAS EXECUTIVE
                                          MONTH:    SEPTEMBER
                                          YEAR:     2014
                                          LATITUDE:   32 40 N
                                          LONGITUDE:  96 52 W

[TEMPERATURE DATA]      [PRECIPITATION DATA]       SYMBOLS USED IN COLUMN 16

AVERAGE MONTHLY: 82.6   TOTAL FOR MONTH:   0.81    1 = FOG OR MIST
DPTR FM NORMAL:   3.5   DPTR FM NORMAL:   -1.24    2 = FOG REDUCING VISIBILITY
HIGHEST:   101 ON 10    GRTST 24HR  0.63 ON 17-17      TO 1/4 MILE OR LESS
LOWEST:     57 ON 13                               3 = THUNDER
                        SNOW, ICE PELLETS, HAIL    4 = ICE PELLETS
                        TOTAL MONTH:   0.0 INCH    5 = HAIL
                        GRTST 24HR     0.0         6 = FREEZING RAIN OR DRIZZLE
                        GRTST DEPTH:   0           7 = DUSTSTORM OR SANDSTORM:
                                                       VSBY 1/2 MILE OR LESS
                                                   8 = SMOKE OR HAZE
[NO. OF DAYS WITH]      [WEATHER - DAYS WITH]      9 = BLOWING SNOW
                                                   X = TORNADO
MAX 32 OR BELOW:   0    0.01 INCH OR MORE:   5
MAX 90 OR ABOVE:  15    0.10 INCH OR MORE:   1
MIN 32 OR BELOW:   0    0.50 INCH OR MORE:   1
MIN  0 OR BELOW:   0    1.00 INCH OR MORE:   0

[HDD (BASE 65) ]
TOTAL THIS MO.     0    CLEAR  (SCALE 0-3)  12
DPTR FM NORMAL     0    PTCLDY (SCALE 4-7)   5
TOTAL FM JUL 1     0    CLOUDY (SCALE 8-10)  2
DPTR FM NORMAL     0

[CDD (BASE 65) ]
TOTAL THIS MO.   339
DPTR FM NORMAL    71    [PRESSURE DATA]
TOTAL FM JAN 1  2572    HIGHEST SLP M ON M
DPTR FM NORMAL   269    LOWEST  SLP 29.69 ON 10

[REMARKS]
