000
CXUS56 KSTO 221425
CF6RDD
PRELIMINARY LOCAL CLIMATOLOGICAL DATA (WS FORM: F-6)

                                          STATION:   REDDING AIRPORT CA
                                          MONTH:     SEPTEMBER
                                          YEAR:      2017
                                          LATITUDE:   40 30 N
                                          LONGITUDE: 122 18 W

  TEMPERATURE IN F:       :PCPN:    SNOW:  WIND      :SUNSHINE: SKY     :PK WND
================================================================================
1   2   3   4   5  6A  6B    7    8   9   10  11  12  13   14  15   16   17  18
                                     12Z  AVG MX 2MIN
DY MAX MIN AVG DEP HDD CDD  WTR  SNW DPTH SPD SPD DIR MIN PSBL S-S WX    SPD DR
================================================================================

 1 112  71  92  15   0  27 0.00  0.0    0  5.6 14 360   M    M   1 8      19 350
 2 114  67  91  14   0  26 0.00  0.0    0  3.7  9 310   M    M   2 8      12 190
 3 111  73  92  15   0  27 0.00  0.0    0  2.9 10 120   M    M   4 8      12 340
 4 104  80  92  15   0  27 0.00  0.0    0  6.9 17 190   M    M   5 8      22 190
 5  97  72  85   9   0  20    T  0.0    0  5.8 26 180   M    M   0 8      33 180
 6  97  73  85   9   0  20 0.00  0.0    0  5.0 15 160   M    M   1 8      19 140
 7  81  66  74  -2   0   9 0.61  0.0    0  3.9 13 160   M    M   4 13     15 160
 8  92  63  78   2   0  13 0.00  0.0    0  2.9 13 150   M    M   0 1      15 160
 9  99  65  82   6   0  17 0.00  0.0    0  2.9  9 190   M    M   0        13 190
10 106  66  86  10   0  21 0.00  0.0    0  5.3 13 360   M    M   0        18 360
11 103  81  92  17   0  27 0.00  0.0    0  7.4 16 160   M    M   0        19 230
12 103  78  91  16   0  26 0.00  0.0    0  4.8 22 180   M    M   0        26 180
13  92  69  81   6   0  16 0.00  0.0    0  7.4 17 150   M    M   0        21 170
14  74  63  69  -6   0   4 0.00  0.0    0  5.3 15 190   M    M   5        18 180
15  89  56  73  -1   0   8 0.00  0.0    0  5.8 20  20   M    M   0        26  20
16  87  54  71  -3   0   6 0.00  0.0    0  2.8 10 170   M    M   0        13 190
17  88  54  71  -3   0   6 0.00  0.0    0  4.2 16 160   M    M   1 8      21 160
18  81  63  72  -2   0   7 0.00  0.0    0  7.9 21 180   M    M   4 8      25 180
19  78  49  64 -10   1   0 0.00  0.0    0  4.0 14 240   M    M   2        20 220
20  79  59  69  -4   0   4 0.00  0.0    0  9.4 22 170   M    M   7        27 320
21  75  46  61 -12   4   0 0.00  0.0    0  5.7 16  10   M    M   1        21 360
================================================================================
SM 1962 1368         5 311  0.61     0.0 109.6          M       37
================================================================================
AV 93.4 65.1                               5.2 FASTST   M    M   2    MAX(MPH)
                                 MISC ---->  # 26 180               # 33  180
================================================================================
NOTES:
# LAST OF SEVERAL OCCURRENCES

COLUMN 17 PEAK WIND IN M.P.H.

PRELIMINARY LOCAL CLIMATOLOGICAL DATA (WS FORM: F-6) , PAGE 2

                                          STATION:  REDDING AIRPORT CA
                                          MONTH:    SEPTEMBER
                                          YEAR:     2017
                                          LATITUDE:   40 30 N
                                          LONGITUDE: 122 18 W

[TEMPERATURE DATA]      [PRECIPITATION DATA]       SYMBOLS USED IN COLUMN 16

AVERAGE MONTHLY: 79.3   TOTAL FOR MONTH:   0.61    1 = FOG OR MIST
DPTR FM NORMAL:   4.0   DPTR FM NORMAL:    0.21    2 = FOG REDUCING VISIBILITY
HIGHEST:   114 ON  2    GRTST 24HR  0.61 ON  7- 7      TO 1/4 MILE OR LESS
LOWEST:     46 ON 21                               3 = THUNDER
                        SNOW, ICE PELLETS, HAIL    4 = ICE PELLETS
                        TOTAL MONTH:   0.0 INCH    5 = HAIL
                        GRTST 24HR     0.0         6 = FREEZING RAIN OR DRIZZLE
                        GRTST DEPTH:   0           7 = DUSTSTORM OR SANDSTORM:
                                                       VSBY 1/2 MILE OR LESS
                                                   8 = SMOKE OR HAZE
[NO. OF DAYS WITH]      [WEATHER - DAYS WITH]      9 = BLOWING SNOW
                                                   X = TORNADO
MAX 32 OR BELOW:   0    0.01 INCH OR MORE:   1
MAX 90 OR ABOVE:  12    0.10 INCH OR MORE:   1
MIN 32 OR BELOW:   0    0.50 INCH OR MORE:   1
MIN  0 OR BELOW:   0    1.00 INCH OR MORE:   0

[HDD (BASE 65) ]
TOTAL THIS MO.     5    CLEAR  (SCALE 0-3)  15
DPTR FM NORMAL     5    PTCLDY (SCALE 4-7)   6
TOTAL FM JUL 1     5    CLOUDY (SCALE 8-10)  0
DPTR FM NORMAL     5

[CDD (BASE 65) ]
TOTAL THIS MO.   311
DPTR FM NORMAL    94    [PRESSURE DATA]
TOTAL FM JAN 1  2334    HIGHEST SLP M ON M
DPTR FM NORMAL   622    LOWEST  SLP 29.64 ON 13

[REMARKS]
